{"id":4131,"date":"2021-07-21T16:43:36","date_gmt":"2021-07-21T19:43:36","guid":{"rendered":"https:\/\/fepale.org\/site\/?page_id=4131"},"modified":"2021-07-30T18:20:16","modified_gmt":"2021-07-30T21:20:16","slug":"galeria","status":"publish","type":"page","link":"https:\/\/fepale.org\/site\/galeria\/","title":{"rendered":"Galer\u00eda"},"content":{"rendered":"<style>.wp-block-kadence-advancedheading.kt-adv-heading_3e7880-2b, .wp-block-kadence-advancedheading.kt-adv-heading_3e7880-2b[data-kb-block=\"kb-adv-heading_3e7880-2b\"]{text-align:center;font-style:normal;}.wp-block-kadence-advancedheading.kt-adv-heading_3e7880-2b mark.kt-highlight, .wp-block-kadence-advancedheading.kt-adv-heading_3e7880-2b[data-kb-block=\"kb-adv-heading_3e7880-2b\"] mark.kt-highlight{font-style:normal;color:#f76a0c;-webkit-box-decoration-break:clone;box-decoration-break:clone;padding-top:0px;padding-right:0px;padding-bottom:0px;padding-left:0px;}.wp-block-kadence-advancedheading.kt-adv-heading_3e7880-2b img.kb-inline-image, .wp-block-kadence-advancedheading.kt-adv-heading_3e7880-2b[data-kb-block=\"kb-adv-heading_3e7880-2b\"] img.kb-inline-image{width:150px;vertical-align:baseline;}<\/style>\n<h1 class=\"kt-adv-heading_3e7880-2b wp-block-kadence-advancedheading\" data-kb-block=\"kb-adv-heading_3e7880-2b\">GALER\u00cdA DE IM\u00c1GENES FEPALE<\/h1>\n\n\n\n<section id=\"gm100495f\" class=\"wp-block-gutentor-m2 section-gm100495f gutentor-module gutentor-dynamic-columns has-image-bg has-custom-bg gutentor-equal-column-height\"><div class=\"grid-container\"><div class=\"grid-row\">\n<div id=\"col-gm90c81f\" class=\"wp-block-gutentor-m2-col col-gm90c81f gutentor-module gutentor-dynamic-single-column grid-lg-6 grid-md-4 grid-12\"><div id=\"section-gm90c81f\" class=\"section-gm90c81f gutentor-single-col\"><style>.wp-block-kadence-column.kb-section-dir-horizontal > .kt-inside-inner-col > #kt-info-box_06d0f0-e0 .kt-blocks-info-box-link-wrap{max-width:unset;}#kt-info-box_06d0f0-e0 .kt-blocks-info-box-link-wrap{border-radius:17px;border-top-width:0px;border-right-width:0px;border-bottom-width:0px;border-left-width:0px;padding-top:24px;padding-right:24px;padding-bottom:24px;padding-left:24px;}#kt-info-box_06d0f0-e0 .kt-blocks-info-box-link-wrap:hover{background:#ffffff;}#kt-info-box_06d0f0-e0.wp-block-kadence-infobox{max-width:100%;}#kt-info-box_06d0f0-e0 .kadence-info-box-image-inner-intrisic-container{max-width:461px;}#kt-info-box_06d0f0-e0 .kadence-info-box-image-inner-intrisic-container .kadence-info-box-image-intrisic{padding-bottom:66.6667%;width:1152px;height:0px;max-width:100%;}#kt-info-box_06d0f0-e0 .kadence-info-box-icon-container .kt-info-svg-icon, #kt-info-box_06d0f0-e0 .kt-info-svg-icon-flip, #kt-info-box_06d0f0-e0 .kt-blocks-info-box-number{font-size:50px;}#kt-info-box_06d0f0-e0 .kt-blocks-info-box-media{color:#444444;background:#eeeeee;border-radius:17px;overflow:hidden;border-top-width:0px;border-right-width:0px;border-bottom-width:0px;border-left-width:0px;padding-top:20px;padding-right:20px;padding-bottom:20px;padding-left:20px;}#kt-info-box_06d0f0-e0 .kt-blocks-info-box-media-container{margin-top:0px;margin-right:0px;margin-bottom:16px;margin-left:0px;}#kt-info-box_06d0f0-e0 .kt-blocks-info-box-media .kadence-info-box-image-intrisic img{border-radius:17px;}#kt-info-box_06d0f0-e0 .kt-blocks-info-box-link-wrap:hover .kt-blocks-info-box-media{color:#444444;background:#4a8249;}#kt-info-box_06d0f0-e0 .kt-infobox-textcontent h2.kt-blocks-info-box-title{line-height:5px;padding-top:0px;padding-right:0px;padding-bottom:0px;padding-left:0px;margin-top:5px;margin-right:0px;margin-bottom:10px;margin-left:0px;}#kt-info-box_06d0f0-e0 .kt-blocks-info-box-learnmore{background:transparent;border-width:0px 0px 0px 0px;padding-top:4px;padding-right:8px;padding-bottom:4px;padding-left:8px;margin-top:10px;margin-right:0px;margin-bottom:10px;margin-left:0px;}<\/style>\n<div id=\"kt-info-box_06d0f0-e0\" class=\"wp-block-kadence-infobox\"><a class=\"kt-blocks-info-box-link-wrap info-box-link kt-blocks-info-box-media-align-top kt-info-halign-center\" href=\"https:\/\/fepale.org\/site\/galeria-congresos\"><div class=\"kt-blocks-info-box-media-container\"><div class=\"kt-blocks-info-box-media kt-info-media-animate-none\"><div class=\"kadence-info-box-image-inner-intrisic-container\"><div class=\"kadence-info-box-image-intrisic kt-info-animate-none\"><div class=\"kadence-info-box-image-inner-intrisic\"><img loading=\"lazy\" decoding=\"async\" src=\"https:\/\/fepale.org\/site\/wp-content\/uploads\/2021\/07\/galeria00.jpg\" alt=\"\" width=\"1152\" height=\"768\" class=\"kt-info-box-image wp-image-4148\" srcset=\"https:\/\/fepale.org\/site\/wp-content\/uploads\/2021\/07\/galeria00.jpg 1152w, https:\/\/fepale.org\/site\/wp-content\/uploads\/2021\/07\/galeria00-300x200.jpg 300w, https:\/\/fepale.org\/site\/wp-content\/uploads\/2021\/07\/galeria00-1024x683.jpg 1024w, https:\/\/fepale.org\/site\/wp-content\/uploads\/2021\/07\/galeria00-768x512.jpg 768w, https:\/\/fepale.org\/site\/wp-content\/uploads\/2021\/07\/galeria00-370x247.jpg 370w, https:\/\/fepale.org\/site\/wp-content\/uploads\/2021\/07\/galeria00-270x180.jpg 270w, https:\/\/fepale.org\/site\/wp-content\/uploads\/2021\/07\/galeria00-570x380.jpg 570w, https:\/\/fepale.org\/site\/wp-content\/uploads\/2021\/07\/galeria00-740x493.jpg 740w\" sizes=\"auto, (max-width: 1152px) 100vw, 1152px\" \/><\/div><\/div><\/div><\/div><\/div><div class=\"kt-infobox-textcontent\"><h2 class=\"kt-blocks-info-box-title\">Congresos<\/h2><p class=\"kt-blocks-info-box-text\"><\/p><\/div><\/a><\/div>\n\n\n\n<section id=\"section-fe248521-33c5-42d3-882c-cf06c12dcecd\" class=\"wp-block-gutentor-divider section-fe248521-33c5-42d3-882c-cf06c12dcecd gutentor-element gutentor-section gutentor-divider text-center\"><div class=\"grid-container\"><div class=\"gutentor-divider-box\"><span><svg xmlns=\"http:\/\/www.w3.org\/2000\/svg\" viewBox=\"0 0 240 40\" preserveAspectRatio=\"none\"><path d=\"M119.8 23.3c-.4.2-.9 0-1.1-.4l-4.5-10.4c-.2-.4 0-.9.4-1.1.4-.2.9 0 1.1.4l4.5 10.4c.2.4 0 .9-.4 1.1z\"><\/path><path d=\"M69.3 17.7c0-.5.4-.9.9-.9h46.9c.5 0 .9.4.9.9s-.4.9-.9.9H70.2c-.5-.1-.9-.5-.9-.9zM119.7 11.3c.4-.2.9 0 1.1.4l4.5 10.4c.2.4 0 .9-.4 1.1-.4.2-.9 0-1.1-.4l-4.5-10.4c-.2-.4 0-.9.4-1.1z\"><\/path><path d=\"M170.2 17c0 .5-.4.9-.9.9h-46.9c-.5 0-.9-.4-.9-.9s.4-.9.9-.9h46.9c.5 0 .9.4.9.9z\"><\/path><\/svg><\/span><\/div><\/div><\/section>\n\n\n<style>.wp-block-kadence-column.kb-section-dir-horizontal > .kt-inside-inner-col > #kt-info-box_a51676-7a .kt-blocks-info-box-link-wrap{max-width:unset;}#kt-info-box_a51676-7a .kt-blocks-info-box-link-wrap{border-radius:17px;border-top-width:0px;border-right-width:0px;border-bottom-width:0px;border-left-width:0px;padding-top:24px;padding-right:24px;padding-bottom:24px;padding-left:24px;}#kt-info-box_a51676-7a .kt-blocks-info-box-link-wrap:hover{background:#ffffff;}#kt-info-box_a51676-7a.wp-block-kadence-infobox{max-width:100%;}#kt-info-box_a51676-7a .kadence-info-box-image-inner-intrisic-container{max-width:461px;}#kt-info-box_a51676-7a .kadence-info-box-image-inner-intrisic-container .kadence-info-box-image-intrisic{padding-bottom:66.6667%;width:1152px;height:0px;max-width:100%;}#kt-info-box_a51676-7a .kadence-info-box-icon-container .kt-info-svg-icon, #kt-info-box_a51676-7a .kt-info-svg-icon-flip, #kt-info-box_a51676-7a .kt-blocks-info-box-number{font-size:50px;}#kt-info-box_a51676-7a .kt-blocks-info-box-media{color:#444444;background:#eeeeee;border-radius:17px;overflow:hidden;border-top-width:0px;border-right-width:0px;border-bottom-width:0px;border-left-width:0px;padding-top:20px;padding-right:20px;padding-bottom:20px;padding-left:20px;}#kt-info-box_a51676-7a .kt-blocks-info-box-media-container{margin-top:0px;margin-right:0px;margin-bottom:16px;margin-left:0px;}#kt-info-box_a51676-7a .kt-blocks-info-box-media .kadence-info-box-image-intrisic img{border-radius:17px;}#kt-info-box_a51676-7a .kt-blocks-info-box-link-wrap:hover .kt-blocks-info-box-media{color:#444444;background:#4a8249;}#kt-info-box_a51676-7a .kt-infobox-textcontent h2.kt-blocks-info-box-title{line-height:5px;padding-top:0px;padding-right:0px;padding-bottom:0px;padding-left:0px;margin-top:5px;margin-right:0px;margin-bottom:10px;margin-left:0px;}#kt-info-box_a51676-7a .kt-blocks-info-box-learnmore{background:transparent;border-width:0px 0px 0px 0px;padding-top:4px;padding-right:8px;padding-bottom:4px;padding-left:8px;margin-top:10px;margin-right:0px;margin-bottom:10px;margin-left:0px;}<\/style>\n<div id=\"kt-info-box_a51676-7a\" class=\"wp-block-kadence-infobox\"><a class=\"kt-blocks-info-box-link-wrap info-box-link kt-blocks-info-box-media-align-top kt-info-halign-center\" href=\"https:\/\/fepale.org\/site\/galeria-eventos\"><div class=\"kt-blocks-info-box-media-container\"><div class=\"kt-blocks-info-box-media kt-info-media-animate-none\"><div class=\"kadence-info-box-image-inner-intrisic-container\"><div class=\"kadence-info-box-image-intrisic kt-info-animate-none\"><div class=\"kadence-info-box-image-inner-intrisic\"><img loading=\"lazy\" decoding=\"async\" src=\"https:\/\/fepale.org\/site\/wp-content\/uploads\/2021\/07\/galeria03.jpg\" alt=\"\" width=\"1152\" height=\"768\" class=\"kt-info-box-image wp-image-4154\" srcset=\"https:\/\/fepale.org\/site\/wp-content\/uploads\/2021\/07\/galeria03.jpg 1152w, https:\/\/fepale.org\/site\/wp-content\/uploads\/2021\/07\/galeria03-300x200.jpg 300w, https:\/\/fepale.org\/site\/wp-content\/uploads\/2021\/07\/galeria03-1024x683.jpg 1024w, https:\/\/fepale.org\/site\/wp-content\/uploads\/2021\/07\/galeria03-768x512.jpg 768w, https:\/\/fepale.org\/site\/wp-content\/uploads\/2021\/07\/galeria03-370x247.jpg 370w, https:\/\/fepale.org\/site\/wp-content\/uploads\/2021\/07\/galeria03-270x180.jpg 270w, https:\/\/fepale.org\/site\/wp-content\/uploads\/2021\/07\/galeria03-570x380.jpg 570w, https:\/\/fepale.org\/site\/wp-content\/uploads\/2021\/07\/galeria03-740x493.jpg 740w\" sizes=\"auto, (max-width: 1152px) 100vw, 1152px\" \/><\/div><\/div><\/div><\/div><\/div><div class=\"kt-infobox-textcontent\"><h2 class=\"kt-blocks-info-box-title\">Eventos<\/h2><p class=\"kt-blocks-info-box-text\"><\/p><\/div><\/a><\/div>\n<\/div><\/div>\n\n\n\n<div id=\"col-gm1f2937\" class=\"wp-block-gutentor-m2-col col-gm1f2937 gutentor-module gutentor-dynamic-single-column grid-lg-6 grid-md-4 grid-12\"><div id=\"section-gm1f2937\" class=\"section-gm1f2937 gutentor-single-col\"><style>.wp-block-kadence-column.kb-section-dir-horizontal > .kt-inside-inner-col > #kt-info-box_f0676c-73 .kt-blocks-info-box-link-wrap{max-width:unset;}#kt-info-box_f0676c-73 .kt-blocks-info-box-link-wrap{border-radius:17px;border-top-width:0px;border-right-width:0px;border-bottom-width:0px;border-left-width:0px;padding-top:24px;padding-right:24px;padding-bottom:24px;padding-left:24px;}#kt-info-box_f0676c-73 .kt-blocks-info-box-link-wrap:hover{background:#ffffff;}#kt-info-box_f0676c-73.wp-block-kadence-infobox{max-width:100%;}#kt-info-box_f0676c-73 .kadence-info-box-image-inner-intrisic-container{max-width:461px;}#kt-info-box_f0676c-73 .kadence-info-box-image-inner-intrisic-container .kadence-info-box-image-intrisic{padding-bottom:66.6667%;width:1152px;height:0px;max-width:100%;}#kt-info-box_f0676c-73 .kadence-info-box-icon-container .kt-info-svg-icon, #kt-info-box_f0676c-73 .kt-info-svg-icon-flip, #kt-info-box_f0676c-73 .kt-blocks-info-box-number{font-size:50px;}#kt-info-box_f0676c-73 .kt-blocks-info-box-media{color:#444444;background:#eeeeee;border-radius:17px;overflow:hidden;border-top-width:0px;border-right-width:0px;border-bottom-width:0px;border-left-width:0px;padding-top:20px;padding-right:20px;padding-bottom:20px;padding-left:20px;}#kt-info-box_f0676c-73 .kt-blocks-info-box-media-container{margin-top:0px;margin-right:0px;margin-bottom:16px;margin-left:0px;}#kt-info-box_f0676c-73 .kt-blocks-info-box-media .kadence-info-box-image-intrisic img{border-radius:17px;}#kt-info-box_f0676c-73 .kt-blocks-info-box-link-wrap:hover .kt-blocks-info-box-media{color:#444444;background:#4a8249;}#kt-info-box_f0676c-73 .kt-infobox-textcontent h2.kt-blocks-info-box-title{line-height:5px;padding-top:0px;padding-right:0px;padding-bottom:0px;padding-left:0px;margin-top:5px;margin-right:0px;margin-bottom:10px;margin-left:0px;}#kt-info-box_f0676c-73 .kt-blocks-info-box-learnmore{background:transparent;border-width:0px 0px 0px 0px;padding-top:4px;padding-right:8px;padding-bottom:4px;padding-left:8px;margin-top:10px;margin-right:0px;margin-bottom:10px;margin-left:0px;}<\/style>\n<div id=\"kt-info-box_f0676c-73\" class=\"wp-block-kadence-infobox\"><a class=\"kt-blocks-info-box-link-wrap info-box-link kt-blocks-info-box-media-align-top kt-info-halign-center\" href=\"https:\/\/fepale.org\/site\/galeria-encuentros-jovenes\"><div class=\"kt-blocks-info-box-media-container\"><div class=\"kt-blocks-info-box-media kt-info-media-animate-none\"><div class=\"kadence-info-box-image-inner-intrisic-container\"><div class=\"kadence-info-box-image-intrisic kt-info-animate-none\"><div class=\"kadence-info-box-image-inner-intrisic\"><img loading=\"lazy\" decoding=\"async\" src=\"https:\/\/fepale.org\/site\/wp-content\/uploads\/2021\/07\/galeria02.jpg\" alt=\"\" width=\"1152\" height=\"768\" class=\"kt-info-box-image wp-image-4151\" srcset=\"https:\/\/fepale.org\/site\/wp-content\/uploads\/2021\/07\/galeria02.jpg 1152w, https:\/\/fepale.org\/site\/wp-content\/uploads\/2021\/07\/galeria02-300x200.jpg 300w, https:\/\/fepale.org\/site\/wp-content\/uploads\/2021\/07\/galeria02-1024x683.jpg 1024w, https:\/\/fepale.org\/site\/wp-content\/uploads\/2021\/07\/galeria02-768x512.jpg 768w, https:\/\/fepale.org\/site\/wp-content\/uploads\/2021\/07\/galeria02-370x247.jpg 370w, https:\/\/fepale.org\/site\/wp-content\/uploads\/2021\/07\/galeria02-270x180.jpg 270w, https:\/\/fepale.org\/site\/wp-content\/uploads\/2021\/07\/galeria02-570x380.jpg 570w, https:\/\/fepale.org\/site\/wp-content\/uploads\/2021\/07\/galeria02-740x493.jpg 740w\" sizes=\"auto, (max-width: 1152px) 100vw, 1152px\" \/><\/div><\/div><\/div><\/div><\/div><div class=\"kt-infobox-textcontent\"><h2 class=\"kt-blocks-info-box-title\">Encuentros de J\u00f3venes<\/h2><p class=\"kt-blocks-info-box-text\"><\/p><\/div><\/a><\/div>\n\n\n\n<section id=\"section-d45444ea-6836-4870-984b-9cfcb96809f4\" class=\"wp-block-gutentor-divider section-d45444ea-6836-4870-984b-9cfcb96809f4 gutentor-element gutentor-section gutentor-divider text-center\"><div class=\"grid-container\"><div class=\"gutentor-divider-box\"><span><svg xmlns=\"http:\/\/www.w3.org\/2000\/svg\" viewBox=\"0 0 240 40\" preserveAspectRatio=\"none\"><path d=\"M119.8 23.3c-.4.2-.9 0-1.1-.4l-4.5-10.4c-.2-.4 0-.9.4-1.1.4-.2.9 0 1.1.4l4.5 10.4c.2.4 0 .9-.4 1.1z\"><\/path><path d=\"M69.3 17.7c0-.5.4-.9.9-.9h46.9c.5 0 .9.4.9.9s-.4.9-.9.9H70.2c-.5-.1-.9-.5-.9-.9zM119.7 11.3c.4-.2.9 0 1.1.4l4.5 10.4c.2.4 0 .9-.4 1.1-.4.2-.9 0-1.1-.4l-4.5-10.4c-.2-.4 0-.9.4-1.1z\"><\/path><path d=\"M170.2 17c0 .5-.4.9-.9.9h-46.9c-.5 0-.9-.4-.9-.9s.4-.9.9-.9h46.9c.5 0 .9.4.9.9z\"><\/path><\/svg><\/span><\/div><\/div><\/section>\n\n\n<style>.wp-block-kadence-column.kb-section-dir-horizontal > .kt-inside-inner-col > #kt-info-box_870e09-17 .kt-blocks-info-box-link-wrap{max-width:unset;}#kt-info-box_870e09-17 .kt-blocks-info-box-link-wrap{border-radius:17px;border-top-width:0px;border-right-width:0px;border-bottom-width:0px;border-left-width:0px;padding-top:24px;padding-right:24px;padding-bottom:24px;padding-left:24px;}#kt-info-box_870e09-17 .kt-blocks-info-box-link-wrap:hover{background:#ffffff;}#kt-info-box_870e09-17.wp-block-kadence-infobox{max-width:100%;}#kt-info-box_870e09-17 .kadence-info-box-image-inner-intrisic-container{max-width:461px;}#kt-info-box_870e09-17 .kadence-info-box-image-inner-intrisic-container .kadence-info-box-image-intrisic{padding-bottom:66.6667%;width:1152px;height:0px;max-width:100%;}#kt-info-box_870e09-17 .kadence-info-box-icon-container .kt-info-svg-icon, #kt-info-box_870e09-17 .kt-info-svg-icon-flip, #kt-info-box_870e09-17 .kt-blocks-info-box-number{font-size:50px;}#kt-info-box_870e09-17 .kt-blocks-info-box-media{color:#444444;background:#eeeeee;border-radius:17px;overflow:hidden;border-top-width:0px;border-right-width:0px;border-bottom-width:0px;border-left-width:0px;padding-top:20px;padding-right:20px;padding-bottom:20px;padding-left:20px;}#kt-info-box_870e09-17 .kt-blocks-info-box-media-container{margin-top:0px;margin-right:0px;margin-bottom:16px;margin-left:0px;}#kt-info-box_870e09-17 .kt-blocks-info-box-media .kadence-info-box-image-intrisic img{border-radius:17px;}#kt-info-box_870e09-17 .kt-blocks-info-box-link-wrap:hover .kt-blocks-info-box-media{color:#444444;background:#4a8249;}#kt-info-box_870e09-17 .kt-infobox-textcontent h2.kt-blocks-info-box-title{line-height:5px;padding-top:0px;padding-right:0px;padding-bottom:0px;padding-left:0px;margin-top:5px;margin-right:0px;margin-bottom:10px;margin-left:0px;}#kt-info-box_870e09-17 .kt-blocks-info-box-learnmore{background:transparent;border-width:0px 0px 0px 0px;padding-top:4px;padding-right:8px;padding-bottom:4px;padding-left:8px;margin-top:10px;margin-right:0px;margin-bottom:10px;margin-left:0px;}<\/style>\n<div id=\"kt-info-box_870e09-17\" class=\"wp-block-kadence-infobox\"><a class=\"kt-blocks-info-box-link-wrap info-box-link kt-blocks-info-box-media-align-top kt-info-halign-center\" href=\"https:\/\/fepale.org\/site\/galeria-asambleas\/\"><div class=\"kt-blocks-info-box-media-container\"><div class=\"kt-blocks-info-box-media kt-info-media-animate-none\"><div class=\"kadence-info-box-image-inner-intrisic-container\"><div class=\"kadence-info-box-image-intrisic kt-info-animate-none\"><div class=\"kadence-info-box-image-inner-intrisic\"><img loading=\"lazy\" decoding=\"async\" src=\"https:\/\/fepale.org\/site\/wp-content\/uploads\/2021\/07\/galeria05.jpg\" alt=\"\" width=\"1152\" height=\"768\" class=\"kt-info-box-image wp-image-4175\" srcset=\"https:\/\/fepale.org\/site\/wp-content\/uploads\/2021\/07\/galeria05.jpg 1152w, https:\/\/fepale.org\/site\/wp-content\/uploads\/2021\/07\/galeria05-300x200.jpg 300w, https:\/\/fepale.org\/site\/wp-content\/uploads\/2021\/07\/galeria05-1024x683.jpg 1024w, https:\/\/fepale.org\/site\/wp-content\/uploads\/2021\/07\/galeria05-768x512.jpg 768w, https:\/\/fepale.org\/site\/wp-content\/uploads\/2021\/07\/galeria05-370x247.jpg 370w, https:\/\/fepale.org\/site\/wp-content\/uploads\/2021\/07\/galeria05-270x180.jpg 270w, https:\/\/fepale.org\/site\/wp-content\/uploads\/2021\/07\/galeria05-570x380.jpg 570w, https:\/\/fepale.org\/site\/wp-content\/uploads\/2021\/07\/galeria05-740x493.jpg 740w\" sizes=\"auto, (max-width: 1152px) 100vw, 1152px\" \/><\/div><\/div><\/div><\/div><\/div><div class=\"kt-infobox-textcontent\"><h2 class=\"kt-blocks-info-box-title\">Asambleas<\/h2><p class=\"kt-blocks-info-box-text\"><\/p><\/div><\/a><\/div>\n<\/div><\/div>\n<\/div><\/div><\/section>\n","protected":false},"excerpt":{"rendered":"<p>GALER\u00cdA DE IM\u00c1GENES FEPALE<\/p>\n","protected":false},"author":1,"featured_media":3959,"parent":0,"menu_order":0,"comment_status":"closed","ping_status":"closed","template":"","meta":{"qubely_global_settings":"","qubely_interactions":"","_uag_custom_page_level_css":"","kk_blocks_editor_width":"","_kiokenblocks_attr":"","_kiokenblocks_dimensions":"","footnotes":""},"class_list":["post-4131","page","type-page","status-publish","has-post-thumbnail","hentry"],"featured_image_urls_v2":{"full":["https:\/\/fepale.org\/site\/wp-content\/uploads\/2021\/04\/35CD_044.jpg",1152,768,false],"thumbnail":["https:\/\/fepale.org\/site\/wp-content\/uploads\/2021\/04\/35CD_044-150x150.jpg",150,150,true],"medium":["https:\/\/fepale.org\/site\/wp-content\/uploads\/2021\/04\/35CD_044-300x200.jpg",300,200,true],"medium_large":["https:\/\/fepale.org\/site\/wp-content\/uploads\/2021\/04\/35CD_044-768x512.jpg",768,512,true],"large":["https:\/\/fepale.org\/site\/wp-content\/uploads\/2021\/04\/35CD_044-1024x683.jpg",770,514,true],"1536x1536":["https:\/\/fepale.org\/site\/wp-content\/uploads\/2021\/04\/35CD_044.jpg",1152,768,false],"2048x2048":["https:\/\/fepale.org\/site\/wp-content\/uploads\/2021\/04\/35CD_044.jpg",1152,768,false],"qubely_landscape":["https:\/\/fepale.org\/site\/wp-content\/uploads\/2021\/04\/35CD_044-1152x750.jpg",1152,750,true],"qubely_portrait":["https:\/\/fepale.org\/site\/wp-content\/uploads\/2021\/04\/35CD_044-540x320.jpg",540,320,true],"qubely_thumbnail":["https:\/\/fepale.org\/site\/wp-content\/uploads\/2021\/04\/35CD_044-140x100.jpg",140,100,true],"gridlove-a4":["https:\/\/fepale.org\/site\/wp-content\/uploads\/2021\/04\/35CD_044-370x150.jpg",370,150,true],"gridlove-a4-orig":["https:\/\/fepale.org\/site\/wp-content\/uploads\/2021\/04\/35CD_044-370x247.jpg",370,247,true],"gridlove-a3-orig":["https:\/\/fepale.org\/site\/wp-content\/uploads\/2021\/04\/35CD_044-270x180.jpg",270,180,true],"gridlove-b6":["https:\/\/fepale.org\/site\/wp-content\/uploads\/2021\/04\/35CD_044-285x300.jpg",285,300,true],"gridlove-b7":["https:\/\/fepale.org\/site\/wp-content\/uploads\/2021\/04\/35CD_044-335x300.jpg",335,300,true],"gridlove-b8":["https:\/\/fepale.org\/site\/wp-content\/uploads\/2021\/04\/35CD_044-385x300.jpg",385,300,true],"gridlove-b9":["https:\/\/fepale.org\/site\/wp-content\/uploads\/2021\/04\/35CD_044-435x300.jpg",435,300,true],"gridlove-b12":["https:\/\/fepale.org\/site\/wp-content\/uploads\/2021\/04\/35CD_044-585x300.jpg",585,300,true],"gridlove-d3":["https:\/\/fepale.org\/site\/wp-content\/uploads\/2021\/04\/35CD_044-270x300.jpg",270,300,true],"gridlove-d3-orig":["https:\/\/fepale.org\/site\/wp-content\/uploads\/2021\/04\/35CD_044-270x180.jpg",270,180,true],"gridlove-d4":["https:\/\/fepale.org\/site\/wp-content\/uploads\/2021\/04\/35CD_044-370x300.jpg",370,300,true],"gridlove-d4-orig":["https:\/\/fepale.org\/site\/wp-content\/uploads\/2021\/04\/35CD_044-370x247.jpg",370,247,true],"gridlove-d5":["https:\/\/fepale.org\/site\/wp-content\/uploads\/2021\/04\/35CD_044-470x300.jpg",470,300,true],"gridlove-d6":["https:\/\/fepale.org\/site\/wp-content\/uploads\/2021\/04\/35CD_044-570x300.jpg",570,300,true],"gridlove-d6-orig":["https:\/\/fepale.org\/site\/wp-content\/uploads\/2021\/04\/35CD_044-570x380.jpg",570,380,true],"gridlove-cover":["https:\/\/fepale.org\/site\/wp-content\/uploads\/2021\/04\/35CD_044-1152x400.jpg",1152,400,true],"gridlove-single":["https:\/\/fepale.org\/site\/wp-content\/uploads\/2021\/04\/35CD_044-740x493.jpg",740,493,true],"gridlove-thumbnail":["https:\/\/fepale.org\/site\/wp-content\/uploads\/2021\/04\/35CD_044-80x60.jpg",80,60,true]},"post_excerpt_stackable_v2":"<p>GALER\u00cdA DE IM\u00c1GENES FEPALE Congresos Eventos Encuentros de J\u00f3venes Asambleas<\/p>\n","category_list_v2":"","author_info_v2":{"name":"PabloQ","url":"https:\/\/fepale.org\/site\/author\/pabloq\/"},"comments_num_v2":"0 comentarios","uagb_featured_image_src":{"full":["https:\/\/fepale.org\/site\/wp-content\/uploads\/2021\/04\/35CD_044.jpg",1152,768,false],"thumbnail":["https:\/\/fepale.org\/site\/wp-content\/uploads\/2021\/04\/35CD_044-150x150.jpg",150,150,true],"medium":["https:\/\/fepale.org\/site\/wp-content\/uploads\/2021\/04\/35CD_044-300x200.jpg",300,200,true],"medium_large":["https:\/\/fepale.org\/site\/wp-content\/uploads\/2021\/04\/35CD_044-768x512.jpg",768,512,true],"large":["https:\/\/fepale.org\/site\/wp-content\/uploads\/2021\/04\/35CD_044-1024x683.jpg",770,514,true],"1536x1536":["https:\/\/fepale.org\/site\/wp-content\/uploads\/2021\/04\/35CD_044.jpg",1152,768,false],"2048x2048":["https:\/\/fepale.org\/site\/wp-content\/uploads\/2021\/04\/35CD_044.jpg",1152,768,false],"qubely_landscape":["https:\/\/fepale.org\/site\/wp-content\/uploads\/2021\/04\/35CD_044-1152x750.jpg",1152,750,true],"qubely_portrait":["https:\/\/fepale.org\/site\/wp-content\/uploads\/2021\/04\/35CD_044-540x320.jpg",540,320,true],"qubely_thumbnail":["https:\/\/fepale.org\/site\/wp-content\/uploads\/2021\/04\/35CD_044-140x100.jpg",140,100,true],"gridlove-a4":["https:\/\/fepale.org\/site\/wp-content\/uploads\/2021\/04\/35CD_044-370x150.jpg",370,150,true],"gridlove-a4-orig":["https:\/\/fepale.org\/site\/wp-content\/uploads\/2021\/04\/35CD_044-370x247.jpg",370,247,true],"gridlove-a3-orig":["https:\/\/fepale.org\/site\/wp-content\/uploads\/2021\/04\/35CD_044-270x180.jpg",270,180,true],"gridlove-b6":["https:\/\/fepale.org\/site\/wp-content\/uploads\/2021\/04\/35CD_044-285x300.jpg",285,300,true],"gridlove-b7":["https:\/\/fepale.org\/site\/wp-content\/uploads\/2021\/04\/35CD_044-335x300.jpg",335,300,true],"gridlove-b8":["https:\/\/fepale.org\/site\/wp-content\/uploads\/2021\/04\/35CD_044-385x300.jpg",385,300,true],"gridlove-b9":["https:\/\/fepale.org\/site\/wp-content\/uploads\/2021\/04\/35CD_044-435x300.jpg",435,300,true],"gridlove-b12":["https:\/\/fepale.org\/site\/wp-content\/uploads\/2021\/04\/35CD_044-585x300.jpg",585,300,true],"gridlove-d3":["https:\/\/fepale.org\/site\/wp-content\/uploads\/2021\/04\/35CD_044-270x300.jpg",270,300,true],"gridlove-d3-orig":["https:\/\/fepale.org\/site\/wp-content\/uploads\/2021\/04\/35CD_044-270x180.jpg",270,180,true],"gridlove-d4":["https:\/\/fepale.org\/site\/wp-content\/uploads\/2021\/04\/35CD_044-370x300.jpg",370,300,true],"gridlove-d4-orig":["https:\/\/fepale.org\/site\/wp-content\/uploads\/2021\/04\/35CD_044-370x247.jpg",370,247,true],"gridlove-d5":["https:\/\/fepale.org\/site\/wp-content\/uploads\/2021\/04\/35CD_044-470x300.jpg",470,300,true],"gridlove-d6":["https:\/\/fepale.org\/site\/wp-content\/uploads\/2021\/04\/35CD_044-570x300.jpg",570,300,true],"gridlove-d6-orig":["https:\/\/fepale.org\/site\/wp-content\/uploads\/2021\/04\/35CD_044-570x380.jpg",570,380,true],"gridlove-cover":["https:\/\/fepale.org\/site\/wp-content\/uploads\/2021\/04\/35CD_044-1152x400.jpg",1152,400,true],"gridlove-single":["https:\/\/fepale.org\/site\/wp-content\/uploads\/2021\/04\/35CD_044-740x493.jpg",740,493,true],"gridlove-thumbnail":["https:\/\/fepale.org\/site\/wp-content\/uploads\/2021\/04\/35CD_044-80x60.jpg",80,60,true]},"uagb_author_info":{"display_name":"PabloQ","author_link":"https:\/\/fepale.org\/site\/author\/pabloq\/"},"uagb_comment_info":0,"uagb_excerpt":"GALER\u00cdA DE IM\u00c1GENES FEPALE","_links":{"self":[{"href":"https:\/\/fepale.org\/site\/wp-json\/wp\/v2\/pages\/4131","targetHints":{"allow":["GET"]}}],"collection":[{"href":"https:\/\/fepale.org\/site\/wp-json\/wp\/v2\/pages"}],"about":[{"href":"https:\/\/fepale.org\/site\/wp-json\/wp\/v2\/types\/page"}],"author":[{"embeddable":true,"href":"https:\/\/fepale.org\/site\/wp-json\/wp\/v2\/users\/1"}],"replies":[{"embeddable":true,"href":"https:\/\/fepale.org\/site\/wp-json\/wp\/v2\/comments?post=4131"}],"version-history":[{"count":1,"href":"https:\/\/fepale.org\/site\/wp-json\/wp\/v2\/pages\/4131\/revisions"}],"predecessor-version":[{"id":7648,"href":"https:\/\/fepale.org\/site\/wp-json\/wp\/v2\/pages\/4131\/revisions\/7648"}],"wp:featuredmedia":[{"embeddable":true,"href":"https:\/\/fepale.org\/site\/wp-json\/wp\/v2\/media\/3959"}],"wp:attachment":[{"href":"https:\/\/fepale.org\/site\/wp-json\/wp\/v2\/media?parent=4131"}],"curies":[{"name":"wp","href":"https:\/\/api.w.org\/{rel}","templated":true}]}}