{"id":1517,"date":"2021-03-12T14:39:58","date_gmt":"2021-03-12T17:39:58","guid":{"rendered":"https:\/\/fepale.org\/site\/?page_id=1517"},"modified":"2021-04-26T12:11:39","modified_gmt":"2021-04-26T15:11:39","slug":"quienes-somos","status":"publish","type":"page","link":"https:\/\/fepale.org\/site\/quienes-somos\/","title":{"rendered":"Quienes Somos"},"content":{"rendered":"<style>.wp-block-kadence-advancedheading.kt-adv-heading_af5437-a0, .wp-block-kadence-advancedheading.kt-adv-heading_af5437-a0[data-kb-block=\"kb-adv-heading_af5437-a0\"]{text-align:center;font-size:55px;line-height:63px;font-style:normal;}.wp-block-kadence-advancedheading.kt-adv-heading_af5437-a0 mark.kt-highlight, .wp-block-kadence-advancedheading.kt-adv-heading_af5437-a0[data-kb-block=\"kb-adv-heading_af5437-a0\"] mark.kt-highlight{font-style:normal;color:#f76a0c;-webkit-box-decoration-break:clone;box-decoration-break:clone;padding-top:0px;padding-right:0px;padding-bottom:0px;padding-left:0px;}.wp-block-kadence-advancedheading.kt-adv-heading_af5437-a0 img.kb-inline-image, .wp-block-kadence-advancedheading.kt-adv-heading_af5437-a0[data-kb-block=\"kb-adv-heading_af5437-a0\"] img.kb-inline-image{width:150px;vertical-align:baseline;}<\/style>\n<h1 class=\"kt-adv-heading_af5437-a0 wp-block-kadence-advancedheading\" data-kb-block=\"kb-adv-heading_af5437-a0\">Federaci\u00f3n Panamericana de Lecher\u00eda<\/h1>\n\n\n\n<div id=\"section-g8dac96\" class=\"wp-block-gutentor-e6 section-g8dac96 gutentor-element gutentor-element-image text-align-center-desktop\"><div class=\"gutentor-element-image-box\"><div class=\"gutentor-image-thumb\"><img decoding=\"async\" class=\"normal-image\" src=\"https:\/\/fepale.org\/site\/wp-content\/uploads\/2021\/03\/212154.jpg\"\/><\/div><\/div><\/div>\n\n\n<style>.wp-block-kadence-advancedheading.kt-adv-heading_4bb3cc-36, .wp-block-kadence-advancedheading.kt-adv-heading_4bb3cc-36[data-kb-block=\"kb-adv-heading_4bb3cc-36\"]{text-align:center;font-style:normal;}.wp-block-kadence-advancedheading.kt-adv-heading_4bb3cc-36 mark.kt-highlight, .wp-block-kadence-advancedheading.kt-adv-heading_4bb3cc-36[data-kb-block=\"kb-adv-heading_4bb3cc-36\"] mark.kt-highlight{font-style:normal;color:#f76a0c;-webkit-box-decoration-break:clone;box-decoration-break:clone;padding-top:0px;padding-right:0px;padding-bottom:0px;padding-left:0px;}.wp-block-kadence-advancedheading.kt-adv-heading_4bb3cc-36 img.kb-inline-image, .wp-block-kadence-advancedheading.kt-adv-heading_4bb3cc-36[data-kb-block=\"kb-adv-heading_4bb3cc-36\"] img.kb-inline-image{width:150px;vertical-align:baseline;}<\/style>\n<h1 class=\"kt-adv-heading_4bb3cc-36 wp-block-kadence-advancedheading\" data-kb-block=\"kb-adv-heading_4bb3cc-36\"><strong>La organizaci\u00f3n l\u00e1ctea de las Am\u00e9ricas<\/strong><\/h1>\n\n\n\n<div class=\"wp-block-kioken-rowlayout alignnone bust-out-none\"><div id=\"kt-layout-id_637bc5-3a\" class=\"kio-row-layout-inner  kt-layout-id_637bc5-3a\"><div class=\"kt-row-column-wrap kt-has-2-columns kt-gutter-default kt-row-valign-top kio-row-layout-left-golden kt-tab-layout-inherit kt-m-colapse-left-to-right kt-mobile-layout-row kt-custom-first-width-65\">\n<div class=\"wp-block-kioken-column inner-column-1 kioken-column_ad61e5-fb\"><div class=\"kt-inside-inner-col\" style=\"background-blend-mode:normal\"><div>\n<p>La organizaci\u00f3n l\u00e1ctea de las Am\u00e9ricas desde 1991, con el cometido de reunir al sector lechero de las Am\u00e9ricas.<\/p>\n\n\n\n<p>Su principal objetivo es promover el desarrollo de la cadena l\u00e1ctea de toda la regi\u00f3n, conjugando intereses comunes, recursos, habilidades y talentos, a la vez que se propone actuar como foro de vinculaci\u00f3n de las instituciones del sector.<\/p>\n<\/div><\/div><\/div>\n\n\n\n<div class=\"wp-block-kioken-column inner-column-2 kioken-column_b09663-88 has-animator\" data-anim-from=\"horizontal\" data-anim-duration=\"1\" data-anim-distance=\"50\" data-anim-scale-x=\"1\" data-anim-scale-y=\"1\" data-anim-easing=\"easeInOut\" data-anim-effect=\"Cubic\"><div class=\"kt-inside-inner-col\" style=\"background-blend-mode:normal\"><div>\n<div id=\"section-g392c3f\" class=\"wp-block-gutentor-e6 section-g392c3f gutentor-element gutentor-element-image\"><div class=\"gutentor-element-image-box\"><div class=\"gutentor-image-thumb\"><img decoding=\"async\" class=\"normal-image\" src=\"https:\/\/fepale.org\/site\/wp-content\/uploads\/2020\/12\/Logo_FEPALE_16.jpg\"\/><\/div><\/div><\/div>\n<\/div><\/div><\/div>\n<\/div><\/div><\/div>\n\n\n\n<div class=\"wp-block-kioken-spacer is-style-fullwidth\" style=\"color:#999999;height:50px\"><hr\/><\/div>\n\n\n\n<div class=\"wp-block-kioken-rowlayout alignnone bust-out-none\"><div id=\"kt-layout-id_8b12cd-ac\" class=\"kio-row-layout-inner  kt-layout-id_8b12cd-ac\"><div class=\"kt-row-column-wrap kt-has-2-columns kt-gutter-default kt-row-valign-top kio-row-layout-equal kt-tab-layout-inherit kt-m-colapse-left-to-right kt-mobile-layout-row\">\n<div class=\"wp-block-kioken-column inner-column-1 kioken-column_f47a8d-24\"><div class=\"kt-inside-inner-col\" style=\"background-blend-mode:normal\"><div><style>.wp-block-kadence-advancedheading.kt-adv-heading_7c1454-7f, .wp-block-kadence-advancedheading.kt-adv-heading_7c1454-7f[data-kb-block=\"kb-adv-heading_7c1454-7f\"]{font-style:normal;}.wp-block-kadence-advancedheading.kt-adv-heading_7c1454-7f mark.kt-highlight, .wp-block-kadence-advancedheading.kt-adv-heading_7c1454-7f[data-kb-block=\"kb-adv-heading_7c1454-7f\"] mark.kt-highlight{font-style:normal;color:#f76a0c;-webkit-box-decoration-break:clone;box-decoration-break:clone;padding-top:0px;padding-right:0px;padding-bottom:0px;padding-left:0px;}.wp-block-kadence-advancedheading.kt-adv-heading_7c1454-7f img.kb-inline-image, .wp-block-kadence-advancedheading.kt-adv-heading_7c1454-7f[data-kb-block=\"kb-adv-heading_7c1454-7f\"] img.kb-inline-image{width:150px;vertical-align:baseline;}<\/style>\n<h2 class=\"kt-adv-heading_7c1454-7f wp-block-kadence-advancedheading\" data-kb-block=\"kb-adv-heading_7c1454-7f\">Una organizaci\u00f3n plural<\/h2>\n\n\n\n<div id=\"section-g6997a7\" class=\"wp-block-gutentor-e1 section-g6997a7 gutentor-element gutentor-element-advanced-text\"><div class=\"gutentor-text-wrap\"><p class=\"gutentor-text\">FEPALE est\u00e1 integrada por instituciones y empresas p\u00fablicas y privadas, relacionadas con el sector lechero de las Am\u00e9ricas y el mundo.<br><br>La Federaci\u00f3n est\u00e1 concebida como una cadena integrada, por lo que pueden ser miembros todos los actores del sector lechero, cualquiera sea su \u00e1rea de participaci\u00f3n:<br><br>&#8211; <strong><span style=\"color: #567823;\" class=\"ugb-highlight\">Asociaciones de productores e industriales.<br>&#8211; Empresas industriales y comerciales.<br>&#8211; Institutos de investigaci\u00f3n y control.<br>&#8211; Centros acad\u00e9micos y de formaci\u00f3n.<br>&#8211; Proveedores de equipos, insumos y servicios.<br>&#8211; Agencias gubernamentales especializadas.<br>&#8211; Asociaciones profesionales<\/span><\/strong>.<\/p><\/div><\/div>\n<\/div><\/div><\/div>\n\n\n\n<div class=\"wp-block-kioken-column inner-column-2 kioken-column_638be8-06\"><div class=\"kt-inside-inner-col\" style=\"background-blend-mode:normal\"><div>\n<div id=\"kioken-tabs__5c8d75-73\" class=\"wp-block-kioken-tabs\" data-tab-active=\"tab-mision\"><div class=\"kioken-tabs-buttons kt_d_flex kt_flex_justifystart\"><a style=\"padding:10px 20px 10px 20px;margin:0px 5px -1px 0px\" href=\"#tab-mision\" class=\"kioken-tabs-buttons-item\">Misi\u00f3n<\/a><a style=\"padding:10px 20px 10px 20px;margin:0px 5px -1px 0px\" href=\"#tab-objetivos\" class=\"kioken-tabs-buttons-item\">Objetivos<\/a><\/div><div class=\"kioken-tabs-content\" style=\"padding:20px 20px 20px 20px\">\n<div class=\"wp-block-kioken-tab\" data-tab=\"tab-mision\">\n<p>En el a\u00f1o 1991 en el \u00e1mbito de un Congreso Panamericano de la Leche se plante\u00f3 la iniciativa de crear una organizaci\u00f3n&nbsp; que reuniera a las lecher\u00edas de las Am\u00e9ricas.&nbsp;&nbsp; Ese mismo a\u00f1o, el 26 de noviembre, se constituy\u00f3&nbsp;la Federaci\u00f3n Panamericana&nbsp;de Lecher\u00eda.<\/p>\n\n\n\n<p>El prop\u00f3sito de FEPALE es reunir habilidades, capacidades, talentos y recursos conjugados en una misma direcci\u00f3n:<\/p>\n\n\n\n<p>Promover el desarrollo del sector a trav\u00e9s de la identificaci\u00f3n de intereses comunes y actuar como foro de vinculaci\u00f3n de las instituciones de la cadena l\u00e1ctea.<\/p>\n\n\n\n<p>FEPALE comenz\u00f3 como un puente de uni\u00f3n, y hoy se puede afirmar que ha logrado generar una poderosa red de carreteras y puentes.<\/p>\n<\/div>\n\n\n\n<div class=\"wp-block-kioken-tab\" data-tab=\"tab-objetivos\">\n<ul class=\"wp-block-list\"><li>Promover la integraci\u00f3n del sector l\u00e1cteo en la regi\u00f3n.<\/li><li>Defender los intereses comunes del sector l\u00e1cteo panamericano, en particular en lo que refiere a la prevenci\u00f3n y correcci\u00f3n de pr\u00e1cticas que distorsionan la competencia comercial.<\/li><li>Procurar el aumento de la disponibilidad y el consumo de leche producida en la regi\u00f3n.<\/li><li>Brindar informaci\u00f3n a los agentes del sector.<\/li><li>Propiciar la capacitaci\u00f3n integral en las diversas etapas de la cadena l\u00e1ctea.<\/li><li>Potenciar la comunicaci\u00f3n de la imagen institucional de la Federaci\u00f3n.<\/li><\/ul>\n<\/div>\n<\/div><\/div>\n<\/div><\/div><\/div>\n<\/div><\/div><\/div>\n\n\n\n<div class=\"wp-block-kioken-spacer is-style-fullwidth\" style=\"color:#999999;height:50px\"><hr\/><\/div>\n\n\n\n<div class=\"wp-block-kioken-rowlayout alignnone bust-out-none\"><div id=\"kt-layout-id_93b62f-5f\" class=\"kio-row-layout-inner  kt-layout-id_93b62f-5f\"><div class=\"kt-row-column-wrap kt-has-2-columns kt-gutter-default kt-row-valign-top kio-row-layout-equal kt-tab-layout-inherit kt-m-colapse-left-to-right kt-mobile-layout-row\">\n<div class=\"wp-block-kioken-column inner-column-1 kioken-column_997fb2-8f\"><div class=\"kt-inside-inner-col\" style=\"background-blend-mode:normal\"><div>\n<p class=\"has-text-align-center\"><strong><span data-fontsize=\"30\" style=\"font-size: 30px;\" class=\"qubely-custom-font\">\u00d3rganos<\/span><\/strong><\/p>\n\n\n\n<div class=\"wp-block-ugb-accordion ugb-accordion ugb-9d8774f ugb-accordion--v2 ugb-accordion--design-basic ugb-main-block\" aria-expanded=\"false\"><div class=\"ugb-inner-block\"><div class=\"ugb-block-content\"><div class=\"ugb-accordion__item\"><div class=\"ugb-accordion__heading\" role=\"button\" tabindex=\"0\"><h4 class=\"ugb-accordion__title\">ASAMBLEA GENERAL<\/h4><svg viewbox=\"0 0 20 20\" xmlns=\"http:\/\/www.w3.org\/2000\/svg\" class=\"ugb-accordion__arrow\" width=\"20\" height=\"20\"><path d=\"M16.7 3.3L10 10 3.3 3.4 0 6.7l10 10v-.1l10-9.9z\"><\/path><\/svg><\/div><div class=\"ugb-accordion__content\" role=\"region\"><div class=\"ugb-accordion__content-inner\">\n<p>La integran la totalidad de los socios de la Federaci\u00f3n<\/p>\n<\/div><\/div><\/div><\/div><\/div><\/div>\n\n\n\n<div class=\"wp-block-ugb-accordion ugb-accordion ugb-c9cc737 ugb-accordion--v2 ugb-accordion--design-basic ugb-main-block\" aria-expanded=\"false\"><div class=\"ugb-inner-block\"><div class=\"ugb-block-content\"><div class=\"ugb-accordion__item\"><div class=\"ugb-accordion__heading\" role=\"button\" tabindex=\"0\"><h4 class=\"ugb-accordion__title\">MESA EJECUTIVA<\/h4><svg viewbox=\"0 0 20 20\" xmlns=\"http:\/\/www.w3.org\/2000\/svg\" class=\"ugb-accordion__arrow\" width=\"20\" height=\"20\"><path d=\"M16.7 3.3L10 10 3.3 3.4 0 6.7l10 10v-.1l10-9.9z\"><\/path><\/svg><\/div><div class=\"ugb-accordion__content\" role=\"region\"><div class=\"ugb-accordion__content-inner\">\n<p>La Mesa Ejecutiva es electa cada 2 a\u00f1os por la Asamblea General.<\/p>\n<\/div><\/div><\/div><\/div><\/div><\/div>\n\n\n\n<div class=\"wp-block-ugb-accordion ugb-accordion ugb-3851537 ugb-accordion--v2 ugb-accordion--design-basic ugb-main-block\" aria-expanded=\"false\"><div class=\"ugb-inner-block\"><div class=\"ugb-block-content\"><div class=\"ugb-accordion__item\"><div class=\"ugb-accordion__heading\" role=\"button\" tabindex=\"0\"><h4 class=\"ugb-accordion__title\">CONSEJO DIRECTIVO<\/h4><svg viewbox=\"0 0 20 20\" xmlns=\"http:\/\/www.w3.org\/2000\/svg\" class=\"ugb-accordion__arrow\" width=\"20\" height=\"20\"><path d=\"M16.7 3.3L10 10 3.3 3.4 0 6.7l10 10v-.1l10-9.9z\"><\/path><\/svg><\/div><div class=\"ugb-accordion__content\" role=\"region\"><div class=\"ugb-accordion__content-inner\">\n<p>Cada pa\u00eds americano en los cuales tiene asociados FEPALE tiene derecho a 2 cargos en el&nbsp;Consejo Directivo&nbsp;en calidad de Director Titular y Director Alterno.<\/p>\n<\/div><\/div><\/div><\/div><\/div><\/div>\n\n\n\n<div class=\"wp-block-ugb-accordion ugb-accordion ugb-a301d41 ugb-accordion--v2 ugb-accordion--design-basic ugb-main-block\" aria-expanded=\"false\"><div class=\"ugb-inner-block\"><div class=\"ugb-block-content\"><div class=\"ugb-accordion__item\"><div class=\"ugb-accordion__heading\" role=\"button\" tabindex=\"0\"><h4 class=\"ugb-accordion__title\">SECRETAR\u00cdA GENERAL<\/h4><svg viewbox=\"0 0 20 20\" xmlns=\"http:\/\/www.w3.org\/2000\/svg\" class=\"ugb-accordion__arrow\" width=\"20\" height=\"20\"><path d=\"M16.7 3.3L10 10 3.3 3.4 0 6.7l10 10v-.1l10-9.9z\"><\/path><\/svg><\/div><div class=\"ugb-accordion__content\" role=\"region\"><div class=\"ugb-accordion__content-inner\">\n<p>El Secretario general ejerce las funciones t\u00e9cnicas y administrativas de la Federaci\u00f3n.<\/p>\n<\/div><\/div><\/div><\/div><\/div><\/div>\n\n\n\n<div class=\"wp-block-ugb-accordion ugb-accordion ugb-8037bce ugb-accordion--v2 ugb-accordion--design-basic ugb-main-block\" aria-expanded=\"false\"><div class=\"ugb-inner-block\"><div class=\"ugb-block-content\"><div class=\"ugb-accordion__item\"><div class=\"ugb-accordion__heading\" role=\"button\" tabindex=\"0\"><h4 class=\"ugb-accordion__title\">CONSEJO CONSULTIVO<\/h4><svg viewbox=\"0 0 20 20\" xmlns=\"http:\/\/www.w3.org\/2000\/svg\" class=\"ugb-accordion__arrow\" width=\"20\" height=\"20\"><path d=\"M16.7 3.3L10 10 3.3 3.4 0 6.7l10 10v-.1l10-9.9z\"><\/path><\/svg><\/div><div class=\"ugb-accordion__content\" role=\"region\"><div class=\"ugb-accordion__content-inner\">\n<p>Este \u00f3rgano tiene funciones consultivas y de representaci\u00f3n y est\u00e1 integrado por los ex Presidentes que fueran designados para ello por la Asamblea General.<\/p>\n<\/div><\/div><\/div><\/div><\/div><\/div>\n<\/div><\/div><\/div>\n\n\n\n<div class=\"wp-block-kioken-column inner-column-2 kioken-column_f086e7-fc\"><div class=\"kt-inside-inner-col\" style=\"background-blend-mode:normal\"><div>\n<p class=\"has-text-align-center has-custom-size\" style=\"font-size:30px\"><strong>Comisiones especificadas<\/strong><\/p>\n\n\n\n<div id=\"section-g800fa5\" class=\"wp-block-gutentor-e0 section-g800fa5 gutentor-element gutentor-element-advanced-text\"><div class=\"gutentor-text-wrap\"><p class=\"gutentor-text\"><strong>FEPALE<\/strong> lleva adelante una amplia gama de actividades coordinadas por su Secretar\u00eda General, y a trav\u00e9s de Comisiones Especializadas integradas por reconocidos especialistas internacionales.<br><br><strong><em>Las Comisiones son las siguientes:<\/em><\/strong><\/p><\/div><\/div>\n\n\n\n<div class=\"wp-block-ugb-accordion ugb-accordion ugb-dc41f13 ugb-accordion--v2 ugb-accordion--design-basic ugb-main-block\" aria-expanded=\"false\"><div class=\"ugb-inner-block\"><div class=\"ugb-block-content\"><div class=\"ugb-accordion__item\"><div class=\"ugb-accordion__heading\" role=\"button\" tabindex=\"0\"><h4 class=\"ugb-accordion__title\">Comisi\u00f3n de Normalizaci\u00f3n y Control<\/h4><svg viewbox=\"0 0 20 20\" xmlns=\"http:\/\/www.w3.org\/2000\/svg\" class=\"ugb-accordion__arrow\" width=\"20\" height=\"20\"><path d=\"M16.7 3.3L10 10 3.3 3.4 0 6.7l10 10v-.1l10-9.9z\"><\/path><\/svg><\/div><div class=\"ugb-accordion__content\" role=\"region\"><div class=\"ugb-accordion__content-inner\">\n<p>Releva las normas nacionales en materia de comercio y control de l\u00e1cteos con el prop\u00f3sito de elaborar planes de acci\u00f3n para su armonizaci\u00f3n a nivel continental.<\/p>\n<\/div><\/div><\/div><\/div><\/div><\/div>\n\n\n\n<div class=\"wp-block-ugb-accordion ugb-accordion ugb-a750afb ugb-accordion--v2 ugb-accordion--design-basic ugb-main-block\" aria-expanded=\"false\"><div class=\"ugb-inner-block\"><div class=\"ugb-block-content\"><div class=\"ugb-accordion__item\"><div class=\"ugb-accordion__heading\" role=\"button\" tabindex=\"0\"><h4 class=\"ugb-accordion__title\">Comisi\u00f3n de Capacitaci\u00f3n<\/h4><svg viewbox=\"0 0 20 20\" xmlns=\"http:\/\/www.w3.org\/2000\/svg\" class=\"ugb-accordion__arrow\" width=\"20\" height=\"20\"><path d=\"M16.7 3.3L10 10 3.3 3.4 0 6.7l10 10v-.1l10-9.9z\"><\/path><\/svg><\/div><div class=\"ugb-accordion__content\" role=\"region\"><div class=\"ugb-accordion__content-inner\">\n<p>Lleva adelante un muy intenso programa de cursos, seminarios y otros eventos de capacitaci\u00f3n.<\/p>\n<\/div><\/div><\/div><\/div><\/div><\/div>\n\n\n\n<div class=\"wp-block-ugb-accordion ugb-accordion ugb-3d1ac63 ugb-accordion--v2 ugb-accordion--design-basic ugb-main-block\" aria-expanded=\"false\"><div class=\"ugb-inner-block\"><div class=\"ugb-block-content\"><div class=\"ugb-accordion__item\"><div class=\"ugb-accordion__heading\" role=\"button\" tabindex=\"0\"><h4 class=\"ugb-accordion__title\">Comisi\u00f3n de Producci\u00f3n Primaria<\/h4><svg viewbox=\"0 0 20 20\" xmlns=\"http:\/\/www.w3.org\/2000\/svg\" class=\"ugb-accordion__arrow\" width=\"20\" height=\"20\"><path d=\"M16.7 3.3L10 10 3.3 3.4 0 6.7l10 10v-.1l10-9.9z\"><\/path><\/svg><\/div><div class=\"ugb-accordion__content\" role=\"region\"><div class=\"ugb-accordion__content-inner\">\n<p>Se encarga de programar actividades y encuentros de los actores de la producci\u00f3n primaria lechera.<\/p>\n<\/div><\/div><\/div><\/div><\/div><\/div>\n\n\n\n<div class=\"wp-block-ugb-accordion ugb-accordion ugb-5397e14 ugb-accordion--v2 ugb-accordion--design-basic ugb-main-block\" aria-expanded=\"false\"><div class=\"ugb-inner-block\"><div class=\"ugb-block-content\"><div class=\"ugb-accordion__item\"><div class=\"ugb-accordion__heading\" role=\"button\" tabindex=\"0\"><h4 class=\"ugb-accordion__title\">Comisi\u00f3n de Clima y Medioambiente<\/h4><svg viewbox=\"0 0 20 20\" xmlns=\"http:\/\/www.w3.org\/2000\/svg\" class=\"ugb-accordion__arrow\" width=\"20\" height=\"20\"><path d=\"M16.7 3.3L10 10 3.3 3.4 0 6.7l10 10v-.1l10-9.9z\"><\/path><\/svg><\/div><div class=\"ugb-accordion__content\" role=\"region\"><div class=\"ugb-accordion__content-inner\">\n<p>En mantenimiento&#8230;<\/p>\n<\/div><\/div><\/div><\/div><\/div><\/div>\n<\/div><\/div><\/div>\n<\/div><\/div><\/div>\n","protected":false},"excerpt":{"rendered":"<p>Federaci\u00f3n Panamericana de Lecher\u00eda La organizaci\u00f3n l\u00e1ctea de las Am\u00e9ricas<\/p>\n","protected":false},"author":1,"featured_media":3778,"parent":0,"menu_order":0,"comment_status":"closed","ping_status":"closed","template":"","meta":{"qubely_global_settings":"","qubely_interactions":"","_uag_custom_page_level_css":"","kk_blocks_editor_width":"","_kiokenblocks_attr":"","_kiokenblocks_dimensions":"","footnotes":""},"class_list":["post-1517","page","type-page","status-publish","has-post-thumbnail","hentry"],"featured_image_urls_v2":{"full":["https:\/\/fepale.org\/site\/wp-content\/uploads\/2021\/04\/0215473.jpg",1000,496,false],"thumbnail":["https:\/\/fepale.org\/site\/wp-content\/uploads\/2021\/04\/0215473-150x150.jpg",150,150,true],"medium":["https:\/\/fepale.org\/site\/wp-content\/uploads\/2021\/04\/0215473-300x149.jpg",300,149,true],"medium_large":["https:\/\/fepale.org\/site\/wp-content\/uploads\/2021\/04\/0215473-768x381.jpg",768,381,true],"large":["https:\/\/fepale.org\/site\/wp-content\/uploads\/2021\/04\/0215473.jpg",770,382,false],"1536x1536":["https:\/\/fepale.org\/site\/wp-content\/uploads\/2021\/04\/0215473.jpg",1000,496,false],"2048x2048":["https:\/\/fepale.org\/site\/wp-content\/uploads\/2021\/04\/0215473.jpg",1000,496,false],"qubely_landscape":["https:\/\/fepale.org\/site\/wp-content\/uploads\/2021\/04\/0215473.jpg",1000,496,false],"qubely_portrait":["https:\/\/fepale.org\/site\/wp-content\/uploads\/2021\/04\/0215473-540x320.jpg",540,320,true],"qubely_thumbnail":["https:\/\/fepale.org\/site\/wp-content\/uploads\/2021\/04\/0215473-140x100.jpg",140,100,true],"gridlove-a4":["https:\/\/fepale.org\/site\/wp-content\/uploads\/2021\/04\/0215473-370x150.jpg",370,150,true],"gridlove-a4-orig":["https:\/\/fepale.org\/site\/wp-content\/uploads\/2021\/04\/0215473-370x184.jpg",370,184,true],"gridlove-a3-orig":["https:\/\/fepale.org\/site\/wp-content\/uploads\/2021\/04\/0215473-270x134.jpg",270,134,true],"gridlove-b6":["https:\/\/fepale.org\/site\/wp-content\/uploads\/2021\/04\/0215473-285x300.jpg",285,300,true],"gridlove-b7":["https:\/\/fepale.org\/site\/wp-content\/uploads\/2021\/04\/0215473-335x300.jpg",335,300,true],"gridlove-b8":["https:\/\/fepale.org\/site\/wp-content\/uploads\/2021\/04\/0215473-385x300.jpg",385,300,true],"gridlove-b9":["https:\/\/fepale.org\/site\/wp-content\/uploads\/2021\/04\/0215473-435x300.jpg",435,300,true],"gridlove-b12":["https:\/\/fepale.org\/site\/wp-content\/uploads\/2021\/04\/0215473-585x300.jpg",585,300,true],"gridlove-d3":["https:\/\/fepale.org\/site\/wp-content\/uploads\/2021\/04\/0215473-270x300.jpg",270,300,true],"gridlove-d3-orig":["https:\/\/fepale.org\/site\/wp-content\/uploads\/2021\/04\/0215473-270x134.jpg",270,134,true],"gridlove-d4":["https:\/\/fepale.org\/site\/wp-content\/uploads\/2021\/04\/0215473-370x300.jpg",370,300,true],"gridlove-d4-orig":["https:\/\/fepale.org\/site\/wp-content\/uploads\/2021\/04\/0215473-370x184.jpg",370,184,true],"gridlove-d5":["https:\/\/fepale.org\/site\/wp-content\/uploads\/2021\/04\/0215473-470x300.jpg",470,300,true],"gridlove-d6":["https:\/\/fepale.org\/site\/wp-content\/uploads\/2021\/04\/0215473-570x300.jpg",570,300,true],"gridlove-d6-orig":["https:\/\/fepale.org\/site\/wp-content\/uploads\/2021\/04\/0215473-570x283.jpg",570,283,true],"gridlove-cover":["https:\/\/fepale.org\/site\/wp-content\/uploads\/2021\/04\/0215473-1000x400.jpg",1000,400,true],"gridlove-single":["https:\/\/fepale.org\/site\/wp-content\/uploads\/2021\/04\/0215473-740x367.jpg",740,367,true],"gridlove-thumbnail":["https:\/\/fepale.org\/site\/wp-content\/uploads\/2021\/04\/0215473-80x60.jpg",80,60,true]},"post_excerpt_stackable_v2":"<p>Federaci\u00f3n Panamericana de Lecher\u00eda La organizaci\u00f3n l\u00e1ctea de las Am\u00e9ricas La organizaci\u00f3n l\u00e1ctea de las Am\u00e9ricas desde 1991, con el cometido de reunir al sector lechero de las Am\u00e9ricas. Su principal objetivo es promover el desarrollo de la cadena l\u00e1ctea de toda la regi\u00f3n, conjugando intereses comunes, recursos, habilidades y talentos, a la vez que se propone actuar como foro de vinculaci\u00f3n de las instituciones del sector. Una organizaci\u00f3n plural FEPALE est\u00e1 integrada por instituciones y empresas p\u00fablicas y privadas, relacionadas con el sector lechero de las Am\u00e9ricas y el mundo.La Federaci\u00f3n est\u00e1 concebida como una cadena integrada, por lo&hellip;<\/p>\n","category_list_v2":"","author_info_v2":{"name":"PabloQ","url":"https:\/\/fepale.org\/site\/author\/pabloq\/"},"comments_num_v2":"0 comentarios","uagb_featured_image_src":{"full":["https:\/\/fepale.org\/site\/wp-content\/uploads\/2021\/04\/0215473.jpg",1000,496,false],"thumbnail":["https:\/\/fepale.org\/site\/wp-content\/uploads\/2021\/04\/0215473-150x150.jpg",150,150,true],"medium":["https:\/\/fepale.org\/site\/wp-content\/uploads\/2021\/04\/0215473-300x149.jpg",300,149,true],"medium_large":["https:\/\/fepale.org\/site\/wp-content\/uploads\/2021\/04\/0215473-768x381.jpg",768,381,true],"large":["https:\/\/fepale.org\/site\/wp-content\/uploads\/2021\/04\/0215473.jpg",770,382,false],"1536x1536":["https:\/\/fepale.org\/site\/wp-content\/uploads\/2021\/04\/0215473.jpg",1000,496,false],"2048x2048":["https:\/\/fepale.org\/site\/wp-content\/uploads\/2021\/04\/0215473.jpg",1000,496,false],"qubely_landscape":["https:\/\/fepale.org\/site\/wp-content\/uploads\/2021\/04\/0215473.jpg",1000,496,false],"qubely_portrait":["https:\/\/fepale.org\/site\/wp-content\/uploads\/2021\/04\/0215473-540x320.jpg",540,320,true],"qubely_thumbnail":["https:\/\/fepale.org\/site\/wp-content\/uploads\/2021\/04\/0215473-140x100.jpg",140,100,true],"gridlove-a4":["https:\/\/fepale.org\/site\/wp-content\/uploads\/2021\/04\/0215473-370x150.jpg",370,150,true],"gridlove-a4-orig":["https:\/\/fepale.org\/site\/wp-content\/uploads\/2021\/04\/0215473-370x184.jpg",370,184,true],"gridlove-a3-orig":["https:\/\/fepale.org\/site\/wp-content\/uploads\/2021\/04\/0215473-270x134.jpg",270,134,true],"gridlove-b6":["https:\/\/fepale.org\/site\/wp-content\/uploads\/2021\/04\/0215473-285x300.jpg",285,300,true],"gridlove-b7":["https:\/\/fepale.org\/site\/wp-content\/uploads\/2021\/04\/0215473-335x300.jpg",335,300,true],"gridlove-b8":["https:\/\/fepale.org\/site\/wp-content\/uploads\/2021\/04\/0215473-385x300.jpg",385,300,true],"gridlove-b9":["https:\/\/fepale.org\/site\/wp-content\/uploads\/2021\/04\/0215473-435x300.jpg",435,300,true],"gridlove-b12":["https:\/\/fepale.org\/site\/wp-content\/uploads\/2021\/04\/0215473-585x300.jpg",585,300,true],"gridlove-d3":["https:\/\/fepale.org\/site\/wp-content\/uploads\/2021\/04\/0215473-270x300.jpg",270,300,true],"gridlove-d3-orig":["https:\/\/fepale.org\/site\/wp-content\/uploads\/2021\/04\/0215473-270x134.jpg",270,134,true],"gridlove-d4":["https:\/\/fepale.org\/site\/wp-content\/uploads\/2021\/04\/0215473-370x300.jpg",370,300,true],"gridlove-d4-orig":["https:\/\/fepale.org\/site\/wp-content\/uploads\/2021\/04\/0215473-370x184.jpg",370,184,true],"gridlove-d5":["https:\/\/fepale.org\/site\/wp-content\/uploads\/2021\/04\/0215473-470x300.jpg",470,300,true],"gridlove-d6":["https:\/\/fepale.org\/site\/wp-content\/uploads\/2021\/04\/0215473-570x300.jpg",570,300,true],"gridlove-d6-orig":["https:\/\/fepale.org\/site\/wp-content\/uploads\/2021\/04\/0215473-570x283.jpg",570,283,true],"gridlove-cover":["https:\/\/fepale.org\/site\/wp-content\/uploads\/2021\/04\/0215473-1000x400.jpg",1000,400,true],"gridlove-single":["https:\/\/fepale.org\/site\/wp-content\/uploads\/2021\/04\/0215473-740x367.jpg",740,367,true],"gridlove-thumbnail":["https:\/\/fepale.org\/site\/wp-content\/uploads\/2021\/04\/0215473-80x60.jpg",80,60,true]},"uagb_author_info":{"display_name":"PabloQ","author_link":"https:\/\/fepale.org\/site\/author\/pabloq\/"},"uagb_comment_info":0,"uagb_excerpt":"Federaci\u00f3n Panamericana de Lecher\u00eda La organizaci\u00f3n l\u00e1ctea de las Am\u00e9ricas","_links":{"self":[{"href":"https:\/\/fepale.org\/site\/wp-json\/wp\/v2\/pages\/1517","targetHints":{"allow":["GET"]}}],"collection":[{"href":"https:\/\/fepale.org\/site\/wp-json\/wp\/v2\/pages"}],"about":[{"href":"https:\/\/fepale.org\/site\/wp-json\/wp\/v2\/types\/page"}],"author":[{"embeddable":true,"href":"https:\/\/fepale.org\/site\/wp-json\/wp\/v2\/users\/1"}],"replies":[{"embeddable":true,"href":"https:\/\/fepale.org\/site\/wp-json\/wp\/v2\/comments?post=1517"}],"version-history":[{"count":0,"href":"https:\/\/fepale.org\/site\/wp-json\/wp\/v2\/pages\/1517\/revisions"}],"wp:featuredmedia":[{"embeddable":true,"href":"https:\/\/fepale.org\/site\/wp-json\/wp\/v2\/media\/3778"}],"wp:attachment":[{"href":"https:\/\/fepale.org\/site\/wp-json\/wp\/v2\/media?parent=1517"}],"curies":[{"name":"wp","href":"https:\/\/api.w.org\/{rel}","templated":true}]}}