{"id":4918,"date":"2024-06-06T13:44:29","date_gmt":"2024-06-06T16:44:29","guid":{"rendered":"https:\/\/fepale.org\/capacitacion\/?post_type=product&#038;p=4918"},"modified":"2026-01-27T10:06:33","modified_gmt":"2026-01-27T13:06:33","slug":"gestion-valorizacion-y-uso-agronomico-de-los-residuos-pecuarios-lecheros-inicio-07-de-abril-2025","status":"publish","type":"product","link":"https:\/\/fepale.org\/capacitacion\/producto\/gestion-valorizacion-y-uso-agronomico-de-los-residuos-pecuarios-lecheros-inicio-07-de-abril-2025\/","title":{"rendered":"Gesti\u00f3n, Valorizaci\u00f3n y uso Agron\u00f3mico de los Residuos Pecuarios Lecheros &#8211; Inicio 07 de abril 2025"},"content":{"rendered":"<h4><strong><u>PRESENTACI\u00d3N:<\/u><\/strong><\/h4>\n<p>En tiempos donde existe una sincera preocupaci\u00f3n por la contaminaci\u00f3n de los recursos naturales que rodean los establecimientos agropecuarios en general y los lecheros en particular, debemos ponernos a trabajar usando herramientas pr\u00e1cticas pero concretas para evitar la degradaci\u00f3n del suelo, agua y nuestra calidad de vida. Este curso se centra en una correcta gesti\u00f3n de los efluentes lecheros y en el aprovechamiento del esti\u00e9rcol, y su transformaci\u00f3n en enmienda org\u00e1nica para uso agron\u00f3mico o su aprovechamiento como biog\u00e1s. Lo anterior se ver\u00e1 reflejado en casos concretos desarrollados sobre diferentes tipos de establecimientos.<\/p>\n<h4><strong><u>OBJETIVOS:<\/u><\/strong><\/h4>\n<p>Informar y sensibilizar a los cursantes sobre la tem\u00e1tica de la gesti\u00f3n de los efluentes lecheros y su aprovechamiento, de manera tal de poseer los criterios necesarios para pensar en un plan de gesti\u00f3n ambiental integral de la sala de orde\u00f1e y de los corrales o viviendas techadas que se asocien a esta actividad, y conozcan alternativas de gesti\u00f3n eficiente estos efluentes, aplicables a aplicables a cada realidad. Adem\u00e1s, se tendr\u00e1 un \u00e9nfasis especial en el aprovechamiento de los residuos pecuarios a trav\u00e9s del uso agron\u00f3mico y la generaci\u00f3n de biog\u00e1s, analizando casos concretos de diferentes escalas.<\/p>\n<h4><strong><u>P\u00daBLICO OBJETIVO:<\/u><\/strong><\/h4>\n<p>Destinado a profesionales, productores, estudiantes y aquellos interesados en conocer c\u00f3mo aprovechar los residuos pecuarios y gestionar de forma correcta los efluentes lecheros.<\/p>\n<h4><strong><u>CONTENIDOS:<\/u><\/strong><\/h4>\n<h4><strong><u>M\u00f3dulo 1 (una semana)<\/u><\/strong><\/h4>\n<p><strong>La sala de Orde\u00f1e y el pur\u00edn generado. <\/strong><\/p>\n<p><u>Objetivo<\/u>: Definir el establecimiento lechero. Presentar el manejo de efluentes como un proceso. Introducci\u00f3n sobre factores y herramientas que lo hagan aplicable a la realidad productiva de cada lugar.<\/p>\n<p><u>Contenidos<\/u>: Consideraciones generales. Sala de orde\u00f1e. Uso de sedimentadores de s\u00f3lidos Pesados. Separadores de s\u00f3lidos livianos. Piletas.<\/p>\n<p>&nbsp;<\/p>\n<h4><strong><u>M\u00f3dulo 2 (una semana) <\/u><\/strong><\/h4>\n<p><strong>Otros Or\u00edgenes de los Purines \u2013 Corrales y Viviendas Techadas.<\/strong><\/p>\n<p><u>Objetivo<\/u>: Ver otros or\u00edgenes de esti\u00e9rcol y purines e integrarlos a la gesti\u00f3n coordinada de efluentes.<\/p>\n<p><u>Contenidos<\/u>: Conceptos manejo de efluentes a cielo abierto. Open-lots y pistas de alimentaci\u00f3n. Conceptos manejo de efluentes en viviendas techadas. Compost barn y Freestall. Flushing, scrapers y Augers. Modelos conceptuales y flujogramas. Resumen<\/p>\n<p>&nbsp;<\/p>\n<h4><strong><u>M\u00f3dulo 3 (una semana) <\/u><\/strong><\/h4>\n<p><strong>Econom\u00eda Circular: Valorizaci\u00f3n y uso agron\u00f3mico de los residuos pecuarios lecheros.<\/strong><\/p>\n<p><u>Objetivo<\/u>: La valorizaci\u00f3n de los residuos pecuarios. La materia org\u00e1nica como eje central.<\/p>\n<p><u>Contenidos<\/u>: Esti\u00e9rcol, y efluentes. Plan de uso agron\u00f3mico. Valorizaci\u00f3n del esti\u00e9rcol. Compostaje. Biog\u00e1s<\/p>\n<p>&nbsp;<\/p>\n<h4><strong><u>M\u00f3dulo 4 (una Semana)<\/u><\/strong><\/h4>\n<p><strong>Casos Pr\u00e1cticos y de \u00c9xito en la gesti\u00f3n de los purines. <\/strong><\/p>\n<p><u>Objetivo<\/u>: Estudio de casos concretos donde se aplic\u00f3 el manejo de efluentes lecheros y se pusieron en valor los residuos pecuarios.<\/p>\n<p><u>Contenidos<\/u>: Sala de orde\u00f1e. Vivienda a cielo abierto. Vivienda techada.<\/p>\n<p>&nbsp;<\/p>\n<h4><strong>EVALUACI\u00d3N FINAL (una semana)<\/strong><\/h4>\n<p>Se realizar\u00e1 una evaluaci\u00f3n final en formato m\u00faltiple opci\u00f3n obligatoria para la aprobaci\u00f3n del curso.<\/p>\n<p>&nbsp;<\/p>\n<h4><strong><u>DOCENTE:<\/u><\/strong><\/h4>\n<p>&nbsp;<\/p>\n<p><strong>Claudio M. Kvolek<img loading=\"lazy\" decoding=\"async\" class=\" wp-image-4920 alignright\" src=\"https:\/\/fepale.org\/capacitacion\/wp-content\/uploads\/2024\/06\/claudio-300x225.jpg\" alt=\"\" width=\"219\" height=\"164\" srcset=\"https:\/\/fepale.org\/capacitacion\/wp-content\/uploads\/2024\/06\/claudio-300x225.jpg 300w, https:\/\/fepale.org\/capacitacion\/wp-content\/uploads\/2024\/06\/claudio-74x55.jpg 74w, https:\/\/fepale.org\/capacitacion\/wp-content\/uploads\/2024\/06\/claudio-111x83.jpg 111w, https:\/\/fepale.org\/capacitacion\/wp-content\/uploads\/2024\/06\/claudio-215x161.jpg 215w, https:\/\/fepale.org\/capacitacion\/wp-content\/uploads\/2024\/06\/claudio-rotated.jpg 397w\" sizes=\"auto, (max-width: 219px) 100vw, 219px\" \/><\/strong><\/p>\n<p><u>CV Abreviado<\/u>:<\/p>\n<p>Consultor de Proyectos Agroambientales.<\/p>\n<p>El Ingeniero Agr\u00f3nomo Claudio Miguel Kvolek realiz\u00f3 sus estudios de grado en la Facultad de Agronom\u00eda de la Universidad de Buenos Aires. Es adem\u00e1s T\u00e9cnico Qu\u00edmico y curs\u00f3 sus estudios de Magister en Ciencias Ambientales en la Facultad de Ciencias Exactas y Naturales de la Universidad de Buenos Aires.<\/p>\n<p>Es investigador\/extensionista del Centro de Investigaci\u00f3n, Extensi\u00f3n y An\u00e1lisis Agroambientales de la Regi\u00f3n Pampeana (CINVARP)<\/p>\n<p>Se especializ\u00f3 en la Gesti\u00f3n Ambiental\u00a0Pecuaria, el manejo de los efluentes pecuarios<br \/>\n(purines) y agroindustriales, con \u00e9nfasis en su\u00a0uso agron\u00f3mico y la producci\u00f3n de bioenerg\u00eda.<\/p>\n<p>Es autor de LOS LIBROS:\u00a0 <strong>Libro Gesti\u00f3n Ambiental Pecuaria<\/strong> (Primera Edici\u00f3n \u2013 Agosto 2018 &#8211; ISBN 978-987-1922-29-1) y <strong>Libro Efluentes en Establecimientos Lecheros<\/strong> (Primera Edici\u00f3n -Agosto- 2020 \u2013 ISBN 978-987-1922-38-3) de numerosas publicaciones\u00a0t\u00e9cnicas y de divulgaci\u00f3n en revistas del medio.<\/p>\n<p>&nbsp;<\/p>\n<p><strong><u>PERFIL PROFESIONAL\u00a0<\/u><\/strong><\/p>\n<p><u><a href=\"https:\/\/www.linkedin.com\/in\/claudiomiguelkvolek\/\">Claudio M. Kvolek GRUPOASSAY-EFLU-CHOIKE-A. ESCONDIDA-DIATER | LinkedIn<\/a><\/u><\/p>\n<p>&nbsp;<\/p>\n<h4><strong><u>DOCENTES INVITADOS:<\/u><\/strong><\/h4>\n<p>&nbsp;<\/p>\n<p><strong><u>Docente Invitado<\/u>:<\/strong><\/p>\n<p>Experiencias en Litoral Argentino &#8211; <strong>Bernardo Serra \u2013 Enviroassay &#8211; ARGENTINA<img loading=\"lazy\" decoding=\"async\" class=\" wp-image-4919 alignright\" src=\"https:\/\/fepale.org\/capacitacion\/wp-content\/uploads\/2024\/06\/bernardo-243x300.jpg\" alt=\"\" width=\"146\" height=\"180\" srcset=\"https:\/\/fepale.org\/capacitacion\/wp-content\/uploads\/2024\/06\/bernardo-243x300.jpg 243w, https:\/\/fepale.org\/capacitacion\/wp-content\/uploads\/2024\/06\/bernardo.jpg 271w\" sizes=\"auto, (max-width: 146px) 100vw, 146px\" \/><\/strong><\/p>\n<p><u>CV Abreviado<\/u>:<\/p>\n<p>M\u00e9dico Veterinario \u2013 (FCV \u2013 UNL)<\/p>\n<p>Consultor Ambiental inscripto en la Secretar\u00eda de Ambiente de la Provincia de Entre R\u00edos.\u00a0 (LEG. N\u00b0 206)<\/p>\n<p>CEO\u00a0 \u201cENVIROASSAY\u201d &#8211;\u00a0 Empresa de Gesti\u00f3n Ambiental Agropecuaria en el litoral argentino<\/p>\n<p>Forma parte del equipo de trabajo del GRUPOASSAY<\/p>\n<p>Asesoramiento sobre gesti\u00f3n de efluentes, compostaje y producci\u00f3n de energ\u00edas a partir de residuos org\u00e1nicos.<\/p>\n<p><strong>Consultor Ambiental<\/strong><\/p>\n<p><strong><u>Docente Invitado<\/u>:<\/strong><\/p>\n<p>Experiencias en Grandes proyectos y Biog\u00e1s &#8211; Leonardo Genero \u2013 \u00a0<strong>Socio Fundador Choike Biodigestores y L\u00edder T\u00e9cnico Punto EFLU.<img loading=\"lazy\" decoding=\"async\" class=\" wp-image-4922 alignright\" src=\"https:\/\/fepale.org\/capacitacion\/wp-content\/uploads\/2024\/06\/Leonardo-225x300.jpg\" alt=\"\" width=\"128\" height=\"171\" srcset=\"https:\/\/fepale.org\/capacitacion\/wp-content\/uploads\/2024\/06\/Leonardo-225x300.jpg 225w, https:\/\/fepale.org\/capacitacion\/wp-content\/uploads\/2024\/06\/Leonardo.jpg 271w\" sizes=\"auto, (max-width: 128px) 100vw, 128px\" \/><\/strong><\/p>\n<p><u>CV Abreviado<\/u>:<\/p>\n<p>Proyectos de valorizaci\u00f3n de residuos &#8211; Biog\u00e1s<\/p>\n<p>Especialista en biog\u00e1s en el IBBK Stuttgart.<\/p>\n<p>Maestrando en Gesti\u00f3n Ambiental FICH-UNL.<\/p>\n<p>Ingeniero Qu\u00edmico de la FIQ-UNL de Santa Fe.<\/p>\n<p>Investiga sobre biog\u00e1s desde 2003. Fue Coordinador t\u00e9cnico de Fundaci\u00f3n Proteger, Consultor externo de FAO\/Probiomasa y Creador de GENING. Es Miembro de RedBioLaC. Recibi\u00f3 Premio 2010 Young Climate Champion Award Embajada de Gran Breta\u00f1a. Menci\u00f3n especial PEIS Chacra-Galicia 2011. Hoy:<\/p>\n<p>L\u00edder t\u00e9cnico en PUNTO EFLU<\/p>\n<p>Socio Fundador CHOIKE BIODIGESTORES<\/p>\n<p>&nbsp;<\/p>\n<h4><strong><u>M\u00d3DALIDAD:<\/u><\/strong><\/h4>\n<p><strong>On-line:<\/strong>\u00a0el curso se realizar\u00e1 en modalidad E-learning.<\/p>\n<p><strong>Aula virtual:<\/strong>\u00a0Se trabajar\u00e1 en una plataforma Web especialmente dise\u00f1ada para el curso (aula y plataforma virtual), donde se podr\u00e1 acceder a los documentos, videos, link de inter\u00e9s y se facilitar\u00e1 la interacci\u00f3n con los docentes y el resto de los participantes al curso.<br \/>\n<strong>Foro:<\/strong>\u00a0Se desarrollar\u00e1 un foro en la plataforma para fomentar el contacto entre los participantes y los docentes, habilitado para consultas de los participantes y para que los docentes dejen consignas para trabajar y debatir en conjunto.<br \/>\n<strong>Docentes:<\/strong>\u00a0Los docentes estar\u00e1n disponibles para responder dudas y consultas de los participantes y para ampliar contenidos de inter\u00e9s de los participantes.<br \/>\n<strong>Horarios:<\/strong>\u00a0El curso es en modalidad asincr\u00f3nica, el participante puede acceder en los horarios que mejor le convenga, siempre respetando la cronolog\u00eda del curso.<br \/>\n<strong>Evaluaciones:<\/strong>\u00a0En el curso se har\u00e1 una evaluaci\u00f3n final obligatoria para la aprobaci\u00f3n del mismo.<br \/>\n<strong>Dedicaci\u00f3n:<\/strong>\u00a0Cada participante deber\u00e1 destinar un m\u00e1ximo de 6 horas de trabajo por semana de curso y el curso est\u00e1 conformado de un programa de 5 semanas.<\/p>\n<p>&nbsp;<\/p>\n<h4><strong><u>CERTIFICACI\u00d3N:<\/u><\/strong><\/h4>\n<p>Aquel participante que apruebe las instancias de evaluaci\u00f3n de las distintas unidades recibir\u00e1:<\/p>\n<ul>\n<li>Certificado de Participaci\u00f3n y Aprobaci\u00f3n emitido por FEPALE.<\/li>\n<\/ul>\n<p>&nbsp;<\/p>\n<h4><strong><u>COSTOS:<\/u><\/strong><\/h4>\n<p>Costo del Curso <strong>USD 180<\/strong><\/p>\n<p>Socios de <strong>FEPALE USD 150<\/strong><\/p>\n<p>&nbsp;<\/p>\n<p style=\"text-align: center\"><a href=\"https:\/\/forms.gle\/6SPyvcKzfjDVhNXJ6\" target=\"_blank\" rel=\"noopener\"><strong>FORMULARIO DE INSCRIPCI\u00d3N AQU\u00cd<\/strong><\/a><\/p>\n<p>&nbsp;<\/p>\n<p style=\"text-align: right\"><strong>POR CONSULTAS:<\/strong><br \/>\n<strong>Elena Sierra \u2013 \u00c1rea de Capacitaci\u00f3n \u2013 FEPALE<\/strong><br \/>\n<strong>infocapacita@fepale.org\/www.fepale.org<\/strong><\/p>\n","protected":false},"excerpt":{"rendered":"<p><strong>Organiza:\u00a0<\/strong><\/p>\n<p><img loading=\"lazy\" decoding=\"async\" class=\"alignnone size-medium wp-image-4882\" src=\"https:\/\/fepale.org\/capacitacion\/wp-content\/uploads\/2024\/03\/logosFEPALE-INSTITUTO-300x73.png\" alt=\"\" width=\"300\" height=\"73\" srcset=\"https:\/\/fepale.org\/capacitacion\/wp-content\/uploads\/2024\/03\/logosFEPALE-INSTITUTO-300x73.png 300w, https:\/\/fepale.org\/capacitacion\/wp-content\/uploads\/2024\/03\/logosFEPALE-INSTITUTO-1024x249.png 1024w, https:\/\/fepale.org\/capacitacion\/wp-content\/uploads\/2024\/03\/logosFEPALE-INSTITUTO-768x187.png 768w, https:\/\/fepale.org\/capacitacion\/wp-content\/uploads\/2024\/03\/logosFEPALE-INSTITUTO-1536x373.png 1536w, https:\/\/fepale.org\/capacitacion\/wp-content\/uploads\/2024\/03\/logosFEPALE-INSTITUTO-1080x262.png 1080w, https:\/\/fepale.org\/capacitacion\/wp-content\/uploads\/2024\/03\/logosFEPALE-INSTITUTO-600x146.png 600w, https:\/\/fepale.org\/capacitacion\/wp-content\/uploads\/2024\/03\/logosFEPALE-INSTITUTO.png 1791w\" sizes=\"auto, (max-width: 300px) 100vw, 300px\" \/><\/p>\n","protected":false},"featured_media":4924,"template":"","meta":[],"pwb-brand":[],"product_brand":[],"product_cat":[102],"product_tag":[],"class_list":{"0":"post-4918","1":"product","2":"type-product","3":"status-publish","4":"has-post-thumbnail","6":"product_cat-102","8":"first","9":"instock","10":"shipping-taxable","11":"purchasable","12":"product-type-simple"},"brands":[],"_links":{"self":[{"href":"https:\/\/fepale.org\/capacitacion\/wp-json\/wp\/v2\/product\/4918","targetHints":{"allow":["GET"]}}],"collection":[{"href":"https:\/\/fepale.org\/capacitacion\/wp-json\/wp\/v2\/product"}],"about":[{"href":"https:\/\/fepale.org\/capacitacion\/wp-json\/wp\/v2\/types\/product"}],"wp:featuredmedia":[{"embeddable":true,"href":"https:\/\/fepale.org\/capacitacion\/wp-json\/wp\/v2\/media\/4924"}],"wp:attachment":[{"href":"https:\/\/fepale.org\/capacitacion\/wp-json\/wp\/v2\/media?parent=4918"}],"wp:term":[{"taxonomy":"pwb-brand","embeddable":true,"href":"https:\/\/fepale.org\/capacitacion\/wp-json\/wp\/v2\/pwb-brand?post=4918"},{"taxonomy":"product_brand","embeddable":true,"href":"https:\/\/fepale.org\/capacitacion\/wp-json\/wp\/v2\/product_brand?post=4918"},{"taxonomy":"product_cat","embeddable":true,"href":"https:\/\/fepale.org\/capacitacion\/wp-json\/wp\/v2\/product_cat?post=4918"},{"taxonomy":"product_tag","embeddable":true,"href":"https:\/\/fepale.org\/capacitacion\/wp-json\/wp\/v2\/product_tag?post=4918"}],"curies":[{"name":"wp","href":"https:\/\/api.w.org\/{rel}","templated":true}]}}