{"id":4915,"date":"2024-05-20T14:24:58","date_gmt":"2024-05-20T17:24:58","guid":{"rendered":"https:\/\/fepale.org\/capacitacion\/?post_type=product&#038;p=4915"},"modified":"2024-11-15T12:45:50","modified_gmt":"2024-11-15T15:45:50","slug":"tecnologia-de-dulce-de-leche-inicio-2-de-septiembre-2024","status":"publish","type":"product","link":"https:\/\/fepale.org\/capacitacion\/producto\/tecnologia-de-dulce-de-leche-inicio-2-de-septiembre-2024\/","title":{"rendered":"Tecnolog\u00eda de Dulce de Leche &#8211; Inicio 2 de septiembre 2024"},"content":{"rendered":"<h4><span style=\"color: #000000\"><strong>PRESENTACI\u00d3N<\/strong><\/span><\/h4>\n<p><span style=\"color: #000000\">El dulce de leche es un producto l\u00e1cteo cuyo consumo se ha propagado por varios pa\u00edses en los \u00faltimos a\u00f1os. As\u00ed lo llamamos en Argentina y Uruguay, pero al dulce de leche se lo conoce como manjar en Chile, cajeta en M\u00e9xico, milk caramel en Estados Unidos y confiture de lait en Francia, entre otras denominaciones.<\/span><\/p>\n<p><span style=\"color: #000000\">Debido a la expansi\u00f3n de este producto, muchas empresas han optado por invertir en su elaboraci\u00f3n, no s\u00f3lo para el consumo interno, sino adem\u00e1s para su exportaci\u00f3n. Por este motivo, esta capacitaci\u00f3n estar\u00e1 orientada al proceso de elaboraci\u00f3n de este producto y a las innovaciones tecnol\u00f3gicas presentes, tanto en equipamiento como en su formulaci\u00f3n.<\/span><\/p>\n<h4><span style=\"color: #000000\"><strong>\u00a0<\/strong><strong>Objetivos:<\/strong><\/span><\/h4>\n<ul>\n<li><span style=\"color: #000000\">Afianzar conocimientos b\u00e1sicos relacionados con la leche, composici\u00f3n y propiedades.<\/span><\/li>\n<li><span style=\"color: #000000\">Profundizar conceptos sobre la tecnolog\u00eda de elaboraci\u00f3n de dulce de leche.<\/span><\/li>\n<li><span style=\"color: #000000\">Interpretar la incidencia de las diferentes variables del proceso en la calidad del producto.<\/span><\/li>\n<li><span style=\"color: #000000\">Fomentar el desarrollo de un criterio pr\u00e1ctico que permita al participante incrementar positivamente su protagonismo en el sistema productivo.<\/span><\/li>\n<li><span style=\"color: #000000\">Demostrar la incidencia del factor humano en el logro de un producto de alta calidad.<\/span><\/li>\n<\/ul>\n<h4><span style=\"color: #000000\"><strong>\u00a0<\/strong><strong>P\u00fablico objetivo:<\/strong><\/span><\/h4>\n<p><span style=\"color: #000000\">El curso de capacitaci\u00f3n en tecnolog\u00eda de dulce de leche est\u00e1 dirigido a estudiantes, operarios y profesionales de la industria que necesiten profundizar conceptos relacionados con la elaboraci\u00f3n de este producto.<\/span><\/p>\n<h4><span style=\"color: #000000\"><strong>Contenidos:<\/strong><\/span><\/h4>\n<p><span style=\"color: #000000\"><strong>M\u00f3dulo 1: Leche e Ingredientes para la elaboraci\u00f3n de dulce de leche. Tratamientos previos al proceso<\/strong><\/span><\/p>\n<p><span style=\"color: #000000\">Leche, componentes, caracter\u00edsticas generales de cada uno. Calidad de la leche, par\u00e1metros a controlar, factores que influyen, importancia.<\/span><\/p>\n<p><span style=\"color: #000000\">Dulce de leche. Reglamentaci\u00f3n Bromatol\u00f3gica. Preparaci\u00f3n de la mezcla. Az\u00facares. Cristalizaci\u00f3n. Hidr\u00f3lisis. Neutralizaci\u00f3n. Neutralizantes.<\/span><\/p>\n<p><span style=\"color: #000000\"><strong>\u00a0<\/strong><strong>M\u00f3dulo 2: Proceso de elaboraci\u00f3n de dulce de leche familiar por sistema simple en pailas<\/strong><\/span><\/p>\n<p><span style=\"color: #000000\">Proceso de elaboraci\u00f3n de dulce de leche por m\u00e9todo de pailas. Etapas, par\u00e1metros, controles. Manejo del proceso. Modificaciones que ocurren. Cambios en la concentraci\u00f3n y en el color. Reacciones de Maillard<\/span><\/p>\n<p><span style=\"color: #000000\"><strong>\u00a0<\/strong><strong>M\u00f3dulo 3: Otras alternativas de sistemas de elaboraci\u00f3n y de tipos de dulce de leche. <\/strong><\/span><\/p>\n<p><span style=\"color: #000000\">Sistema combinado y continuo de elaboraci\u00f3n. Caracter\u00edsticas de cada uno. Par\u00e1metros. Variables a manejar.<\/span><\/p>\n<p><span style=\"color: #000000\">Otros tipos de dulce de leche: repostero, heladero, con agregados, bajas calor\u00edas. Caracter\u00edsticas generales de la mezcla y del proceso.<\/span><\/p>\n<p><span style=\"color: #000000\">Desviaciones en la calidad del dulce de leche. Posibles causas<\/span><\/p>\n<p><span style=\"color: #000000\"><strong>M\u00f3dulo 4: <\/strong>Trabajo de acreditaci\u00f3n del curso.<\/span><\/p>\n<h4><span style=\"color: #000000\">Modalidad:\u00a0<\/span><\/h4>\n<p><span style=\"color: #000000\"><strong>On-line:<\/strong>\u00a0el curso se realizar\u00e1 en modalidad E-learning.<\/span><\/p>\n<p><span style=\"color: #000000\"><strong>Aula virtual:<\/strong>\u00a0Se trabajar\u00e1 en una plataforma Web especialmente dise\u00f1ada para el curso (aula y plataforma virtual), donde se podr\u00e1 acceder a los documentos, videos, link de inter\u00e9s y se facilitar\u00e1 la interacci\u00f3n con los docentes y el resto de los participantes al curso.<\/span><br \/>\n<span style=\"color: #000000\"><strong>Foro:<\/strong>\u00a0Se desarrollar\u00e1 un foro en la plataforma para fomentar el contacto entre los participantes y los docentes, habilitado para consultas de los participantes y para que los docentes dejen consignas para trabajar y debatir en conjunto.<\/span><br \/>\n<span style=\"color: #000000\"><strong>Docentes:<\/strong>\u00a0Los docentes estar\u00e1n disponibles para responder dudas y consultas de los participantes y para ampliar contenidos de inter\u00e9s de los participantes.<\/span><br \/>\n<span style=\"color: #000000\"><strong>Horarios:<\/strong>\u00a0El curso es en modalidad asincr\u00f3nica, el participante puede acceder en los horarios que mejor le convenga, siempre respetando la cronolog\u00eda del curso.<\/span><br \/>\n<span style=\"color: #000000\"><strong>Evaluaciones:<\/strong>\u00a0En el curso se har\u00e1 una evaluaci\u00f3n final obligatoria para la aprobaci\u00f3n del mismo.<\/span><br \/>\n<span style=\"color: #000000\"><strong>Dedicaci\u00f3n:<\/strong>\u00a0Cada participante deber\u00e1 destinar un m\u00e1ximo de 6 horas de trabajo por semana de curso y el curso est\u00e1 conformado de un programa de 4 semanas.<\/span><\/p>\n<h4><span style=\"color: #000000\"><strong>\u00a0<\/strong><strong>Docentes:<\/strong><\/span><\/h4>\n<p><span style=\"color: #000000\">Mg. Hern\u00e1n Allasia<a href=\"https:\/\/fepale.org\/capacitacion\/wp-content\/uploads\/2020\/06\/C.V-Hern\u00e1n-Ram\u00f3n-Allasia.pdf\">C.V-Hern\u00e1n-Ram\u00f3n-Allasia<\/a><\/span><\/p>\n<p><span style=\"color: #000000\">Ing. Marcelo Bonino <a href=\"https:\/\/fepale.org\/capacitacion\/wp-content\/uploads\/2020\/06\/C.V.-Marcelo-Fabi\u00e1n-Bonino.pdf\">C.V. Marcelo Fabi\u00e1n Bonino<\/a><\/span><\/p>\n<p><span style=\"color: #000000\">Lic. Fabi\u00e1n Habegger <a href=\"https:\/\/fepale.org\/capacitacion\/wp-content\/uploads\/2020\/06\/C.V.-Fabi\u00e1n-Ram\u00f3n-Habegger.pdf\">C.V. Fabi\u00e1n Ram\u00f3n Habegger<\/a><\/span><\/p>\n<p><span style=\"color: #000000\">Ing. Julieta Rizzi<a href=\"https:\/\/fepale.org\/capacitacion\/wp-content\/uploads\/2020\/06\/C.V-Julieta-Andrea-Rizzi.pdf\">C.V-Julieta-Andrea-Rizzi<\/a><\/span><\/p>\n<h4><span style=\"color: #000000\"><strong>\u00a0<\/strong><strong>Certificaci\u00f3n:<\/strong><\/span><\/h4>\n<p><span style=\"color: #000000\">Aquel participante que apruebe las instancias de evaluaci\u00f3n de las distintas unidades recibir\u00e1:<\/span><\/p>\n<ul>\n<li><span style=\"color: #000000\">Certificado de Participaci\u00f3n y Aprobaci\u00f3n.<\/span><\/li>\n<li><span style=\"color: #000000\">Constancia de Programa cumplido en el curso.<\/span><\/li>\n<li><span style=\"color: #000000\">El certificado del curso es emitido por el Instituto Panamericano de Capacitaci\u00f3n para el Sector L\u00e1cteo de FEPALE y por la ESIL.<\/span><\/li>\n<\/ul>\n<h4><span style=\"color: #000000\"><strong>Costos:<\/strong><\/span><\/h4>\n<p><span style=\"color: #000000\">Costo del Curso\u00a0<strong>USD 120<\/strong><\/span><\/p>\n<p><span style=\"color: #000000\">Costo Socios de FEPALE\u00a0<strong>USD 90<\/strong><\/span><\/p>\n<h3><\/h3>\n<h3 style=\"text-align: center\"><a href=\"https:\/\/forms.gle\/TiP2kkdHgRj5CoGU6\" target=\"_blank\" rel=\"noopener noreferrer\"><span style=\"color: #000000\"><strong>FORMULARIO DE INSCRIPCI\u00d3N AQU\u00cd<\/strong><\/span><\/a><\/h3>\n<p>&nbsp;<\/p>\n<p style=\"text-align: right\"><span style=\"color: #000000\"><strong>POR CONSULTAS:<\/strong><\/span><\/p>\n<p style=\"text-align: right\"><span style=\"color: #000000\"> <strong>Elena Sierra \u2013 \u00c1rea de Capacitaci\u00f3n \u2013 FEPALE<\/strong><\/span><br \/>\n<span style=\"color: #000000\"><strong>infocapacita@fepale.org\/www.fepale.org<\/strong><\/span><\/p>\n","protected":false},"excerpt":{"rendered":"<p><strong>Organizan:<\/strong><\/p>\n<p><img loading=\"lazy\" decoding=\"async\" class=\"alignnone wp-image-2881\" src=\"https:\/\/fepale.org\/capacitacion\/wp-content\/uploads\/2019\/02\/fepale_esil.fw_-300x107.png\" alt=\"\" width=\"218\" height=\"78\" srcset=\"https:\/\/fepale.org\/capacitacion\/wp-content\/uploads\/2019\/02\/fepale_esil.fw_-300x107.png 300w, https:\/\/fepale.org\/capacitacion\/wp-content\/uploads\/2019\/02\/fepale_esil.fw_.png 542w\" sizes=\"auto, (max-width: 218px) 100vw, 218px\" \/><\/p>\n","protected":false},"featured_media":3987,"template":"","meta":[],"pwb-brand":[],"product_brand":[],"product_cat":[101],"product_tag":[],"class_list":{"0":"post-4915","1":"product","2":"type-product","3":"status-publish","4":"has-post-thumbnail","6":"product_cat-101","8":"first","9":"instock","10":"shipping-taxable","11":"product-type-simple"},"brands":[],"_links":{"self":[{"href":"https:\/\/fepale.org\/capacitacion\/wp-json\/wp\/v2\/product\/4915","targetHints":{"allow":["GET"]}}],"collection":[{"href":"https:\/\/fepale.org\/capacitacion\/wp-json\/wp\/v2\/product"}],"about":[{"href":"https:\/\/fepale.org\/capacitacion\/wp-json\/wp\/v2\/types\/product"}],"wp:featuredmedia":[{"embeddable":true,"href":"https:\/\/fepale.org\/capacitacion\/wp-json\/wp\/v2\/media\/3987"}],"wp:attachment":[{"href":"https:\/\/fepale.org\/capacitacion\/wp-json\/wp\/v2\/media?parent=4915"}],"wp:term":[{"taxonomy":"pwb-brand","embeddable":true,"href":"https:\/\/fepale.org\/capacitacion\/wp-json\/wp\/v2\/pwb-brand?post=4915"},{"taxonomy":"product_brand","embeddable":true,"href":"https:\/\/fepale.org\/capacitacion\/wp-json\/wp\/v2\/product_brand?post=4915"},{"taxonomy":"product_cat","embeddable":true,"href":"https:\/\/fepale.org\/capacitacion\/wp-json\/wp\/v2\/product_cat?post=4915"},{"taxonomy":"product_tag","embeddable":true,"href":"https:\/\/fepale.org\/capacitacion\/wp-json\/wp\/v2\/product_tag?post=4915"}],"curies":[{"name":"wp","href":"https:\/\/api.w.org\/{rel}","templated":true}]}}