{"id":4457,"date":"2022-12-13T15:15:44","date_gmt":"2022-12-13T18:15:44","guid":{"rendered":"https:\/\/fepale.org\/capacitacion\/?post_type=product&#038;p=4457"},"modified":"2023-12-13T13:53:47","modified_gmt":"2023-12-13T16:53:47","slug":"curso-sobre-tecnologia-de-quesos-danbo-queso-semiduro-de-pasta-lavada-inicio-10-de-julio-2023","status":"publish","type":"product","link":"https:\/\/fepale.org\/capacitacion\/producto\/curso-sobre-tecnologia-de-quesos-danbo-queso-semiduro-de-pasta-lavada-inicio-10-de-julio-2023\/","title":{"rendered":"Curso sobre Tecnolog\u00eda de Quesos Danbo (Queso de pasta semidura y lavada). Inicio 10 de julio 2023"},"content":{"rendered":"<p>El Instituto de Capacitaci\u00f3n para el Sector L\u00e1cteo de FEPALE, convoca e invita a participar en el <strong>Curso sobre Tecnolog\u00eda de Queso Danbo (Queso de pasta semidura y lavada).<\/strong><\/p>\n<p><strong>Inicio 10 de julio 2023<\/strong><\/p>\n<p><strong>Organiza:<\/strong><\/p>\n<p><img loading=\"lazy\" decoding=\"async\" class=\"alignnone size-medium wp-image-4274\" src=\"https:\/\/fepale.org\/capacitacion\/wp-content\/uploads\/2022\/05\/cropped-logosFEPALE-INSTITUTO-300x73.png\" alt=\"\" width=\"300\" height=\"73\" srcset=\"https:\/\/fepale.org\/capacitacion\/wp-content\/uploads\/2022\/05\/cropped-logosFEPALE-INSTITUTO-300x73.png 300w, https:\/\/fepale.org\/capacitacion\/wp-content\/uploads\/2022\/05\/cropped-logosFEPALE-INSTITUTO-600x146.png 600w, https:\/\/fepale.org\/capacitacion\/wp-content\/uploads\/2022\/05\/cropped-logosFEPALE-INSTITUTO-1024x249.png 1024w, https:\/\/fepale.org\/capacitacion\/wp-content\/uploads\/2022\/05\/cropped-logosFEPALE-INSTITUTO-768x187.png 768w, https:\/\/fepale.org\/capacitacion\/wp-content\/uploads\/2022\/05\/cropped-logosFEPALE-INSTITUTO-1536x373.png 1536w, https:\/\/fepale.org\/capacitacion\/wp-content\/uploads\/2022\/05\/cropped-logosFEPALE-INSTITUTO-1080x262.png 1080w, https:\/\/fepale.org\/capacitacion\/wp-content\/uploads\/2022\/05\/cropped-logosFEPALE-INSTITUTO.png 1791w\" sizes=\"auto, (max-width: 300px) 100vw, 300px\" \/><\/p>\n<h4>Modulo 1.<\/h4>\n<p><strong>Docente: Gabriela Lans<\/strong><\/p>\n<ul>\n<li>Cultivos l\u00e1cticos y cuajos \/ coagulantes Funciones, clasificaci\u00f3n y caracter\u00edsticas. Elecci\u00f3n correcta y dosificaci\u00f3n del cultivo.<\/li>\n<li>Definici\u00f3n y tipos de coagulantes. Presentaciones y poder coagulante. Aplicaci\u00f3n y elecci\u00f3n seg\u00fan queso a elaborar. Factores que influyen en la coagulaci\u00f3n.<\/li>\n<li>Elecci\u00f3n de cultivo y coagulante para queso Danbo.<\/li>\n<\/ul>\n<h4>Modulo 2.<\/h4>\n<p><strong>Docente: Rodrigo Irigoyt\u00eda<\/strong><\/p>\n<ul>\n<li>Elaboraci\u00f3n y maduraci\u00f3n de quesos en general. Metodolog\u00eda de elaboraci\u00f3n de quesos. Par\u00e1metros y controles a tener en cuenta. Salaz\u00f3n, diferentes m\u00e9todos de salar. Manejo de salmuera: Maduraci\u00f3n de quesos. Acondicionamiento para la venta. Trazabilidad.<\/li>\n<li>Metodolog\u00eda de elaboraci\u00f3n y maduraci\u00f3n de queso Danbo.<\/li>\n<\/ul>\n<h4>M\u00f3dulo 3.<\/h4>\n<p><strong>Docente: Sergio Borbonet<\/strong><\/p>\n<ul>\n<li>Caracter\u00edsticas sensoriales, qu\u00edmicas y microbiol\u00f3gicas del queso Danbo.<\/li>\n<li>Propiedad funcional del queso Danbo.<\/li>\n<li>Defectos en queso Danbo, defectos qu\u00edmicos, mec\u00e1nicos y biol\u00f3gicos. Causas, prevenci\u00f3n y liberaci\u00f3n al mercado.<\/li>\n<\/ul>\n<p><strong>Cuarta semana de Evaluaci\u00f3n Final Obligatoria.<\/strong><\/p>\n<h4>Modalidad<\/h4>\n<p><strong>On-line:<\/strong>\u00a0el curso se realizar\u00e1 en modalidad E-learning.<\/p>\n<p><strong>Aula virtual:<\/strong>\u00a0Se trabajar\u00e1 en una plataforma Web especialmente dise\u00f1ada para el curso (aula y plataforma virtual), donde se podr\u00e1 acceder a los documentos, videos, link de inter\u00e9s y se facilitar\u00e1 la interacci\u00f3n con los docentes y el resto de los participantes al curso.<\/p>\n<p><strong>Foro:\u00a0<\/strong>Se desarrollar\u00e1 un foro en la plataforma para fomentar el contacto entre los participantes y los docentes, habilitado para consultas de los participantes y para que los docentes dejen consignas para trabajar y debatir en conjunto.<\/p>\n<p><strong>Equipo de docentes:<\/strong>\u00a0Los tutores estar\u00e1n disponible para responder dudas y consultas de los participantes y para ampliar contenidos de inter\u00e9s de los participantes.<\/p>\n<p><strong>Horarios<\/strong>:\u00a0El curso es en modalidad asincr\u00f3nica, el participante puede acceder en los horarios que mejor le convenga, siempre respetando la cronolog\u00eda del curso.<\/p>\n<p><strong>Evaluaciones:\u00a0<\/strong>En el curso se har\u00e1 una evaluaci\u00f3n Final en formato M\u00faltiple Opci\u00f3n.<\/p>\n<p><strong>Dedicaci\u00f3n<\/strong>: Cada participante deber\u00e1 destinar un m\u00e1ximo de 6 horas de trabajo por semana de curso y el curso est\u00e1 conformado de un programa de 4 semanas.<\/p>\n<h4>Equipo Docente<\/h4>\n<p><strong>Gabriela Lans<\/strong><u>.<\/u><\/p>\n<p>T\u00e9cnica en Lecher\u00eda, egresada en el a\u00f1o 2000 de la Escuela Superior de Lecher\u00eda de Colonia Suiza.<br \/>\nDel 2000 al 2008: desempe\u00f1\u00f3 varias funciones en diferentes industrias l\u00e1cteas principalmente queseras de la zona.<br \/>\nDel 2008 al 2013: estuvo vinculada al \u00e1rea comercial asesorando a diferentes empresas (industrias y queser\u00edas artesanales).<br \/>\nHa participado como jurado en distintos concursos de quesos nacionales e internacionales.<br \/>\nParticipaci\u00f3n activa desde hace m\u00e1s de 10 a\u00f1os en la direcci\u00f3n de la Asociaci\u00f3n Uruguaya de T\u00e9cnicos en lecher\u00eda (AUTEL)<br \/>\nDel 2018 a 2020. Integra el Equipo T\u00e9cnico Central del Acuerdo Interinstitucional para el desarrollo de la queser\u00eda Artesanal. El Acuerdo lo integran m\u00e1s de 350 productores queseros artesanales en los departamentos de San Jos\u00e9, Colonia, Soriano, Flores, Canelones y Florida.<\/p>\n<p>Desde marzo a la fecha se desempe\u00f1a como Asesor t\u00e9cnico comercial en Latinoam\u00e9rica para la empresa italiana productora de\u00a0 cultivos l\u00e1cticos, cuajos y enzimas: Sacco System.<\/p>\n<p><u><br \/>\n<\/u><strong>Rodrigo Jos\u00e9 Irigoyt\u00eda Errecarte.<\/strong><u><br \/>\n<\/u>Licenciado en Ciencia y Tecnolog\u00eda de L\u00e1cteos, egresado de UTEC (Universidad Tecnol\u00f3gica).<br \/>\nT\u00e9cnico en Industrias L\u00e1cteas, egresado de la Escuela Superior de Lecher\u00eda de Colonia Suiza.<br \/>\n11 a\u00f1os de experiencia en el rubro, trabajando en la gran industria, as\u00ed como asesorando a pymes L\u00e1cteas.<br \/>\nActualmente desempe\u00f1ando tareas como Referente de Industrias L\u00e1cteas y docente te\u00f3rico-pr\u00e1ctico en Escuela Superior de Lecher\u00eda de Colonia Suiza, dependencia de UTU.<\/p>\n<p><strong>Sergio Luis Borbonet Legnani.<\/strong><\/p>\n<p class=\"v1MsoNormal\"><span lang=\"es-419\">Es T\u00e9cnico en Lecher\u00eda egresado de la Escuela de Lecher\u00eda de Colonia Suiza, Uruguay<\/span><\/p>\n<p class=\"v1MsoNormal\"><span lang=\"es-419\">Entre 1975 y 1978 se desempe\u00f1\u00f3 laboralmente en CONAPROLE, ese mismo a\u00f1o y hasta el 2013\u00a0 desempe\u00f1\u00f3 sus funciones\u00a0 en el Laboratorio Tecnol\u00f3gico del Uruguay, LATU, retir\u00e1ndose como Consultor Senior en L\u00e1cteos e integrante del Equipo de Inocuidad de la Gerencia de Proyectos Alimentarios y de la Gerencia de Consultor\u00edas.<\/span><\/p>\n<p class=\"v1MsoNormal\"><span lang=\"es-419\">En 1983 fund\u00f3 la Asociaci\u00f3n Uruguaya de T\u00e9cnicos en Lecher\u00eda, AUTEL, de la cual fue socio fundador y primer Presidente, cargo que ocup\u00f3 en varios per\u00edodos.<\/span><\/p>\n<p class=\"v1MsoNormal\"><span lang=\"es-419\">Fue fundador de la Federaci\u00f3n Panamericana de Lecher\u00eda \u2013 FEPALE y de la Sociedad Uruguaya de Ciencia y Tecnolog\u00eda de Alimentos \u2013 SUCTAL.<\/span><\/p>\n<p class=\"v1MsoNormal\"><span lang=\"es-419\">Ha dictado cursos, talleres y conferencias en Argentina, Brasil, Chile, Colombia, Costa Rica, Cuba, Ecuador, Espa\u00f1a, Guatemala, M\u00e9xico, Nicaragua, Panam\u00e1, Paraguay, Per\u00fa, Venezuela, Rep\u00fablica Dominicana y Uruguay.<\/span><\/p>\n<p class=\"v1MsoNormal\"><span lang=\"es-419\">Ha sido integrante y\/o Coordinador de Jurados en\u00a0 Concursos de Quesos en Uruguay (ADE, SUCC y LATU), Argentina (ExpoSuipacha, Mercol\u00e1ctea, Villa Mar\u00eda, Tandil y Totoras), Brasil (Carlos Barbosa, R\u00edo Grande del Sur \/AGL), Rep\u00fablica Dominicana: (CONALECHE), Per\u00fa (Perul\u00e1ctea) y Ecuador (CIL).<\/span><\/p>\n<p class=\"v1MsoNormal\"><span lang=\"es-419\">En el 2001 escribi\u00f3 el libro Historia de la Queser\u00eda en Uruguay, en el 2011, junto a otros escritores de Am\u00e9rica, escribi\u00f3 Quesos de Am\u00e9rica del Sur (recibi\u00f3 el premio al Mejor Libro de Quesos del Mundo en el XVII Gourmand World Cookbook Awards), en 2015 realiz\u00f3 el lanzamiento del libro \u201cPor las huellas del Queso\u201d, libro que cuenta con el apoyo de la Embajada de Suiza en Uruguay.<\/span><\/p>\n<h4>Certificaci\u00f3n<\/h4>\n<p>Aquel participante que apruebe las instancias de evaluaci\u00f3n de los distintos M\u00f3dulos recibir\u00e1:<br \/>\n\u2013 Certificado de Participaci\u00f3n y Aprobaci\u00f3n<br \/>\n\u2013 El certificado del curso es emitido por el Instituto Panamericano de Capacitaci\u00f3n para el Sector L\u00e1cteo de FEPALE.<\/p>\n<h4>Costos<\/h4>\n<p>El costo del curso es de\u00a0<strong>USD 120<\/strong><\/p>\n<p>Socios de FEPALE<strong>\u00a020% de DESCUENTO.<\/strong><\/p>\n<p style=\"text-align: center\"><a href=\"https:\/\/forms.gle\/5UD4XuarZyuyiBXY6\" target=\"_blank\" rel=\"noopener\"><strong>FORMULARIO DE INSCRIPCI\u00d3N<\/strong><\/a><\/p>\n<p style=\"text-align: right\"><strong>POR CONSULTAS:<\/strong><br \/>\n<strong>Elena Sierra \u2013 \u00c1rea de Capacitaci\u00f3n \u2013 FEPALE<\/strong><br \/>\n<strong>infocapacita@fepale.org\/www.fepale.org\u00a0<\/strong><\/p>\n","protected":false},"excerpt":{"rendered":"<p>El Instituto de Capacitaci\u00f3n para el Sector L\u00e1cteo de FEPALE, convoca e invita a participar en el Curso sobre Tecnolog\u00eda de Queso Danbo (Queso de pasta semidura y lavada). Inicio 10 de julio 2023 Organiza: Modulo 1. Docente: Gabriela Lans Cultivos l\u00e1cticos y cuajos \/ coagulantes Funciones, clasificaci\u00f3n y caracter\u00edsticas. Elecci\u00f3n correcta y dosificaci\u00f3n del [&hellip;]<\/p>\n","protected":false},"featured_media":4526,"template":"","meta":[],"pwb-brand":[],"product_brand":[],"product_cat":[100],"product_tag":[],"class_list":{"0":"post-4457","1":"product","2":"type-product","3":"status-publish","4":"has-post-thumbnail","6":"product_cat-100","8":"first","9":"instock","10":"shipping-taxable","11":"product-type-simple"},"brands":[],"_links":{"self":[{"href":"https:\/\/fepale.org\/capacitacion\/wp-json\/wp\/v2\/product\/4457","targetHints":{"allow":["GET"]}}],"collection":[{"href":"https:\/\/fepale.org\/capacitacion\/wp-json\/wp\/v2\/product"}],"about":[{"href":"https:\/\/fepale.org\/capacitacion\/wp-json\/wp\/v2\/types\/product"}],"wp:featuredmedia":[{"embeddable":true,"href":"https:\/\/fepale.org\/capacitacion\/wp-json\/wp\/v2\/media\/4526"}],"wp:attachment":[{"href":"https:\/\/fepale.org\/capacitacion\/wp-json\/wp\/v2\/media?parent=4457"}],"wp:term":[{"taxonomy":"pwb-brand","embeddable":true,"href":"https:\/\/fepale.org\/capacitacion\/wp-json\/wp\/v2\/pwb-brand?post=4457"},{"taxonomy":"product_brand","embeddable":true,"href":"https:\/\/fepale.org\/capacitacion\/wp-json\/wp\/v2\/product_brand?post=4457"},{"taxonomy":"product_cat","embeddable":true,"href":"https:\/\/fepale.org\/capacitacion\/wp-json\/wp\/v2\/product_cat?post=4457"},{"taxonomy":"product_tag","embeddable":true,"href":"https:\/\/fepale.org\/capacitacion\/wp-json\/wp\/v2\/product_tag?post=4457"}],"curies":[{"name":"wp","href":"https:\/\/api.w.org\/{rel}","templated":true}]}}