{"id":4172,"date":"2022-08-19T14:12:41","date_gmt":"2022-08-19T17:12:41","guid":{"rendered":"https:\/\/fepale.org\/capacitacion\/?post_type=product&#038;p=4172"},"modified":"2022-12-21T13:32:42","modified_gmt":"2022-12-21T16:32:42","slug":"vida-util-de-productos-lacteos-inicio-10-de-octubre-2022","status":"publish","type":"product","link":"https:\/\/fepale.org\/capacitacion\/producto\/vida-util-de-productos-lacteos-inicio-10-de-octubre-2022\/","title":{"rendered":"Vida \u00datil de Productos L\u00e1cteos &#8211; Inicio 10 de octubre 2022"},"content":{"rendered":"<h4>INFORMACI\u00d3N:<\/h4>\n<p>Definir la\u00a0 vida \u00fatil de un alimento es vital tanto para los consumidores como para las empresas del sector l\u00e1cteo. Los riesgos asociados a una asignaci\u00f3n err\u00f3nea incluyen deterioro, reclamaciones y retiradas (recall) del producto, p\u00e9rdidas econ\u00f3micas y deterioro de la imagen de marca. Existen estudios anal\u00edticos fisicoqu\u00edmicos, microbiol\u00f3gicos y sensoriales que permiten el establecimiento de la vida \u00fatil de los alimentos con fines comerciales y legales de acuerdo a normativas nacionales e internacionales. La realizaci\u00f3n de estos estudios es necesaria tanto para las autoridades sanitarias, como para las empresas, ya que permite establecer el intervalo de comercializaci\u00f3n m\u00e1ximo para el producto y genera adem\u00e1s informaci\u00f3n sobre el mismo que es de inter\u00e9s para la misma.<\/p>\n<h4>OBJETIVO:<\/h4>\n<p>Que cada participante al finalizar el curso adquiera la capacidad de conocer e implementar\u00a0 m\u00e9todos de determinaci\u00f3n y predicci\u00f3n de vida \u00fatil de productos alimentarios identificando los tipos de deterioro. Conocer las herramientas para determinar la vida \u00fatil de un producto alimenticio desde el punto de vista fisicoqu\u00edmico, microbiol\u00f3gico y sensorial.<\/p>\n<h4>MODALIDAD:<\/h4>\n<p><strong>On-line: <\/strong>El curso se realizar\u00e1 en modalidad E-learning. Es un <strong>curso a distancia te\u00f3rico<\/strong>, con una clase de <strong>1 hora (aproximadamente) semanal y trabajo para desarrollar durante la semana.<\/strong><\/p>\n<p><strong>Aula virtual:<\/strong> Se trabajar\u00e1 en una <strong>plataforma Web especialmente dise\u00f1ada para los cursos<\/strong> (aula y plataforma virtual). Se propone una clase semanal grabada de 1 hora aproximada de duraci\u00f3n. Se incluir\u00e1 junto con cada clase material de lectura y ejercicios que los alumnos deber\u00e1n ejecutar durante la semana y discutir con los docentes en los foros.<\/p>\n<p>Se realizar\u00e1n <strong>2 Webinar<\/strong>, el primero despu\u00e9s de las <strong>3er semana<\/strong> y el segundo al final de la <strong>6ta semana<\/strong>, el horario de los webinar ser\u00e1n coordinados con una semana de antelaci\u00f3n e informados por el foro del curso.<\/p>\n<p><strong>Foro:\u00a0<\/strong>Se desarrollar\u00e1 un foro en la plataforma para fomentar el contacto entre los participantes y las docentes, habilitado para consultas de los participantes y para que las docentes dejen consignas para trabajar y debatir en conjunto en forma asincr\u00f3nica.<\/p>\n<p><strong>Docentes:<\/strong> Las tutoras docente estar\u00e1n disponible para responder dudas y consultas de los participantes y para ampliar contenidos de inter\u00e9s de los participantes a trav\u00e9s del foro y en los webinars.<\/p>\n<p><strong>Horarios:\u00a0<\/strong>Los cursos son en <strong>modalidad asincr\u00f3nica<\/strong>, el participante puede acceder en los horarios que mejor le convenga, siempre respetando la cronolog\u00eda de los cursos.<\/p>\n<p><strong>Evaluaci\u00f3n final:<\/strong>\u00a0al finalizar el Curso se har\u00e1 una <strong>evaluaci\u00f3n final obligatoria<\/strong> para la aprobaci\u00f3n del mismo.<\/p>\n<p><strong>Dedicaci\u00f3n:\u00a0<\/strong>Cada participante deber\u00e1 destinar un m\u00e1ximo de <strong>6 horas de trabajo por semana de curso<\/strong>.<\/p>\n<p><strong>Duraci\u00f3n:<\/strong> 7 semanas (6 clases y 1 semana para evaluaci\u00f3n final)<\/p>\n<h4>PROGRAMA:<\/h4>\n<p><strong>Semana 1.<\/strong> Introducci\u00f3n a la vida \u00fatil (VU) de productos l\u00e1cteos. Definiciones. Factores intr\u00ednsecos y extr\u00ednsecos que afectan la vida \u00fatil. Cambios f\u00edsicos, qu\u00edmicos y microbiol\u00f3gicos. Principales indicadores de deterioro de productos l\u00e1cteos. Atributos cr\u00edticos. Vida \u00fatil acelerada.<\/p>\n<p><strong>Semana 2.<\/strong> Vida \u00fatil desde el punto de vista microbiol\u00f3gico.\u00a0Microorganismos asociados a la determinaci\u00f3n de vida \u00fatil de productos l\u00e1cteos desde el punto de vista microbiol\u00f3gico.\u00a0Caracter\u00edsticas de los microorganismos. Niveles m\u00e1ximos.<\/p>\n<p><strong>Semana 3.<\/strong> Microbiolog\u00eda predictiva, Pasos para el desarrollo del modelo. Desaf\u00edo microbiol\u00f3gico: introducci\u00f3n, selecci\u00f3n del microorganismo, concentraci\u00f3n del in\u00f3culo, m\u00e9todo de inoculaci\u00f3n, duraci\u00f3n del estudio, frecuencia de muestreo, condiciones de ensayo, an\u00e1lisis de resultados. Riesgos microbiol\u00f3gicos asociados a los productos l\u00e1cteos.<\/p>\n<p><strong>WEBINAR<\/strong><\/p>\n<p><strong>Semana 4.<\/strong> Introducci\u00f3n al an\u00e1lisis sensorial de alimentos. M\u00e9todos sensoriales anal\u00edticos para determinaci\u00f3n de vida \u00fatil de productos l\u00e1cteos. Pruebas discriminativas, pruebas de diferencia con un control, escalas de intensidad, escalas de calidad.<\/p>\n<p><strong>Semana 5.<\/strong> M\u00e9todos sensoriales afectivos para determinaci\u00f3n de vida \u00fatil de productos l\u00e1cteos. Pruebas de aceptabilidad con escalas hed\u00f3nicas. Selecci\u00f3n de los consumidores para estudios de VU. L\u00edmite de aceptabilidad vs primera diferencia significativa.<\/p>\n<p><strong>Semana 6.<\/strong> Dise\u00f1os experimentales para determinaci\u00f3n de vida \u00fatil de productos l\u00e1cteos. Selecci\u00f3n de condiciones de ensayo, determinaci\u00f3n de duraci\u00f3n del estudio, selecci\u00f3n de tiempos de muestreo, selecci\u00f3n de descriptores cr\u00edticos, selecci\u00f3n del dise\u00f1o experimental (dise\u00f1o b\u00e1sico vs dise\u00f1o inverso), selecci\u00f3n del criterio de falla.<\/p>\n<p><strong>WEBINAR<\/strong><\/p>\n<p><strong>Semana 7. Prueba final<\/strong><\/p>\n<h4>DOCENTES:<\/h4>\n<p><strong>ADRIANA G\u00c1MBARO.<\/strong> Doctora en Qu\u00edmica. Especialista en An\u00e1lisis Sensorial. Profesor Titular (Grado 5) del Departamento de Ciencia y Tecnolog\u00eda de Alimentos y Directora del \u00c1rea de Evaluaci\u00f3n Sensorial de la Facultad de Qu\u00edmica de la Universidad de la Rep\u00fablica (Uruguay). Con m\u00e1s de 25 a\u00f1os de experiencia en docencia, direcci\u00f3n de proyectos de investigaci\u00f3n y asesoramiento a la industria alimentaria.<\/p>\n<p><strong>GABRIELA GARMENDIA.<\/strong> Doctora en Qu\u00edmica. Ingeniera alimentaria. Profesor Adjunto del \u00c1rea Microbiolog\u00eda del Departamento de Biociencias de la Facultad de<br \/>\nQu\u00edmica de la Universidad de la Rep\u00fablica (Uruguay). Responsable de diversos cursos de Microbiolog\u00eda, tanto a nivel de grado como de posgrado. Investigadora en el \u00e1rea de microbiolog\u00eda de alimentos.<\/p>\n<h4>CERTIFICACI\u00d3N:<\/h4>\n<p><u>Aquel participante que apruebe las instancias de evaluaci\u00f3n recibir\u00e1:<\/u><\/p>\n<p>\u2013 Certificado de Participaci\u00f3n y Aprobaci\u00f3n emitido por FEPALE, en formato PDF y enviado a su correo electr\u00f3nico.<\/p>\n<h4>COSTOS:<\/h4>\n<p>Costo del curso es de <strong>USD 150<\/strong><\/p>\n<p>Costo para SOCIOS de FEPALE <strong>USD 120<\/strong><\/p>\n<p>&nbsp;<\/p>\n<p style=\"text-align: center\"><a href=\"https:\/\/forms.gle\/LkK4enb8GvfQqJkF9\" target=\"_blank\" rel=\"noopener\"><strong>FORMULARIO DE INSCRIPCI\u00d3N AQU\u00cd\u00a0<\/strong><\/a><\/p>\n","protected":false},"excerpt":{"rendered":"<p>El Instituto de Capacitaci\u00f3n para el Sector L\u00e1cteo de FEPALE, convoca e invita a participar el Curso Internacional a Distancia sobre Vida \u00datil de Productos L\u00e1cteos<\/p>\n<p><strong>Inicio 10 de octubre 2022<\/strong><\/p>\n<p><strong>Organiza:\u00a0<\/strong><\/p>\n<p><img loading=\"lazy\" decoding=\"async\" class=\"alignnone size-medium wp-image-4115\" src=\"https:\/\/fepale.org\/capacitacion\/wp-content\/uploads\/2022\/05\/logosFEPALE-INSTITUTO-300x73.png\" alt=\"\" width=\"300\" height=\"73\" srcset=\"https:\/\/fepale.org\/capacitacion\/wp-content\/uploads\/2022\/05\/logosFEPALE-INSTITUTO-300x73.png 300w, https:\/\/fepale.org\/capacitacion\/wp-content\/uploads\/2022\/05\/logosFEPALE-INSTITUTO-600x146.png 600w, https:\/\/fepale.org\/capacitacion\/wp-content\/uploads\/2022\/05\/logosFEPALE-INSTITUTO-1024x249.png 1024w, https:\/\/fepale.org\/capacitacion\/wp-content\/uploads\/2022\/05\/logosFEPALE-INSTITUTO-768x187.png 768w, https:\/\/fepale.org\/capacitacion\/wp-content\/uploads\/2022\/05\/logosFEPALE-INSTITUTO-1536x373.png 1536w, https:\/\/fepale.org\/capacitacion\/wp-content\/uploads\/2022\/05\/logosFEPALE-INSTITUTO-1080x262.png 1080w, https:\/\/fepale.org\/capacitacion\/wp-content\/uploads\/2022\/05\/logosFEPALE-INSTITUTO.png 1791w\" sizes=\"auto, (max-width: 300px) 100vw, 300px\" \/><\/p>\n<p>&nbsp;<\/p>\n","protected":false},"featured_media":4173,"template":"","meta":[],"pwb-brand":[],"product_brand":[],"product_cat":[99],"product_tag":[],"class_list":{"0":"post-4172","1":"product","2":"type-product","3":"status-publish","4":"has-post-thumbnail","6":"product_cat-99","8":"first","9":"instock","10":"shipping-taxable","11":"product-type-simple"},"brands":[],"_links":{"self":[{"href":"https:\/\/fepale.org\/capacitacion\/wp-json\/wp\/v2\/product\/4172","targetHints":{"allow":["GET"]}}],"collection":[{"href":"https:\/\/fepale.org\/capacitacion\/wp-json\/wp\/v2\/product"}],"about":[{"href":"https:\/\/fepale.org\/capacitacion\/wp-json\/wp\/v2\/types\/product"}],"wp:featuredmedia":[{"embeddable":true,"href":"https:\/\/fepale.org\/capacitacion\/wp-json\/wp\/v2\/media\/4173"}],"wp:attachment":[{"href":"https:\/\/fepale.org\/capacitacion\/wp-json\/wp\/v2\/media?parent=4172"}],"wp:term":[{"taxonomy":"pwb-brand","embeddable":true,"href":"https:\/\/fepale.org\/capacitacion\/wp-json\/wp\/v2\/pwb-brand?post=4172"},{"taxonomy":"product_brand","embeddable":true,"href":"https:\/\/fepale.org\/capacitacion\/wp-json\/wp\/v2\/product_brand?post=4172"},{"taxonomy":"product_cat","embeddable":true,"href":"https:\/\/fepale.org\/capacitacion\/wp-json\/wp\/v2\/product_cat?post=4172"},{"taxonomy":"product_tag","embeddable":true,"href":"https:\/\/fepale.org\/capacitacion\/wp-json\/wp\/v2\/product_tag?post=4172"}],"curies":[{"name":"wp","href":"https:\/\/api.w.org\/{rel}","templated":true}]}}