{"id":3994,"date":"2021-12-14T15:13:55","date_gmt":"2021-12-14T18:13:55","guid":{"rendered":"https:\/\/fepale.org\/capacitacion\/?post_type=product&#038;p=3994"},"modified":"2022-04-12T11:13:04","modified_gmt":"2022-04-12T14:13:04","slug":"talleres-de-implementacion-de-practicas-en-sistemas-de-produccion-pastoriles-inicio-18-de-abril-2022","status":"publish","type":"product","link":"https:\/\/fepale.org\/capacitacion\/producto\/talleres-de-implementacion-de-practicas-en-sistemas-de-produccion-pastoriles-inicio-18-de-abril-2022\/","title":{"rendered":"Talleres de implementaci\u00f3n de pr\u00e1cticas de manejo para sistemas pastoriles &#8211; Inicio 18 de abril 2022"},"content":{"rendered":"<h4>Presentaci\u00f3n<\/h4>\n<p><strong>Son 4 talleres, cada uno dura 2 semanas <\/strong><\/p>\n<p><strong>Del 18 de abril a 21 de junio 2022 <\/strong><\/p>\n<p><strong>Carga horaria por taller: 18 horas<\/strong><\/p>\n<p><strong>Carga horaria total del ciclo: 72 horas.<\/strong><\/p>\n<p>En las ganader\u00edas pastoriles el \u00e9xito econ\u00f3mico depende de un amplio paquete de decisiones estrat\u00e9gicas que controlan los resultados.<\/p>\n<p>Una base t\u00e9cnica s\u00f3lida, espec\u00edfica y actualizada es imprescindible para lograr ganader\u00edas rentables y resilientes; y como en todo negocio agropecuario, la implementaci\u00f3n espec\u00edfica para cada ganader\u00eda es lo que realmente hace la diferencia.<\/p>\n<p>No es posible implantar modelos y estrategias de manejo sin que los decisores y ejecutores reajusten la gesti\u00f3n para las necesidades y condiciones particulares de su operaci\u00f3n pastoril.<\/p>\n<p>Por esto les ofrecemos estos 4 talleres que han sido dise\u00f1ados para entregar a los interesados herramientas y soluciones pr\u00e1cticas para el manejo preciso y simple de las labores m\u00e1s importantes para generar rentabilidad y sostenibilidad de los negocios ganaderos pastoriles.<\/p>\n<h4>P\u00fablico objetivo<\/h4>\n<p>En particular, el usuario objetivo es la persona que toma las decisiones en la operaci\u00f3n, que implementa las tecnolog\u00edas en el campo. No obstante, se considera que puede ser atractivo para profesionales, administradores y encargados de predios, as\u00ed como tambi\u00e9n para asesores, t\u00e9cnicos de campo, docentes, estudiantes y productores lecheros y ganaderos.<\/p>\n<h4><strong>Talleres y Contenidos<\/strong><\/h4>\n<p><strong>\u00a0<\/strong><strong>\u00a0<\/strong><\/p>\n<table style=\"height: 1248px\" width=\"821\">\n<tbody>\n<tr>\n<td width=\"165\"><strong>Taller<\/strong><\/td>\n<td width=\"165\"><strong>Tema del taller<\/strong><\/td>\n<td width=\"165\"><strong>Contenidos<\/strong><\/td>\n<td width=\"165\"><strong>Justificaci\u00f3n<\/strong><\/td>\n<\/tr>\n<tr>\n<td width=\"165\"><strong>1<\/strong><\/td>\n<td width=\"165\">Dise\u00f1o del sistema de producci\u00f3n y modelamiento del costo y la renta<\/td>\n<td width=\"165\">Bases de rentabilidad asociadas con el sistema.<\/p>\n<p>An\u00e1lisis de oferta ambiental, selecci\u00f3n de sistema. Modelos de proyecci\u00f3n y an\u00e1lisis de rentabilidad<\/td>\n<td width=\"165\">Se detecta una demanda de herramientas SIMPLES para la planificaci\u00f3n estrat\u00e9gica y para el monitoreo de la gesti\u00f3n del campo como empresa<\/td>\n<\/tr>\n<tr>\n<td width=\"165\"><strong>2<\/strong><\/td>\n<td width=\"165\">Producci\u00f3n de pasturas y dise\u00f1o de programas de fertilizaci\u00f3n<\/td>\n<td width=\"165\">Principios de producci\u00f3n forrajera. Opciones forrajeras.<\/p>\n<p>Dise\u00f1o de programas de fertilizaci\u00f3n<\/td>\n<td width=\"165\">Existe una necesidad de contar con programas protocolizados<\/td>\n<\/tr>\n<tr>\n<td width=\"165\"><strong>3<\/strong><\/td>\n<td width=\"165\">Presupuestos de alimentaci\u00f3n y formulaci\u00f3n de dietas pastoriles<\/td>\n<td width=\"165\">Bases de nutrici\u00f3n para formulaci\u00f3n de dietas.<\/p>\n<p>Presupuestos estacionales.<\/p>\n<p>Uso del programa RUMEN8 y ejercicios de formulaci\u00f3n<\/td>\n<td width=\"165\">Los mandos medios requieren capacitaci\u00f3n en aspectos pr\u00e1cticos de nutrici\u00f3n animal y en el uso de un software de nutrici\u00f3n amigable y transferible<\/td>\n<\/tr>\n<tr>\n<td width=\"165\"><strong>4<\/strong><\/td>\n<td width=\"165\">Gesti\u00f3n de la pastura. Mediciones y asignaciones<\/td>\n<td width=\"165\">M\u00e9todos de aforo y mediciones. Manejo de la rotaci\u00f3n. Asignaciones y control del % de cosecha.<\/td>\n<td width=\"165\">Siempre demandado este tema, hay una oportunidad de hacer algo bien aplicado y pr\u00e1ctico<\/td>\n<\/tr>\n<\/tbody>\n<\/table>\n<p><strong>\u00a0<\/strong><\/p>\n<h4><strong>Metodolog\u00eda<\/strong><\/h4>\n<p><strong>Para cada taller habr\u00e1:<\/strong><\/p>\n<p>&#8211; Entrega de videos de entrenamiento para iniciar el Taller (DIA 1)<\/p>\n<p>&#8211; 7 d\u00edas de aprendizaje y consultas<\/p>\n<p>&#8211; DIA 7, ejecuci\u00f3n de taller Zoom para resolver inquietudes, entrega de ejercicios<\/p>\n<p>&#8211; DIA 21 se har\u00e1 un taller Zoom con aulas para ejecuci\u00f3n de ejercicios grupales,<\/p>\n<p>presentaci\u00f3n de resultados y discusi\u00f3n. (aproximado 2 horas)<\/p>\n<p>Cada taller dura 3 semanas entre su inicio y el taller de cierre. Se dejar\u00eda un per\u00edodo de 1 semana de descanso entre talleres. No hay evaluaciones calificadas. El cumplimiento del taller se obtiene con la entrega de los trabajos enviados.<\/p>\n<h4><strong>Alcances<\/strong><\/h4>\n<p><strong>Para cada taller se definir\u00e1 un paquete de \u201cproductos\u201d que obtendr\u00e1n como parte del<\/strong><\/p>\n<p><strong>entrenamiento:<\/strong><\/p>\n<p>&#8211; Material de lectura de base<\/p>\n<p>&#8211; Lista de bibliograf\u00eda<\/p>\n<p>&#8211; Modelos de implementaci\u00f3n<\/p>\n<p>&#8211; Hojas de c\u00e1lculo<\/p>\n<p>&#8211; Hojas de ejercicios<\/p>\n<p>&nbsp;<\/p>\n<h4><strong>Modalidad<\/strong><\/h4>\n<p><strong>\u00a0<\/strong><strong>On-line: <\/strong>E-learning.<\/p>\n<p><strong>Aula virtual: <\/strong>Se trabajar\u00e1 en una plataforma Web especialmente dise\u00f1ada para los cursos (aula<\/p>\n<p>y plataforma virtual), donde se podr\u00e1 acceder a los documentos, videos, link de inter\u00e9s y se facilitar\u00e1 la interacci\u00f3n con los docentes y el resto de los participantes.<\/p>\n<p><strong>Foro de consultas y discusi\u00f3n en l\u00ednea: <\/strong>WhatsApp y Plataforma Moodle.<\/p>\n<p><strong>Docentes: <\/strong>Disponibles para responder dudas y consultas de los participantes y para ampliar<\/p>\n<p>contenidos de inter\u00e9s.<\/p>\n<p><strong>Horarios: <\/strong>Los cursos son en modalidad asincr\u00f3nica, el participante puede acceder en los<\/p>\n<p>horarios que mejor le convenga, siempre respetando la cronolog\u00eda de los cursos.<\/p>\n<p><strong>Talleres ZOOM: <\/strong>Obligatorios. En fecha preprogramada. M\u00e1ximo 2 horas por taller.<\/p>\n<p><strong>Dedicaci\u00f3n: <\/strong>Cada participante deber\u00e1 destinar un m\u00e1ximo de 6 horas de trabajo por semana<\/p>\n<p>de curso.<\/p>\n<h4><strong>Docentes<\/strong><\/h4>\n<p><strong>\u00a0<\/strong>Gonzalo Tu\u00f1on &#8211; <a href=\"https:\/\/fepale.org\/capacitacion\/wp-content\/uploads\/2021\/12\/CV_Dr.-Gonzalo-Tunon.pdf\">CV_Dr.-Gonzalo-Tunon<\/a><\/p>\n<p>Carlos Batallas &#8211; <a href=\"https:\/\/fepale.org\/capacitacion\/wp-content\/uploads\/2021\/12\/CV_Ing.-Carlos-Batallas.pdf\">CV_Ing.-Carlos-Batallas<\/a><\/p>\n<h4><strong>Certificaci\u00f3n<\/strong><\/h4>\n<p><strong>\u00a0<\/strong>\u2013 Certificado de Participaci\u00f3n y Aprobaci\u00f3n<\/p>\n<p>\u2013 El certificado del curso es emitido por el Instituto Panamericano de Capacitaci\u00f3n para el Sector L\u00e1cteo de FEPALE.<\/p>\n<h4><strong>Costos<\/strong><\/h4>\n<p>Costo por taller: <strong>USD 160<\/strong><\/p>\n<p>Inscritos para los 4 talleres: <strong>USD 560<\/strong><\/p>\n<p>Los socios de FEPALE cuentan con un <strong>20% de descuento.<\/strong><\/p>\n<p>&nbsp;<\/p>\n<p style=\"text-align: center\"><strong><a href=\"https:\/\/forms.gle\/6xy9mutxt362oZap7\" target=\"_blank\" rel=\"noopener\">FORMULARIO DE INSCRIPCI\u00d3N AQU\u00cd<\/a><\/strong><\/p>\n<p style=\"text-align: right\"><strong>POR CONSULTAS:<\/strong><br \/>\n<strong>Elena Sierra \u2013 \u00c1rea de Capacitaci\u00f3n \u2013 FEPALE<\/strong><br \/>\n<strong>infocapacita@fepale.org\/www.fepale.org<\/strong><\/p>\n","protected":false},"excerpt":{"rendered":"<p>El Instituto de Capacitaci\u00f3n para el Sector L\u00e1cteo de FEPALE, convoca e invita a participar los Talleres de implementaci\u00f3n de pr\u00e1cticas de manejo para sistemas pastoriles.<\/p>\n<p>Inicio 18 de abril 2022<\/p>\n<p>Organiza:<\/p>\n<p><img loading=\"lazy\" decoding=\"async\" class=\" wp-image-3567\" src=\"https:\/\/fepale.org\/capacitacion\/wp-content\/uploads\/2020\/12\/FEPALE_Marca-2016_A-01-300x168.jpg\" alt=\"\" width=\"164\" height=\"92\" srcset=\"https:\/\/fepale.org\/capacitacion\/wp-content\/uploads\/2020\/12\/FEPALE_Marca-2016_A-01-300x168.jpg 300w, https:\/\/fepale.org\/capacitacion\/wp-content\/uploads\/2020\/12\/FEPALE_Marca-2016_A-01-215x120.jpg 215w, https:\/\/fepale.org\/capacitacion\/wp-content\/uploads\/2020\/12\/FEPALE_Marca-2016_A-01.jpg 328w\" sizes=\"auto, (max-width: 164px) 100vw, 164px\" \/><\/p>\n","protected":false},"featured_media":3995,"template":"","meta":[],"pwb-brand":[],"product_brand":[],"product_cat":[89],"product_tag":[],"class_list":{"0":"post-3994","1":"product","2":"type-product","3":"status-publish","4":"has-post-thumbnail","6":"product_cat-sin-categoria","8":"first","9":"instock","10":"shipping-taxable","11":"purchasable","12":"product-type-simple"},"brands":[],"_links":{"self":[{"href":"https:\/\/fepale.org\/capacitacion\/wp-json\/wp\/v2\/product\/3994","targetHints":{"allow":["GET"]}}],"collection":[{"href":"https:\/\/fepale.org\/capacitacion\/wp-json\/wp\/v2\/product"}],"about":[{"href":"https:\/\/fepale.org\/capacitacion\/wp-json\/wp\/v2\/types\/product"}],"wp:featuredmedia":[{"embeddable":true,"href":"https:\/\/fepale.org\/capacitacion\/wp-json\/wp\/v2\/media\/3995"}],"wp:attachment":[{"href":"https:\/\/fepale.org\/capacitacion\/wp-json\/wp\/v2\/media?parent=3994"}],"wp:term":[{"taxonomy":"pwb-brand","embeddable":true,"href":"https:\/\/fepale.org\/capacitacion\/wp-json\/wp\/v2\/pwb-brand?post=3994"},{"taxonomy":"product_brand","embeddable":true,"href":"https:\/\/fepale.org\/capacitacion\/wp-json\/wp\/v2\/product_brand?post=3994"},{"taxonomy":"product_cat","embeddable":true,"href":"https:\/\/fepale.org\/capacitacion\/wp-json\/wp\/v2\/product_cat?post=3994"},{"taxonomy":"product_tag","embeddable":true,"href":"https:\/\/fepale.org\/capacitacion\/wp-json\/wp\/v2\/product_tag?post=3994"}],"curies":[{"name":"wp","href":"https:\/\/api.w.org\/{rel}","templated":true}]}}