{"id":3785,"date":"2021-03-10T11:02:30","date_gmt":"2021-03-10T14:02:30","guid":{"rendered":"https:\/\/fepale.org\/capacitacion\/?post_type=product&#038;p=3785"},"modified":"2021-12-14T14:12:26","modified_gmt":"2021-12-14T17:12:26","slug":"webinar-gratuito-las-claves-para-transformar-mucho-pasto-en-leche","status":"publish","type":"product","link":"https:\/\/fepale.org\/capacitacion\/producto\/webinar-gratuito-las-claves-para-transformar-mucho-pasto-en-leche\/","title":{"rendered":"Webinar Gratuito &#8211; Las claves para transformar mucho pasto en leche."},"content":{"rendered":"<p style=\"text-align: center\"><strong>Las claves para transformar mucho pasto en leche.<\/strong><\/p>\n<h4>Fecha y Hora:<\/h4>\n<p><strong>15 de Abril 2021<\/strong><\/p>\n<p><strong>6 PM (zona horaria Uruguay)<\/strong><\/p>\n<h4>Modalidad:<\/h4>\n<p>El webinar ser\u00e1 dictado en plataforma ZOOM y ser\u00e1 transmitido en nuestro canal de Youtube.<\/p>\n<p>Luego de inscribirse se enviar\u00e1 por mail las indicaciones para la participaci\u00f3n.<\/p>\n<h4>Duraci\u00f3n:<\/h4>\n<p><strong>1 hora de duraci\u00f3n<\/strong><\/p>\n<p><strong>40 minutos de presentaci\u00f3n<\/strong><\/p>\n<p><strong>20 minutos de intercambio\u00a0<\/strong><\/p>\n<h4>Enlace para inscripci\u00f3n:<\/h4>\n<p><a href=\"https:\/\/forms.gle\/fuiBGxpC5kAFjnEn6\" target=\"_blank\" rel=\"noopener\">https:\/\/forms.gle\/fuiBGxpC5kAFjnEn6<\/a><\/p>\n<p>&nbsp;<\/p>\n<div class=\"epyt-video-wrapper\"><iframe loading=\"lazy\"  style=\"display: block; margin: 0px auto;\"  id=\"_ytid_93275\"  width=\"1320\" height=\"743\"  data-origwidth=\"1320\" data-origheight=\"743\" src=\"https:\/\/www.youtube.com\/embed\/IbjOujJuWG0?enablejsapi=1&#038;autoplay=0&#038;cc_load_policy=0&#038;cc_lang_pref=&#038;iv_load_policy=3&#038;loop=0&#038;rel=0&#038;fs=1&#038;playsinline=0&#038;autohide=2&#038;theme=dark&#038;color=red&#038;controls=1&#038;disablekb=0&#038;\" class=\"__youtube_prefs__  epyt-is-override  no-lazyload\" title=\"YouTube player\"  allow=\"fullscreen; accelerometer; autoplay; clipboard-write; encrypted-media; gyroscope; picture-in-picture; web-share\" referrerpolicy=\"strict-origin-when-cross-origin\" allowfullscreen data-no-lazy=\"1\" data-skipgform_ajax_framebjll=\"\"><\/iframe><\/div>\n<h4>CONTENIDOS:<\/h4>\n<p><strong><u>Introducci\u00f3n<\/u><\/strong><\/p>\n<ul>\n<li>KPIs clave; correlaci\u00f3n entre cosecha de pasto y % cosecha de pasto y renta, costo de alimentaci\u00f3n<\/li>\n<li>Paradigmas por vencer, los rumiantes pueden comer mucho pasto<\/li>\n<li>Desaf\u00edos para la implementaci\u00f3n;<\/li>\n<li>Simple pero no f\u00e1cil de implementar!<\/li>\n<\/ul>\n<p><strong><u>5 Tips para producir mucho pasto\u00a0<\/u><\/strong><\/p>\n<ul>\n<li><strong>Seleccionar las especies correctas de pasturas;<\/strong> considerar la oferta ambiental, latitud, extremos clim\u00e1ticos; aptitudes potenciales, selecci\u00f3n, persistencia, macollamiento y resistencia a enfermedades.<\/li>\n<li><strong>Preparar el suelo. La preparaci\u00f3n del suelo debe ser perfecta; <\/strong>pensar en el potrero de largo plazo, configuraci\u00f3n topogr\u00e1fica, nivelaci\u00f3n superficial, profundidad de labranza, la cama para la siembra, el uso del forraje (pastorero, ensilaje)<\/li>\n<li><strong>Lograr un establecimiento efectivo; <\/strong>Optimizar la ocupaci\u00f3n del espacio desde el inicio, competencia, consolidaci\u00f3n de la cama, densidad, primer pastoreo<\/li>\n<li><strong>Tener un plan de fertilidad del suelo y manejo de la fertilidad productiva; <\/strong>fertilidad integral, enmiendas minerales, programas de fertilizaci\u00f3n, uso del nitr\u00f3geno<\/li>\n<li><strong>Enfocarse en la productividad de largo plazo; <\/strong>la visi\u00f3n de la producci\u00f3n sostenible, conservaci\u00f3n de las especies deseables y la estructura del suelo, acumulaci\u00f3n de carbono y protecci\u00f3n del medio ambiente.<\/li>\n<\/ul>\n<p><strong><u>5 tips para utilizar mejor el pasto<\/u><\/strong><\/p>\n<ul>\n<li><strong>Planificar la sincron\u00eda entre oferta y demanda alimento en un a\u00f1o entero; <\/strong>del lado de la demanda: 1) Ajustar la carga, 2) mover la curva de partos, 3) usar la vaca adecuada; del lado de la oferta: 1) entender la rotaci\u00f3n forrajera; 2) usar N estrat\u00e9gicamente; 3) especies y variedades; 4) riego; 5) producci\u00f3n e inclusi\u00f3n estrat\u00e9gica de suplementos<\/li>\n<li><strong>Estar convencido del plan y transmitirlo al resto del equipo; <\/strong>primero el pasto, capacitar al equipo, roles y funciones claras, foco en la comunicaci\u00f3n; OBJETIVO: premios por desempe\u00f1o, competencia con pares<\/li>\n<li><strong>Recorrer los potreros cada semana con un m\u00e9todo; <\/strong>dise\u00f1o de protocolo de recorrida de gesti\u00f3n para la toma de decisiones; OBJETIVO: 52 recorridas anuales, base de datos<\/li>\n<li><strong>Cosechar el pasto en el momento \u00f3ptimo; <\/strong>velocidad de rotaci\u00f3n alineada con indicadores fisiol\u00f3gicos<\/li>\n<li><strong>Dejar remanentes \u00f3ptimos; <\/strong>altura de remanente para un rebrote efectivo, con m\u00ednimo pisoteo y saliendo antes que se produzcan los rebrotes<\/li>\n<\/ul>\n<p><strong>Conclusiones.<\/strong><\/p>\n<h4>CONFERENCISTAS:<\/h4>\n<p>Carlos Batallas <a href=\"https:\/\/fepale.org\/capacitacion\/wp-content\/uploads\/2021\/03\/CV_Ing.-Carlos-Batallas.pdf\" target=\"_blank\" rel=\"noopener\">CV_Ing. Carlos Batallas<\/a><\/p>\n<p>Gonzalo Tu\u00f1on <a href=\"https:\/\/fepale.org\/capacitacion\/wp-content\/uploads\/2021\/03\/CV_Dr.-Gonzalo-Tunon.pdf\" target=\"_blank\" rel=\"noopener\">CV_Dr. Gonzalo Tu\u00f1on<\/a><\/p>\n<h4>Organiza:<\/h4>\n<p><img loading=\"lazy\" decoding=\"async\" class=\"alignnone size-medium wp-image-3786\" src=\"https:\/\/fepale.org\/capacitacion\/wp-content\/uploads\/2021\/03\/instituto-y-fepale-300x62.jpg\" alt=\"\" width=\"300\" height=\"62\" srcset=\"https:\/\/fepale.org\/capacitacion\/wp-content\/uploads\/2021\/03\/instituto-y-fepale-300x62.jpg 300w, https:\/\/fepale.org\/capacitacion\/wp-content\/uploads\/2021\/03\/instituto-y-fepale-600x123.jpg 600w, https:\/\/fepale.org\/capacitacion\/wp-content\/uploads\/2021\/03\/instituto-y-fepale-768x157.jpg 768w, https:\/\/fepale.org\/capacitacion\/wp-content\/uploads\/2021\/03\/instituto-y-fepale.jpg 956w\" sizes=\"auto, (max-width: 300px) 100vw, 300px\" \/><\/p>\n","protected":false},"excerpt":{"rendered":"<p>El Instituto de Capacitaci\u00f3n para el Sector L\u00e1cteo de FEPALE, convoca e invita a participar en el WEBINAR GRATUITO &#8211; LAS CLAVES PARA TRANSFORMAR MUCHO PASTO EN LECHE.<\/p>\n<p><strong>15 de abril 2021<\/strong><\/p>\n<p><strong>6 PM (zona horaria Uruguay)<\/strong><\/p>\n<p><strong>Organiza:<\/strong><\/p>\n<p><img loading=\"lazy\" decoding=\"async\" class=\"alignnone size-medium wp-image-3786\" src=\"https:\/\/fepale.org\/capacitacion\/wp-content\/uploads\/2021\/03\/instituto-y-fepale-300x62.jpg\" alt=\"\" width=\"300\" height=\"62\" srcset=\"https:\/\/fepale.org\/capacitacion\/wp-content\/uploads\/2021\/03\/instituto-y-fepale-300x62.jpg 300w, https:\/\/fepale.org\/capacitacion\/wp-content\/uploads\/2021\/03\/instituto-y-fepale-600x123.jpg 600w, https:\/\/fepale.org\/capacitacion\/wp-content\/uploads\/2021\/03\/instituto-y-fepale-768x157.jpg 768w, https:\/\/fepale.org\/capacitacion\/wp-content\/uploads\/2021\/03\/instituto-y-fepale.jpg 956w\" sizes=\"auto, (max-width: 300px) 100vw, 300px\" \/><\/p>\n","protected":false},"featured_media":3787,"template":"","meta":[],"pwb-brand":[],"product_brand":[],"product_cat":[98],"product_tag":[],"class_list":{"0":"post-3785","1":"product","2":"type-product","3":"status-publish","4":"has-post-thumbnail","6":"product_cat-98","8":"first","9":"instock","10":"shipping-taxable","11":"product-type-simple"},"brands":[],"_links":{"self":[{"href":"https:\/\/fepale.org\/capacitacion\/wp-json\/wp\/v2\/product\/3785","targetHints":{"allow":["GET"]}}],"collection":[{"href":"https:\/\/fepale.org\/capacitacion\/wp-json\/wp\/v2\/product"}],"about":[{"href":"https:\/\/fepale.org\/capacitacion\/wp-json\/wp\/v2\/types\/product"}],"wp:featuredmedia":[{"embeddable":true,"href":"https:\/\/fepale.org\/capacitacion\/wp-json\/wp\/v2\/media\/3787"}],"wp:attachment":[{"href":"https:\/\/fepale.org\/capacitacion\/wp-json\/wp\/v2\/media?parent=3785"}],"wp:term":[{"taxonomy":"pwb-brand","embeddable":true,"href":"https:\/\/fepale.org\/capacitacion\/wp-json\/wp\/v2\/pwb-brand?post=3785"},{"taxonomy":"product_brand","embeddable":true,"href":"https:\/\/fepale.org\/capacitacion\/wp-json\/wp\/v2\/product_brand?post=3785"},{"taxonomy":"product_cat","embeddable":true,"href":"https:\/\/fepale.org\/capacitacion\/wp-json\/wp\/v2\/product_cat?post=3785"},{"taxonomy":"product_tag","embeddable":true,"href":"https:\/\/fepale.org\/capacitacion\/wp-json\/wp\/v2\/product_tag?post=3785"}],"curies":[{"name":"wp","href":"https:\/\/api.w.org\/{rel}","templated":true}]}}