{"id":3439,"date":"2020-09-23T10:45:37","date_gmt":"2020-09-23T13:45:37","guid":{"rendered":"https:\/\/fepale.org\/capacitacion\/?post_type=product&#038;p=3439"},"modified":"2022-04-06T12:57:42","modified_gmt":"2022-04-06T15:57:42","slug":"ciclo-de-agroconferencias-lecheria-de-precision-inicio-6-de-noviembre-2020","status":"publish","type":"product","link":"https:\/\/fepale.org\/capacitacion\/producto\/ciclo-de-agroconferencias-lecheria-de-precision-inicio-6-de-noviembre-2020\/","title":{"rendered":"CICLO DE AGROCONFERENCIAS: LECHERIA DE PRECISION &#8211; Inicio 6 de Noviembre 2020"},"content":{"rendered":"<h4><strong>CICLO DE AGROCONFERENCIAS: LECHERIA DE PRECISION<\/strong><\/h4>\n<p><strong>Fechas: 6, 13, 20, 27 de noviembre y 4, 11 de diciembre.<\/strong><\/p>\n<p><strong>Hora: 11am (Uruguay &#8211; Argentina)<\/strong><\/p>\n<p><strong>Organizan: INTA-FEPALE<\/strong><\/p>\n<p><img loading=\"lazy\" decoding=\"async\" class=\"alignnone size-medium wp-image-3491\" src=\"https:\/\/fepale.org\/capacitacion\/wp-content\/uploads\/2020\/09\/logosunidos-300x52.jpg\" alt=\"\" width=\"300\" height=\"52\" srcset=\"https:\/\/fepale.org\/capacitacion\/wp-content\/uploads\/2020\/09\/logosunidos-300x52.jpg 300w, https:\/\/fepale.org\/capacitacion\/wp-content\/uploads\/2020\/09\/logosunidos-600x105.jpg 600w, https:\/\/fepale.org\/capacitacion\/wp-content\/uploads\/2020\/09\/logosunidos-1024x178.jpg 1024w, https:\/\/fepale.org\/capacitacion\/wp-content\/uploads\/2020\/09\/logosunidos-768x134.jpg 768w, https:\/\/fepale.org\/capacitacion\/wp-content\/uploads\/2020\/09\/logosunidos.jpg 1056w\" sizes=\"auto, (max-width: 300px) 100vw, 300px\" \/><\/p>\n<p>&nbsp;<\/p>\n<h4><strong><u>L\u00edneas tem\u00e1ticas:<\/u><\/strong><\/h4>\n<h4><strong>Primer Conferencia \u2013 6 de noviembre \u2013 11am (Uruguay)<\/strong><\/h4>\n<p><strong>Tecnolog\u00edas de alimentaci\u00f3n y suplementaci\u00f3n<\/strong><\/p>\n<ul>\n<li>Agricultura de precisi\u00f3n en cultivos destinados a implantaci\u00f3n de pasturas y cultivos para reserva (silaje).<\/li>\n<\/ul>\n<p><strong>Disertantes: Ing. Agr. Fernando Scaramuzza, INTA Manfredi, Argentina.<\/strong><\/p>\n<ul>\n<li>Nuevas tecnolog\u00edas para el monitoreo de pasturas.<\/li>\n<\/ul>\n<p><strong>Disertante: Ing. Agr. (MSc) Dr.\u00a0Juan Ram\u00f3n Insua,\u00a0Universidad Nacional de Mar del Plata\u00a0&#8211;\u00a0CONICET\u00a0&#8211;\u00a0INTA Balcarce.<\/strong><\/p>\n<ul>\n<li>Comedores inteligentes, innovaci\u00f3n para la ganader\u00eda de precisi\u00f3n. Uso eficiente y estrategias de precisi\u00f3n en el uso de los concentrados.<\/li>\n<\/ul>\n<p><strong>Disertante: Med. Veterinario. Lucas Gelid, INTA Anguil, La Pampa, Argentina.<\/strong><\/p>\n<ul>\n<li>Alambrados virtuales y aguadas inteligentes.<\/li>\n<\/ul>\n<p><strong>Disertante: Ing. Agr. Ricardo Zapata, INTA Valle Inferior del Rio Negro, Argentina. <\/strong><\/p>\n<p>&nbsp;<\/p>\n<h4><strong>Segunda Conferencia \u2013 13 de noviembre \u2013 11am (Uruguay)<\/strong><\/h4>\n<p><strong>Tecnolog\u00edas aplicadas al monitoreo de la salud y el bienestar del rodeo<\/strong><\/p>\n<ul>\n<li>Monitoreo por collares: \u00bfSon \u00fatiles para salvar vacas de tambo \/finca?<\/li>\n<\/ul>\n<p><strong>Disertante: Med. Vet. Juli\u00e1n Alberto<\/strong><\/p>\n<ul>\n<li>Evaluaci\u00f3n de la Condici\u00f3n Corporal a trav\u00e9s de una c\u00e1mara infrarroja y su relaci\u00f3n con mastitis y la performance reproductiva del rodeo lechero.<\/li>\n<\/ul>\n<p><strong>Disertantes: Med. Vet. Laura Araujo y Med. Vet. Victoria Lucas, Universidad del Salvador, Buenos Aires, Argentina.<\/strong><\/p>\n<ul>\n<li>Prevenci\u00f3n y tratamiento de mastitis en vacas lecheras mediante el uso de sensores.<\/li>\n<\/ul>\n<p><strong>Disertante:\u00a0 Med. Vet. Alejandro Smulovitz, INTA Rafaela, Argentina.<\/strong><\/p>\n<p>&nbsp;<\/p>\n<h4><strong>Tercer Conferencia \u2013 20 de noviembre \u2013 11am (Uruguay)<\/strong><\/h4>\n<p><strong>Tecnolog\u00edas aplicadas al manejo reproductivo<\/strong><\/p>\n<ul>\n<li>El manejo del monitoreo. Experiencia del Grupo Chiavassa.<\/li>\n<\/ul>\n<p><strong>Disertantes: Med. Vet. Hern\u00e1n Bertotti Responsable Veterinario Grupo Chiavasssa, Argentina. <\/strong><\/p>\n<ul>\n<li>\u00bfPor qu\u00e9 y para qu\u00e9 medir? Que Indicadores claves tenemos\u00a0 analizar, c\u00f3mo hacerlo y c\u00f3mo utilizar esa informaci\u00f3n para ganar competitividad en el tambo\/finca moderno.<\/li>\n<\/ul>\n<p><strong>Disertante: Med. Vet. Ariel Capitaine Funes, especialista en producci\u00f3n y reproducci\u00f3n de rodeos lecheros, con participaci\u00f3n de encargado de Tambo Don Remigio.<\/strong><\/p>\n<p><strong>\u00a0<\/strong><\/p>\n<h4><strong>Cuarta Conferencia \u2013 27 de noviembre \u2013 11am (Uruguay)<\/strong><\/h4>\n<p><strong>Tecnolog\u00edas aplicadas a la cr\u00eda y recr\u00eda de terneros<\/strong><\/p>\n<ul>\n<li>Crianza de Precisi\u00f3n: guacheras siglo XXI. (crianza de terneras)<\/li>\n<\/ul>\n<p><strong>Disertante: Ing. Agr. Josefina Morrogh. DeLaval, Argentina. <\/strong><\/p>\n<ul>\n<li>Balanzas de pesada al paso.<\/li>\n<\/ul>\n<p><strong>Disertante:\u00a0 Ing. Ricardo Garro, INTA Anguil, La Pampa, Argentina.<\/strong><\/p>\n<p><strong>\u00a0<\/strong><\/p>\n<h4><strong>Quinta Conferencia \u2013 4 de diciembre \u2013 11am (Uruguay)<\/strong><\/h4>\n<p><strong>Impacto social de las tecnolog\u00edas<\/strong><\/p>\n<ul>\n<li>Impacto de la tecnolog\u00eda en la mano de obra.<\/li>\n<\/ul>\n<p><strong>Disertante: Nicolas Lyons. Australia.<\/strong><\/p>\n<ul>\n<li>Tecnolog\u00edas de precisi\u00f3n y las nuevas generaciones en la producci\u00f3n de leche.<\/li>\n<\/ul>\n<p><strong>Disertante: Ing. Agr. Marcelo Catal\u00e1\u00a0<\/strong><\/p>\n<p>&nbsp;<\/p>\n<h4><strong>Sexta conferencia \u2013 11 de diciembre \u2013 11am (Uruguay)<\/strong><\/h4>\n<p><strong>La rob\u00f3tica en Am\u00e9rica Latina: Investigaci\u00f3n y desarrollo en AMS (Sistemas de orde\u00f1o autom\u00e1tico)<\/strong><\/p>\n<ul>\n<li>Lecher\u00eda Rob\u00f3tica INIA Remehue.<\/li>\n<\/ul>\n<p><strong>Disertante: Ing. Ag. Dr. Sergio Iraira, INIA \u2013 Remehue, Chile.<\/strong><\/p>\n<ul>\n<li>Lecher\u00eda Rob\u00f3tica INIA La Estanzuela.<\/li>\n<\/ul>\n<p><strong>Disertante: Ing. Agr. PhD Santiago Fari\u00f1a, INIA La Estanzuela, Uruguay. <\/strong><\/p>\n<ul>\n<li>Lecher\u00eda Rob\u00f3tica INTA Rafaela.<\/li>\n<\/ul>\n<p><strong>Disertante: Ing Agr. Miguel Taverna, INTA Rafaela, Argentina. <\/strong><\/p>\n<ul>\n<li>Lecher\u00eda Rob\u00f3tica EMBRAPA.<\/li>\n<\/ul>\n<p><strong>Disertante: Med. Vet. Dr.\u00a0 Bruno Carvalho, Embrapa Gado de Leite, Brasil. <\/strong><\/p>\n<h4><strong><u>Certificaci\u00f3n:<\/u><\/strong><\/h4>\n<p>Los participantes recibir\u00e1n un certificado de participaci\u00f3n emitido por el Instituto Panamericano de Capacitaci\u00f3n para el Sector L\u00e1cteo \u2013 FEPALE y el Instituto Nacional de Tecnolog\u00eda Agropecuaria \u2013 INTA.<\/p>\n<p>&nbsp;<\/p>\n<h4><strong>Informaci\u00f3n General:<\/strong><\/h4>\n<p><strong>Duraci\u00f3n de las conferencias:<\/strong> 1 hora 30\u2019 (1 hora de disertaci\u00f3n y 30 minutos para consultas).<\/p>\n<p><strong>Fechas:<\/strong> 6, 13, 20, 27 de noviembre y 4, 11 de diciembre.<\/p>\n<p><strong>Horario:<\/strong> 11am (Uruguay \u2013 Argentina).<\/p>\n<p><strong>Las conferencias ser\u00e1n en sala ZOOM con un m\u00e1ximo de 100 participantes.<\/strong><\/p>\n<p>&nbsp;<\/p>\n<h4><strong><u>Costos:<\/u><\/strong><\/h4>\n<p>Costo Ciclo Completo <strong>USD 120<\/strong><\/p>\n<p>Costo Ciclo Completo Socios de FEPALE <strong>USD 90<\/strong><\/p>\n<p><strong>\u00a0<\/strong><\/p>\n<h3 style=\"text-align: center\"><a href=\"https:\/\/forms.gle\/ZWRhuHnJgcTLQcMx7\" target=\"_blank\" rel=\"noopener noreferrer\"><strong><u>Reserve su cupo aqu\u00ed<\/u><\/strong><\/a><\/h3>\n","protected":false},"excerpt":{"rendered":"<p>El Instituto Panamericano de Capacitaci\u00f3n para el Sector L\u00e1cteo junto al Instituto Nacional de Tecnolog\u00eda Agropecuaria \u2013 INTA convocan e invitan a participar del Ciclo de Agroconferencias: Lecher\u00eda de Precisi\u00f3n.<\/p>\n<p><strong>Fechas: 6, 13, 20, 27 de noviembre y 4, 11 de diciembre.<\/strong><\/p>\n<p><strong>Hora: 11am (Uruguay &#8211; Argentina)<\/strong><\/p>\n<p><strong>Organizan: INTA-FEPALE<\/strong><\/p>\n<p><img loading=\"lazy\" decoding=\"async\" class=\"alignnone size-medium wp-image-3491\" src=\"https:\/\/fepale.org\/capacitacion\/wp-content\/uploads\/2020\/09\/logosunidos-300x52.jpg\" alt=\"\" width=\"300\" height=\"52\" srcset=\"https:\/\/fepale.org\/capacitacion\/wp-content\/uploads\/2020\/09\/logosunidos-300x52.jpg 300w, https:\/\/fepale.org\/capacitacion\/wp-content\/uploads\/2020\/09\/logosunidos-600x105.jpg 600w, https:\/\/fepale.org\/capacitacion\/wp-content\/uploads\/2020\/09\/logosunidos-1024x178.jpg 1024w, https:\/\/fepale.org\/capacitacion\/wp-content\/uploads\/2020\/09\/logosunidos-768x134.jpg 768w, https:\/\/fepale.org\/capacitacion\/wp-content\/uploads\/2020\/09\/logosunidos.jpg 1056w\" sizes=\"auto, (max-width: 300px) 100vw, 300px\" \/><\/p>\n","protected":false},"featured_media":3441,"template":"","meta":[],"pwb-brand":[],"product_brand":[],"product_cat":[96],"product_tag":[],"class_list":{"0":"post-3439","1":"product","2":"type-product","3":"status-publish","4":"has-post-thumbnail","6":"product_cat-96","8":"first","9":"instock","10":"shipping-taxable","11":"product-type-simple"},"brands":[],"_links":{"self":[{"href":"https:\/\/fepale.org\/capacitacion\/wp-json\/wp\/v2\/product\/3439","targetHints":{"allow":["GET"]}}],"collection":[{"href":"https:\/\/fepale.org\/capacitacion\/wp-json\/wp\/v2\/product"}],"about":[{"href":"https:\/\/fepale.org\/capacitacion\/wp-json\/wp\/v2\/types\/product"}],"wp:featuredmedia":[{"embeddable":true,"href":"https:\/\/fepale.org\/capacitacion\/wp-json\/wp\/v2\/media\/3441"}],"wp:attachment":[{"href":"https:\/\/fepale.org\/capacitacion\/wp-json\/wp\/v2\/media?parent=3439"}],"wp:term":[{"taxonomy":"pwb-brand","embeddable":true,"href":"https:\/\/fepale.org\/capacitacion\/wp-json\/wp\/v2\/pwb-brand?post=3439"},{"taxonomy":"product_brand","embeddable":true,"href":"https:\/\/fepale.org\/capacitacion\/wp-json\/wp\/v2\/product_brand?post=3439"},{"taxonomy":"product_cat","embeddable":true,"href":"https:\/\/fepale.org\/capacitacion\/wp-json\/wp\/v2\/product_cat?post=3439"},{"taxonomy":"product_tag","embeddable":true,"href":"https:\/\/fepale.org\/capacitacion\/wp-json\/wp\/v2\/product_tag?post=3439"}],"curies":[{"name":"wp","href":"https:\/\/api.w.org\/{rel}","templated":true}]}}