{"id":3135,"date":"2020-03-09T11:37:26","date_gmt":"2020-03-09T14:37:26","guid":{"rendered":"https:\/\/fepale.org\/capacitacion\/?post_type=product&#038;p=3135"},"modified":"2022-04-06T12:58:36","modified_gmt":"2022-04-06T15:58:36","slug":"curso-2-manejo-de-la-nutricion-y-alimentacion-en-el-sistema-pastoril-inicio-10-de-agosto-2020","status":"publish","type":"product","link":"https:\/\/fepale.org\/capacitacion\/producto\/curso-2-manejo-de-la-nutricion-y-alimentacion-en-el-sistema-pastoril-inicio-10-de-agosto-2020\/","title":{"rendered":"Curso 2: Manejo de la nutrici\u00f3n y alimentaci\u00f3n en el sistema pastoril  &#8211; Inicio 10 de agosto 2020"},"content":{"rendered":"<h4>Presentaci\u00f3n:<\/h4>\n<p>Revisa y discute de manera pr\u00e1ctica el proceso y las estrategias de alimentaci\u00f3n del ganado en los sistemas pastoriles. Primero desde la fisiolog\u00eda y el comportamiento de las vacas en el proceso de cosecha del forraje y, luego, desde la gesti\u00f3n de qui\u00e9n administra la alimentaci\u00f3n y suplementaci\u00f3n, con la visi\u00f3n de equilibrar la demanda nutricional de las vacas con la oferta alimenticia. Tiene en cuenta las situaciones especiales que se dan en los sistemas pastoriles.<\/p>\n<h4>Programa:<\/h4>\n<p style=\"font-weight: 400\"><strong><u>L\u00edneas tem\u00e1ticas de cada m\u00f3dulo y web conferencias<\/p>\n<p><\/u><\/strong><\/p>\n<p style=\"font-weight: 400\"><strong>10\/8 &#8211; Fisiolog\u00eda y consumo voluntario (Docente: Carlos Batallas)<\/strong><\/p>\n<ul style=\"font-weight: 400\">\n<li>Bases fisiol\u00f3gicas de nutrici\u00f3n ruminal<\/li>\n<li>Apetito y consumo voluntario<\/li>\n<li>Valoraci\u00f3n nutricional de los alimentos<\/li>\n<\/ul>\n<p style=\"font-weight: 400\"><strong>\u00a0<\/strong><strong>17\/8 &#8211; Programando la alimentaci\u00f3n (Docente: Gonzalo Tu\u00f1on)<\/strong><\/p>\n<ul style=\"font-weight: 400\">\n<li>Estrategia del sistema de producci\u00f3n pastoril<\/li>\n<li>Dise\u00f1o y planificaci\u00f3n de dietas<\/li>\n<li>Implementaci\u00f3n del plan de pastoreo<\/li>\n<\/ul>\n<p style=\"font-weight: 400\"><strong>21\/8 &#8211; Web conference 1<\/strong><\/p>\n<p style=\"font-weight: 400\">Charla 1 Carlos Batalla (20 min + 10 min de intercambio)<\/p>\n<ul style=\"font-weight: 400\">\n<li>Una visi\u00f3n pr\u00e1ctica y funcional de la nutrici\u00f3n en los sistemas pastoriles<\/li>\n<\/ul>\n<p style=\"font-weight: 400\">Charla 2 Gonzalo Tu\u00f1on (20 min + 10 min de intercambio)<\/p>\n<ul style=\"font-weight: 400\">\n<li>Manejo de la alimentaci\u00f3n del sistema pastoril. De la teor\u00eda a la pr\u00e1ctica.<\/li>\n<\/ul>\n<p style=\"font-weight: 400\">\n<p style=\"font-weight: 400\"><strong>24\/8 &#8211; Comportamiento en pastoreo (Docente: Carlos Batallas)<\/strong><\/p>\n<ul style=\"font-weight: 400\">\n<li>Cosecha y consumo de la dieta<\/li>\n<li>Interacciones entre los componentes de la dieta<\/li>\n<li>Entendiendo la tasa de sustituci\u00f3n<\/li>\n<\/ul>\n<p style=\"font-weight: 400\"><strong>\u00a0<\/strong><strong>31\/8 Ejercicios de formulaci\u00f3n (Docente: Gonzalo Tu\u00f1on)<\/strong><\/p>\n<ul style=\"font-weight: 400\">\n<li>Principios de formulaci\u00f3n y uso pr\u00e1ctico de los m\u00e9todos de formulaci\u00f3n<\/li>\n<li>Estimaci\u00f3n del consumo de pasto usando software de nutrici\u00f3n<\/li>\n<li>Simulaci\u00f3n de dietas para distintas categor\u00edas<\/li>\n<\/ul>\n<p style=\"font-weight: 400\"><strong>4\/9 &#8211; Web conference 2<\/strong><\/p>\n<p style=\"font-weight: 400\">Charla 1 Gonzalo Tu\u00f1on (20 min + 10 min de intercambio)<\/p>\n<ul style=\"font-weight: 400\">\n<li>La gesti\u00f3n del pastoreo. Las claves que hacen la diferencia<\/li>\n<\/ul>\n<p style=\"font-weight: 400\">Charla 2 Carlos Batallas (20 min + 10 min de intercambio)<\/p>\n<ul style=\"font-weight: 400\">\n<li>C\u00f3mo interact\u00faa la dieta con el biotipo de vaca que tenemos<\/li>\n<\/ul>\n<h4>Modalidad:<\/h4>\n<p><strong>On-line:<\/strong> Los cursos se realizar\u00e1n en modalidad E-learning.Metodolog\u00eda:<\/p>\n<p><strong>Aula virtual:<\/strong> Se trabajar\u00e1 en una plataforma Web especialmente dise\u00f1ada para los cursos (aula y plataforma virtual), donde se podr\u00e1 acceder a los documentos, videos, link de inter\u00e9s y se facilitar\u00e1 la interacci\u00f3n con los docentes y el resto de los participantes.<br \/>\n<strong>Foro:<\/strong> Se desarrollar\u00e1 un foro en la plataforma para fomentar el contacto entre los participantes y los docentes, habilitado para consultas de los participantes y para que los docentes dejen consignas para trabajar y debatir en conjunto.<br \/>\n<strong>Docente:<\/strong> El tutor docente estar\u00e1 disponible para responder dudas y consultas de los participantes y para ampliar contenidos de inter\u00e9s de los participantes.<br \/>\n<strong>Horarios:<\/strong> Los cursos son en modalidad asincr\u00f3nica, el participante puede acceder en los horarios que mejor le convenga, siempre respetando la cronolog\u00eda de los cursos.<br \/>\n<strong>Evaluaciones:<\/strong> En los curso se har\u00e1 una evaluaci\u00f3n final obligatoria para la aprobaci\u00f3n de los mismos.<br \/>\n<strong>Dedicaci\u00f3n:<\/strong> Cada participante deber\u00e1 destinar un m\u00e1ximo de 6 horas de trabajo por semana de curso.<\/p>\n<h4>Costo:<\/h4>\n<p>Costo del Curso\u00a0<strong>USD 120<\/strong><\/p>\n<p>Costo Socios de FEPALE\u00a0<strong>USD 90<\/strong><\/p>\n<h4>Siguiente Curso del Ciclo:<\/h4>\n<p><a href=\"https:\/\/fepale.org\/capacitacion\/producto\/curso-3-la-vaca-en-el-sistema-pastoril-reproduccion-confort-sanidad-indicadores-de-desempeno-inicio-9-de-noviembre-2020\/\" target=\"_blank\" rel=\"noopener noreferrer\">Curso 3: La vaca en el sistema pastoril; reproducci\u00f3n, confort, sanidad, indicadores de desempe\u00f1o \u2013 9\/11\/20 a 7\/12\/20<\/a><\/p>\n<h3 style=\"text-align: center\"><a href=\"https:\/\/forms.gle\/fr8z2b5Cz7XSsyj78\" target=\"_blank\" rel=\"noopener noreferrer\">FORMULARIO DE INSCRIPCI\u00d3N AQU\u00cd<\/a><\/h3>\n<p style=\"text-align: right\"><strong>POR CONSULTAS:<\/strong><br \/>\n<strong>Elena Sierra \u2013 \u00c1rea de Capacitaci\u00f3n \u2013 FEPALE<\/strong><br \/>\n<strong>Luis A. de Herrera 1052 Torre B \/ 1507 \u2013 Montevideo \u2013 Uruguay<\/strong><br \/>\n<strong>TEL: (598) 2622 0968 \/ 2622 7538<\/strong><br \/>\n<strong>infocapacita@fepale.org\/www.fepale.org<\/strong><\/p>\n<p>&nbsp;<\/p>\n","protected":false},"excerpt":{"rendered":"<p>El Instituto Panamericano de Capacitaci\u00f3n para el Sector L\u00e1cteo de FEPALE convoca e invita al\u00a0Curso 2: Manejo de la nutrici\u00f3n y alimentaci\u00f3n en el sistema pastoril<\/p>\n<p><strong>Inicio 10 de agosto 2020<\/strong><\/p>\n<p><strong>Organiza:<\/strong><\/p>\n<p><img loading=\"lazy\" decoding=\"async\" class=\" wp-image-3076\" src=\"https:\/\/fepale.org\/capacitacion\/wp-content\/uploads\/2020\/02\/FEPALE_Marca-2016_A-01-300x168.jpg\" alt=\"\" width=\"180\" height=\"101\" srcset=\"https:\/\/fepale.org\/capacitacion\/wp-content\/uploads\/2020\/02\/FEPALE_Marca-2016_A-01-300x168.jpg 300w, https:\/\/fepale.org\/capacitacion\/wp-content\/uploads\/2020\/02\/FEPALE_Marca-2016_A-01-215x120.jpg 215w, https:\/\/fepale.org\/capacitacion\/wp-content\/uploads\/2020\/02\/FEPALE_Marca-2016_A-01.jpg 328w\" sizes=\"auto, (max-width: 180px) 100vw, 180px\" \/><\/p>\n","protected":false},"featured_media":3130,"template":"","meta":[],"pwb-brand":[],"product_brand":[],"product_cat":[96],"product_tag":[],"class_list":{"0":"post-3135","1":"product","2":"type-product","3":"status-publish","4":"has-post-thumbnail","6":"product_cat-96","8":"first","9":"instock","10":"shipping-taxable","11":"product-type-simple"},"brands":[],"_links":{"self":[{"href":"https:\/\/fepale.org\/capacitacion\/wp-json\/wp\/v2\/product\/3135","targetHints":{"allow":["GET"]}}],"collection":[{"href":"https:\/\/fepale.org\/capacitacion\/wp-json\/wp\/v2\/product"}],"about":[{"href":"https:\/\/fepale.org\/capacitacion\/wp-json\/wp\/v2\/types\/product"}],"wp:featuredmedia":[{"embeddable":true,"href":"https:\/\/fepale.org\/capacitacion\/wp-json\/wp\/v2\/media\/3130"}],"wp:attachment":[{"href":"https:\/\/fepale.org\/capacitacion\/wp-json\/wp\/v2\/media?parent=3135"}],"wp:term":[{"taxonomy":"pwb-brand","embeddable":true,"href":"https:\/\/fepale.org\/capacitacion\/wp-json\/wp\/v2\/pwb-brand?post=3135"},{"taxonomy":"product_brand","embeddable":true,"href":"https:\/\/fepale.org\/capacitacion\/wp-json\/wp\/v2\/product_brand?post=3135"},{"taxonomy":"product_cat","embeddable":true,"href":"https:\/\/fepale.org\/capacitacion\/wp-json\/wp\/v2\/product_cat?post=3135"},{"taxonomy":"product_tag","embeddable":true,"href":"https:\/\/fepale.org\/capacitacion\/wp-json\/wp\/v2\/product_tag?post=3135"}],"curies":[{"name":"wp","href":"https:\/\/api.w.org\/{rel}","templated":true}]}}