{"id":3110,"date":"2020-02-21T08:39:40","date_gmt":"2020-02-21T11:39:40","guid":{"rendered":"https:\/\/fepale.org\/capacitacion\/?post_type=product&#038;p=3110"},"modified":"2022-04-06T12:59:05","modified_gmt":"2022-04-06T15:59:05","slug":"curso-sobre-tecnologia-de-postres-y-flanes-inicio-4-de-mayo-2020","status":"publish","type":"product","link":"https:\/\/fepale.org\/capacitacion\/producto\/curso-sobre-tecnologia-de-postres-y-flanes-inicio-4-de-mayo-2020\/","title":{"rendered":"Curso sobre Tecnolog\u00eda de Postres y Flanes &#8211; Inicio 4 de Mayo 2020"},"content":{"rendered":"<h4><b>Presentaci\u00f3n:<\/b><\/h4>\n<p>Los postres l\u00e1cteos listos para el consumo son productos cuyo mercado ha avanzado de manera continua en estos \u00faltimos a\u00f1os. Esto es atribuible no s\u00f3lo a su f\u00e1cil consumo sino tambi\u00e9n al mejoramiento de su formulaci\u00f3n y valor nutricional, adem\u00e1s del avance tecnol\u00f3gico en los sistemas de producci\u00f3n.<\/p>\n<p>Actualmente, las empresas apuestan a invertir en nuevas tecnolog\u00edas para lograr mayor calidad en sus productos y de esta forma mejorar su competitividad en un mercado amplio de oportunidades.<\/p>\n<h4><strong>Objetivos:<\/strong><\/h4>\n<ul>\n<li>Afianzar conocimientos b\u00e1sicos relacionados con la leche, composici\u00f3n y propiedades.<\/li>\n<li>Profundizar conceptos sobre la tecnolog\u00eda de elaboraci\u00f3n de postres.<\/li>\n<li>Interpretar la incidencia de las diferentes variables del proceso en la calidad del producto.<\/li>\n<li>Fomentar el desarrollo de un criterio pr\u00e1ctico que permita al participante incrementar positivamente su protagonismo en el sistema productivo.<\/li>\n<li>Demostrar la incidencia del factor humano en el logro de un producto de alta calidad.<\/li>\n<\/ul>\n<h4><strong>\u00a0<\/strong><strong>P\u00fablico objetivo:<\/strong><\/h4>\n<p>El curso de capacitaci\u00f3n en tecnolog\u00eda de postres y flanes est\u00e1 dirigido a estudiantes, operarios y profesionales de la industria que necesiten profundizar conceptos relacionados con la elaboraci\u00f3n de postres y flanes.<\/p>\n<h4><strong>Contenidos:<\/strong><\/h4>\n<p><strong>M\u00f3dulo 1:<\/strong><\/p>\n<p><strong>Postres y flanes l\u00e1cteos. Generalidades.\u00a0\u00a0 <\/strong><\/p>\n<p>Definici\u00f3n y clasificaci\u00f3n de los postres. Composici\u00f3n. Valor nutritivo.\u00a0 Evoluci\u00f3n en su producci\u00f3n y consumo. Factores.<\/p>\n<p><strong>Materia Prima Leche. Caracter\u00edsticas, calidad y tratamientos <\/strong><\/p>\n<p>Leche, componentes y funciones de c\/u en el producto. Calidad de la leche, importancia. Tratamientos preliminares de la leche, objetivos, par\u00e1metros y equipos utilizados para cada uno.<\/p>\n<p><strong>M\u00f3dulo 2: <\/strong><\/p>\n<p><strong>Otros Ingredientes<\/strong><\/p>\n<p>Azucares, funci\u00f3n y tipos. Almidones e hidrocoloides, caracter\u00edsticas, funci\u00f3n y tipos. Ingredientes minoritarios: saborizantes y colorantes. Formulaci\u00f3n y preparaci\u00f3n de las mezclas.<\/p>\n<p><strong>M\u00f3dulo 3:<\/strong><\/p>\n<p><strong>Postres y flanes. Proceso de elaboraci\u00f3n<\/strong><\/p>\n<p>Diagrama de flujo. Descripci\u00f3n de los procesos aplicados para su elaboraci\u00f3n. Homogenizaci\u00f3n.\u00a0 Tratamiento t\u00e9rmico. Enfriamiento.\u00a0 Envasado.\u00a0 C\u00e1mara fr\u00eda. Transporte. Influencia de los par\u00e1metros aplicados en cada etapa. Recetas. Defectos m\u00e1s comunes en la elaboraci\u00f3n de postres y flanes.<\/p>\n<p><strong>M\u00f3dulo 4:<\/strong><\/p>\n<p>Evaluaci\u00f3n final del curso.<\/p>\n<h4><strong>Modalidad:<\/strong><\/h4>\n<p><strong>On-line:<\/strong>\u00a0el curso se realizar\u00e1 en modalidad E-learning.<\/p>\n<p><strong>Aula virtual:<\/strong>\u00a0Se trabajar\u00e1 en una plataforma Web especialmente dise\u00f1ada para el curso (aula y plataforma virtual), donde se podr\u00e1 acceder a los documentos, videos, link de inter\u00e9s y se facilitar\u00e1 la interacci\u00f3n con los docentes y el resto de los participantes al curso.<br \/>\n<strong>Foro:<\/strong>\u00a0Se desarrollar\u00e1 un foro en la plataforma para fomentar el contacto entre los participantes y los docentes, habilitado para consultas de los participantes y para que los docentes dejen consignas para trabajar y debatir en conjunto.<br \/>\n<strong>Docentes:<\/strong> Los docentes estar\u00e1n disponibles para responder dudas y consultas de los participantes y para ampliar contenidos de inter\u00e9s de los participantes.<br \/>\n<strong>Horarios:<\/strong>\u00a0El curso es en modalidad asincr\u00f3nica, el participante puede acceder en los horarios que mejor le convenga, siempre respetando la cronolog\u00eda del curso.<br \/>\n<strong>Evaluaciones:<\/strong>\u00a0En el curso se har\u00e1 una evaluaci\u00f3n final obligatoria para la aprobaci\u00f3n del mismo.<br \/>\n<strong>Dedicaci\u00f3n:<\/strong>\u00a0Cada participante deber\u00e1 destinar un m\u00e1ximo de 6 horas de trabajo por semana de curso y el curso est\u00e1 conformado de un programa de 4 semanas.<\/p>\n<h4><strong>Docentes:<\/strong><\/h4>\n<p>Ing. Gustavo Cifre\u00a0<a href=\"https:\/\/fepale.org\/capacitacion\/wp-content\/uploads\/2020\/02\/C.V-Gustavo-Salvador-Cifre-.pdf\">C.V &#8211; Gustavo Salvador Cifre<\/a><\/p>\n<p>Mg. Hern\u00e1n Allasia\u00a0<a href=\"https:\/\/fepale.org\/capacitacion\/wp-content\/uploads\/2020\/02\/C.V-Hern\u00e1n-Ram\u00f3n-Allasia.pdf\">C.V &#8211; Hern\u00e1n Ram\u00f3n Allasia<\/a><\/p>\n<p>Ing. Oscar Demarchi\u00a0<a href=\"https:\/\/fepale.org\/capacitacion\/wp-content\/uploads\/2020\/02\/C.V-Oscar-Juan-Demarchi-.pdf\">C.V &#8211; Oscar Juan Demarchi<\/a><\/p>\n<p>Ing. Julieta Rizzi\u00a0<a href=\"https:\/\/fepale.org\/capacitacion\/wp-content\/uploads\/2020\/02\/C.V-Julieta-Andrea-Rizzi.pdf\">C.V &#8211; Julieta Andrea Rizzi<\/a><\/p>\n<h4><strong>Certificaci\u00f3n:<\/strong><\/h4>\n<p>Aquel participante que apruebe las instancias de evaluaci\u00f3n de las distintas unidades recibir\u00e1:<\/p>\n<ul>\n<li>Certificado de Participaci\u00f3n y Aprobaci\u00f3n.<\/li>\n<li>Constancia de Programa cumplido en el curso.<\/li>\n<li>El certificado del curso es emitido por el Instituto Panamericano de Capacitaci\u00f3n para el Sector L\u00e1cteo de FEPALE junto con la Escuela Superior Integral de Lecher\u00eda \u2013 ESIL<\/li>\n<\/ul>\n<h4><strong>Costos:<\/strong><\/h4>\n<p>El costo del curso es de<strong> USD 120<\/strong><\/p>\n<p>Socios de FEPALE <strong>USD 90<\/strong><\/p>\n<p>&nbsp;<\/p>\n<h3 style=\"text-align: center\"><a href=\"https:\/\/forms.gle\/eb8vNvRwDCY7UoUK8\" target=\"_blank\" rel=\"noopener noreferrer\"><strong>FORMULARIO DE INSCRIPCI\u00d3N AQU\u00cd<\/strong><\/a><\/h3>\n<p>&nbsp;<\/p>\n<p style=\"text-align: right\"><strong>POR CONSULTAS:<\/strong><\/p>\n<p style=\"text-align: right\"><strong>Elena Sierra \u2013<\/strong><strong> \u00c1rea de Capacitaci\u00f3n \u2013 FEPALE<\/strong><br \/>\n<strong>Luis A. de Herrera 1052 Torre B \/ 1507 \u2013 Montevideo \u2013 Uruguay<\/strong>.<br \/>\n<strong>TEL: (598) 2622 0968 \/ 2622 7538<\/strong><br \/>\n<strong>infocapacita@fepale.org\/www.fepale.org<\/strong><\/p>\n","protected":false},"excerpt":{"rendered":"<p>El Instituto de Capacitaci\u00f3n para el Sector L\u00e1cteo de FEPALE y la ESCUELA SUPERIOR INTEGRAL DE LECHER\u00cdA, CORDOBA \u2013 ARGENTINA, convocan e invitan a participar en el\u00a0Curso Internacional a Distancia sobre Tecnolog\u00eda de Postres y Flanes.<\/p>\n<p><strong>Inicio<\/strong><strong> Mayo 2020 (del 4 al 29)<\/strong><\/p>\n<p><strong>Organizan:<\/strong><\/p>\n<p><img loading=\"lazy\" decoding=\"async\" class=\"alignnone size-medium wp-image-3111\" src=\"https:\/\/fepale.org\/capacitacion\/wp-content\/uploads\/2020\/02\/fepale_esil.fw_-300x107.png\" alt=\"\" width=\"300\" height=\"107\" srcset=\"https:\/\/fepale.org\/capacitacion\/wp-content\/uploads\/2020\/02\/fepale_esil.fw_-300x107.png 300w, https:\/\/fepale.org\/capacitacion\/wp-content\/uploads\/2020\/02\/fepale_esil.fw_.png 542w\" sizes=\"auto, (max-width: 300px) 100vw, 300px\" \/><\/p>\n","protected":false},"featured_media":3112,"template":"","meta":[],"pwb-brand":[],"product_brand":[],"product_cat":[96],"product_tag":[],"class_list":{"0":"post-3110","1":"product","2":"type-product","3":"status-publish","4":"has-post-thumbnail","6":"product_cat-96","8":"first","9":"instock","10":"shipping-taxable","11":"product-type-simple"},"brands":[],"_links":{"self":[{"href":"https:\/\/fepale.org\/capacitacion\/wp-json\/wp\/v2\/product\/3110","targetHints":{"allow":["GET"]}}],"collection":[{"href":"https:\/\/fepale.org\/capacitacion\/wp-json\/wp\/v2\/product"}],"about":[{"href":"https:\/\/fepale.org\/capacitacion\/wp-json\/wp\/v2\/types\/product"}],"wp:featuredmedia":[{"embeddable":true,"href":"https:\/\/fepale.org\/capacitacion\/wp-json\/wp\/v2\/media\/3112"}],"wp:attachment":[{"href":"https:\/\/fepale.org\/capacitacion\/wp-json\/wp\/v2\/media?parent=3110"}],"wp:term":[{"taxonomy":"pwb-brand","embeddable":true,"href":"https:\/\/fepale.org\/capacitacion\/wp-json\/wp\/v2\/pwb-brand?post=3110"},{"taxonomy":"product_brand","embeddable":true,"href":"https:\/\/fepale.org\/capacitacion\/wp-json\/wp\/v2\/product_brand?post=3110"},{"taxonomy":"product_cat","embeddable":true,"href":"https:\/\/fepale.org\/capacitacion\/wp-json\/wp\/v2\/product_cat?post=3110"},{"taxonomy":"product_tag","embeddable":true,"href":"https:\/\/fepale.org\/capacitacion\/wp-json\/wp\/v2\/product_tag?post=3110"}],"curies":[{"name":"wp","href":"https:\/\/api.w.org\/{rel}","templated":true}]}}