{"id":87,"date":"2025-11-07T21:07:05","date_gmt":"2025-11-07T20:07:05","guid":{"rendered":"https:\/\/fepale.org\/agenda_desarrollo_sostenible_sector_lacteo_america_latina_caribe\/?page_id=87"},"modified":"2025-12-19T15:07:40","modified_gmt":"2025-12-19T14:07:40","slug":"inicio","status":"publish","type":"page","link":"https:\/\/fepale.org\/adsslalc\/","title":{"rendered":"Inicio"},"content":{"rendered":"<p>[et_pb_section fb_built=\u00bb1&#8243; admin_label=\u00bbHeader\u00bb _builder_version=\u00bb4.27.4&#8243; _module_preset=\u00bbdefault\u00bb use_background_color_gradient=\u00bbon\u00bb background_color_gradient_stops=\u00bbrgba(10,10,10,0.5) 0%|rgba(0,0,0,0.6) 100%\u00bb background_color_gradient_overlays_image=\u00bbon\u00bb background_image=\u00bbhttps:\/\/fepale.org\/adsslalc\/wp-content\/uploads\/2025\/11\/GettyImages-591712165-cda012a.webp\u00bb custom_padding=\u00bb10vw||10vw||true|false\u00bb da_disable_devices=\u00bboff|off|off\u00bb collapsed=\u00bbon\u00bb global_colors_info=\u00bb{}\u00bb da_is_popup=\u00bboff\u00bb da_exit_intent=\u00bboff\u00bb da_has_close=\u00bbon\u00bb da_alt_close=\u00bboff\u00bb da_dark_close=\u00bboff\u00bb da_not_modal=\u00bbon\u00bb da_is_singular=\u00bboff\u00bb da_with_loader=\u00bboff\u00bb da_has_shadow=\u00bbon\u00bb][et_pb_row _builder_version=\u00bb4.24.3&#8243; _module_preset=\u00bbdefault\u00bb width=\u00bb50%\u00bb width_tablet=\u00bb80%\u00bb width_phone=\u00bb80%\u00bb width_last_edited=\u00bbon|desktop\u00bb max_width=\u00bbnone\u00bb global_colors_info=\u00bb{}\u00bb][et_pb_column type=\u00bb4_4&#8243; _builder_version=\u00bb4.24.3&#8243; _module_preset=\u00bbdefault\u00bb global_colors_info=\u00bb{}\u00bb][et_pb_heading title=\u00bbAgenda de Desarrollo Sostenible del Sector L\u00e1cteo de Am\u00e9rica Latina y el Caribe   \u00bb _builder_version=\u00bb4.27.4&#8243; _module_preset=\u00bb84481358-dffa-4894-84be-783d429cae50&#8243; title_font=\u00bbPlayfair Display|600||on|||||\u00bb title_text_align=\u00bbcenter\u00bb title_text_color=\u00bb#FFFFFF\u00bb title_font_size=\u00bb3.5vw\u00bb title_font_size_tablet=\u00bb3.5vw\u00bb title_font_size_phone=\u00bb33px\u00bb title_font_size_last_edited=\u00bbon|phone\u00bb title_text_shadow_style=\u00bbpreset1&#8243; global_colors_info=\u00bb{}\u00bb][\/et_pb_heading][et_pb_icon font_icon=\u00bb&#x3b;||divi||400&#8243; icon_width=\u00bb95px\u00bb _builder_version=\u00bb4.27.4&#8243; _module_preset=\u00bbdefault\u00bb global_colors_info=\u00bb{}\u00bb][\/et_pb_icon][\/et_pb_column][\/et_pb_row][\/et_pb_section][et_pb_section fb_built=\u00bb1&#8243; admin_label=\u00bbAbout\u00bb _builder_version=\u00bb4.24.3&#8243; _module_preset=\u00bbdefault\u00bb da_disable_devices=\u00bboff|off|off\u00bb collapsed=\u00bbon\u00bb global_colors_info=\u00bb{}\u00bb da_is_popup=\u00bboff\u00bb da_exit_intent=\u00bboff\u00bb da_has_close=\u00bbon\u00bb da_alt_close=\u00bboff\u00bb da_dark_close=\u00bboff\u00bb da_not_modal=\u00bbon\u00bb da_is_singular=\u00bboff\u00bb da_with_loader=\u00bboff\u00bb da_has_shadow=\u00bbon\u00bb][et_pb_row column_structure=\u00bb1_2,1_2&#8243; _builder_version=\u00bb4.24.3&#8243; _module_preset=\u00bbdefault\u00bb max_width=\u00bbnone\u00bb global_colors_info=\u00bb{}\u00bb][et_pb_column type=\u00bb1_2&#8243; _builder_version=\u00bb4.24.3&#8243; _module_preset=\u00bbdefault\u00bb global_colors_info=\u00bb{}\u00bb][et_pb_heading title=\u00bbEl Proyecto\u00bb _builder_version=\u00bb4.27.4&#8243; _module_preset=\u00bb3dc2cd8d-5833-4f5a-b77e-9c4dccc2bcb3&#8243; title_level=\u00bbh1&#8243; title_font=\u00bbPlayfair Display|500|||||||\u00bb title_text_color=\u00bb#000000&#8243; title_font_size=\u00bb3vw\u00bb title_font_size_tablet=\u00bb50px\u00bb title_font_size_phone=\u00bb35px\u00bb title_font_size_last_edited=\u00bbon|phone\u00bb global_colors_info=\u00bb{%22gcid-3e93bdc5-146d-448e-a761-9f1b4dd51113%22:%91%22link_text_color%22,%22quote_border_color%22,%22link_text_color%22,%22quote_border_color%22%93,%22gcid-c7d8f091-13fc-48ff-a161-01fd58ed72d5%22:%91%22quote_text_color%22,%22quote_text_color%22,%22quote_text_color%22%93}\u00bb][\/et_pb_heading][et_pb_text _builder_version=\u00bb4.27.4&#8243; _module_preset=\u00bbdefault\u00bb custom_margin=\u00bb||0px||false|false\u00bb custom_padding=\u00bb||40px||false|false\u00bb global_colors_info=\u00bb{}\u00bb]<\/p>\n<p>La producci\u00f3n lechera es una actividad estrat\u00e9gica para la seguridad alimentaria, el desarrollo rural y la generaci\u00f3n de empleo en <strong>Am\u00e9rica Latina y el Caribe<\/strong>. La regi\u00f3n cuenta con grandes ventajas naturales y sanitarias, pero enfrenta el desaf\u00edo de avanzar hacia una mayor sostenibilidad econ\u00f3mica, social y ambiental.<\/p>\n<p>Con este prop\u00f3sito, se impulsa la Iniciativa para el Desarrollo de una Agenda de Desarrollo Sostenible del Sector L\u00e1cteo de Am\u00e9rica Latina y el Caribe, liderada por CAF \u2013 Banco de Desarrollo de Am\u00e9rica Latina y el Caribe, el <strong>Instituto Interamericano de Cooperaci\u00f3n para la Agricultura (IICA), la Federaci\u00f3n Panamericana de Lecher\u00eda (FEPALE), la Global Dairy Platform (GDP &#8211; Plataforma L\u00e1ctea Global) y el Dairy Sustainability Framework (DSF \u2013 Marco de la Sostenibilidad Lechera).<\/strong><\/p>\n<p>La iniciativa busca construir una agenda regional coordinada que promueva el desarrollo sostenible del sector, mediante la aplicaci\u00f3n piloto de la metodolog\u00eda del Marco de la Sostenibilidad Lechera <strong>(Dairy Sustainability Framework \u2013 DSF)<\/strong> en pa\u00edses seleccionados de la regi\u00f3n. Este enfoque permitir\u00e1 alinear esfuerzos bajo est\u00e1ndares internacionales, fortalecer la articulaci\u00f3n p\u00fablico-privada, visibilizar los avances y mejorar el acceso a mercados internacionales, contribuyendo al desarrollo integral del sector l\u00e1cteo.<\/p>\n<p>[\/et_pb_text][et_pb_button button_url=\u00bbhttps:\/\/fepale.org\/adsslalc\/sobre-el-proyecto\/\u00bb button_text=\u00bbM\u00e1s info aqu\u00ed\u00bb button_alignment=\u00bbcenter\u00bb _builder_version=\u00bb4.27.4&#8243; _module_preset=\u00bbdefault\u00bb custom_button=\u00bbon\u00bb button_text_size=\u00bb23px\u00bb button_text_color=\u00bb#0C71C3&#8243; button_bg_color=\u00bbRGBA(255,255,255,0)\u00bb button_border_width=\u00bb1px\u00bb button_border_color=\u00bb#0C71C3&#8243; button_border_radius=\u00bb10px\u00bb button_font=\u00bbEncode Sans Condensed|300|||||||\u00bb button_icon=\u00bb&#x41;||divi||400&#8243; button_icon_color=\u00bb#0C71C3&#8243; button_icon_placement=\u00bbleft\u00bb hover_enabled=\u00bb0&#8243; custom_css_main_element=\u00bbwidth: 100%;\u00bb global_colors_info=\u00bb{}\u00bb sticky_enabled=\u00bb0&#8243;][\/et_pb_button][\/et_pb_column][et_pb_column type=\u00bb1_2&#8243; _builder_version=\u00bb4.24.3&#8243; _module_preset=\u00bbdefault\u00bb global_colors_info=\u00bb{}\u00bb][et_pb_image src=\u00bbhttps:\/\/fepale.org\/adsslalc\/wp-content\/uploads\/2025\/11\/0021255487105.jpg\u00bb title_text=\u00bb0021255487105&#8243; _builder_version=\u00bb4.27.4&#8243; _module_preset=\u00bbdefault\u00bb border_radii=\u00bbon|20px|20px|20px|20px\u00bb global_colors_info=\u00bb{}\u00bb][\/et_pb_image][\/et_pb_column][\/et_pb_row][\/et_pb_section][et_pb_section fb_built=\u00bb1&#8243; admin_label=\u00bbContact Info\u00bb _builder_version=\u00bb4.27.4&#8243; _module_preset=\u00bbdefault\u00bb background_enable_color=\u00bboff\u00bb background_image=\u00bbhttps:\/\/fepale.org\/adsslalc\/wp-content\/uploads\/2025\/11\/sostenibilidad.webp\u00bb parallax=\u00bbon\u00bb custom_padding=\u00bb6vw|10vw||10vw|false|true\u00bb da_disable_devices=\u00bboff|off|off\u00bb box_shadow_style=\u00bbpreset3&#8243; collapsed=\u00bbon\u00bb global_colors_info=\u00bb{}\u00bb da_is_popup=\u00bboff\u00bb da_exit_intent=\u00bboff\u00bb da_has_close=\u00bbon\u00bb da_alt_close=\u00bboff\u00bb da_dark_close=\u00bboff\u00bb da_not_modal=\u00bbon\u00bb da_is_singular=\u00bboff\u00bb da_with_loader=\u00bboff\u00bb da_has_shadow=\u00bbon\u00bb][et_pb_row column_structure=\u00bb1_2,1_2&#8243; _builder_version=\u00bb4.24.3&#8243; _module_preset=\u00bbdefault\u00bb width=\u00bb100%\u00bb max_width=\u00bb1450px\u00bb module_alignment=\u00bbright\u00bb scroll_vertical_motion_enable=\u00bbon\u00bb scroll_vertical_motion=\u00bb0|50|50|100|1|0|-1&#8243; global_colors_info=\u00bb{}\u00bb][et_pb_column type=\u00bb1_2&#8243; _builder_version=\u00bb4.24.3&#8243; _module_preset=\u00bbdefault\u00bb global_colors_info=\u00bb{}\u00bb][\/et_pb_column][et_pb_column type=\u00bb1_2&#8243; _builder_version=\u00bb4.24.3&#8243; _module_preset=\u00bbdefault\u00bb background_color=\u00bb#FFFFFF\u00bb custom_padding=\u00bb6vw|60px|6vw|60px|true|true\u00bb custom_padding_tablet=\u00bb30px|30px|30px|30px|true|true\u00bb custom_padding_phone=\u00bb20px|20px|20px|20px|true|true\u00bb custom_padding_last_edited=\u00bbon|desktop\u00bb global_colors_info=\u00bb{}\u00bb][et_pb_heading title=\u00bbSostenibilidad-DSF\u00bb _builder_version=\u00bb4.27.4&#8243; _module_preset=\u00bb3dc2cd8d-5833-4f5a-b77e-9c4dccc2bcb3&#8243; title_text_align=\u00bbcenter\u00bb title_font_size_phone=\u00bb33px\u00bb global_colors_info=\u00bb{}\u00bb][\/et_pb_heading][et_pb_image src=\u00bbhttps:\/\/fepale.org\/adsslalc\/wp-content\/uploads\/2025\/11\/lgo_DSF.jpg\u00bb title_text=\u00bblgo_DSF\u00bb align=\u00bbcenter\u00bb _builder_version=\u00bb4.27.4&#8243; _module_preset=\u00bbdefault\u00bb width=\u00bb80%\u00bb global_colors_info=\u00bb{}\u00bb][\/et_pb_image][et_pb_button button_url=\u00bbhttps:\/\/fepale.org\/adsslalc\/sostenibilidad-dsf\/\u00bb button_text=\u00bbDescubre m\u00e1s\u00bb button_alignment=\u00bbcenter\u00bb _builder_version=\u00bb4.27.4&#8243; _module_preset=\u00bbdefault\u00bb custom_button=\u00bbon\u00bb button_text_size=\u00bb23px\u00bb button_text_color=\u00bb#0C71C3&#8243; button_bg_color=\u00bbRGBA(255,255,255,0)\u00bb button_border_width=\u00bb1px\u00bb button_border_color=\u00bb#0C71C3&#8243; button_border_radius=\u00bb10px\u00bb button_font=\u00bbEncode Sans Condensed|300|||||||\u00bb button_icon=\u00bb&#x41;||divi||400&#8243; button_icon_color=\u00bb#0C71C3&#8243; button_icon_placement=\u00bbleft\u00bb custom_css_main_element=\u00bbwidth: 100%;\u00bb global_colors_info=\u00bb{}\u00bb][\/et_pb_button][\/et_pb_column][\/et_pb_row][\/et_pb_section][et_pb_section fb_built=\u00bb1&#8243; _builder_version=\u00bb4.27.4&#8243; _module_preset=\u00bbdefault\u00bb da_disable_devices=\u00bboff|off|off\u00bb global_colors_info=\u00bb{}\u00bb da_is_popup=\u00bboff\u00bb da_exit_intent=\u00bboff\u00bb da_has_close=\u00bbon\u00bb da_alt_close=\u00bboff\u00bb da_dark_close=\u00bboff\u00bb da_not_modal=\u00bbon\u00bb da_is_singular=\u00bboff\u00bb da_with_loader=\u00bboff\u00bb da_has_shadow=\u00bbon\u00bb][et_pb_row column_structure=\u00bb3_5,2_5&#8243; _builder_version=\u00bb4.27.4&#8243; _module_preset=\u00bbdefault\u00bb global_colors_info=\u00bb{}\u00bb][et_pb_column type=\u00bb3_5&#8243; _builder_version=\u00bb4.27.4&#8243; _module_preset=\u00bbdefault\u00bb global_colors_info=\u00bb{}\u00bb][et_pb_heading title=\u00bbEquipo de Trabajo\u00bb _builder_version=\u00bb4.27.4&#8243; _module_preset=\u00bb3dc2cd8d-5833-4f5a-b77e-9c4dccc2bcb3&#8243; title_font=\u00bbPlayfair Display|500|||||||\u00bb title_text_color=\u00bb#000000&#8243; title_font_size=\u00bb3vw\u00bb title_font_size_phone=\u00bb35px\u00bb global_colors_info=\u00bb{%22gcid-3e93bdc5-146d-448e-a761-9f1b4dd51113%22:%91%22link_text_color%22,%22quote_border_color%22,%22link_text_color%22,%22quote_border_color%22%93,%22gcid-c7d8f091-13fc-48ff-a161-01fd58ed72d5%22:%91%22quote_text_color%22,%22quote_text_color%22,%22quote_text_color%22%93}\u00bb][\/et_pb_heading][et_pb_image src=\u00bbhttps:\/\/fepale.org\/adsslalc\/wp-content\/uploads\/2025\/11\/0215450.jpg\u00bb title_text=\u00bb0215450&#8243; _builder_version=\u00bb4.27.4&#8243; _module_preset=\u00bbdefault\u00bb border_radii=\u00bbon|10px|10px|10px|10px\u00bb global_colors_info=\u00bb{}\u00bb][\/et_pb_image][\/et_pb_column][et_pb_column type=\u00bb2_5&#8243; _builder_version=\u00bb4.27.4&#8243; _module_preset=\u00bbdefault\u00bb global_colors_info=\u00bb{}\u00bb][et_pb_text _builder_version=\u00bb4.27.4&#8243; _module_preset=\u00bbdefault\u00bb global_colors_info=\u00bb{}\u00bb]<\/p>\n<p data-start=\"82\" data-end=\"575\"><strong>El Grupo de Trabajo de la Agenda de Desarrollo Sostenible del Sector L\u00e1cteo<\/strong> est\u00e1 conformado por un equipo multidisciplinario de profesionales con una extensa y reconocida trayectoria en el \u00e1mbito agropecuario, la sostenibilidad, el desarrollo rural y la cooperaci\u00f3n internacional. Cada integrante aporta conocimientos t\u00e9cnicos, experiencia en gesti\u00f3n y una visi\u00f3n estrat\u00e9gica que, en conjunto, permiten abordar de manera integral los desaf\u00edos actuales y futuros del sector l\u00e1cteo en la regi\u00f3n.<\/p>\n<p data-start=\"577\" data-end=\"981\">Este grupo re\u00fane a representantes de instituciones p\u00fablicas y privadas, organismos internacionales, entidades financieras de desarrollo y organizaciones del sector productivo, generando un espacio de articulaci\u00f3n \u00fanico. Su labor se centra en impulsar acciones coordinadas, promover el intercambio de informaci\u00f3n y facilitar la adopci\u00f3n de buenas pr\u00e1cticas productivas, ambientales, sociales y econ\u00f3micas.<\/p>\n<p data-start=\"983\" data-end=\"1376\">A trav\u00e9s de su trabajo colaborativo, el equipo contribuye a fortalecer la gobernanza sectorial, apoyar la toma de decisiones basada en evidencia y fomentar pol\u00edticas que impulsen un crecimiento sostenible e inclusivo. Esta articulaci\u00f3n es clave para avanzar hacia una lecher\u00eda m\u00e1s resiliente, competitiva y comprometida con los objetivos de desarrollo sostenible en Am\u00e9rica Latina y el Caribe.<\/p>\n<p>[\/et_pb_text][et_pb_button button_url=\u00bbhttps:\/\/fepale.org\/adsslalc\/equipo-de-trabajo\/\u00bb button_text=\u00bbNuestro Equipo de Trabajo\u00bb button_alignment=\u00bbcenter\u00bb _builder_version=\u00bb4.27.4&#8243; _module_preset=\u00bbdefault\u00bb custom_button=\u00bbon\u00bb button_text_size=\u00bb23px\u00bb button_text_color=\u00bb#0C71C3&#8243; button_bg_color=\u00bbRGBA(255,255,255,0)\u00bb button_border_width=\u00bb1px\u00bb button_border_color=\u00bb#0C71C3&#8243; button_border_radius=\u00bb10px\u00bb button_font=\u00bbEncode Sans Condensed|300|||||||\u00bb button_icon=\u00bb&#x41;||divi||400&#8243; button_icon_color=\u00bb#0C71C3&#8243; button_icon_placement=\u00bbleft\u00bb custom_css_main_element=\u00bbwidth: 100%;\u00bb global_colors_info=\u00bb{}\u00bb][\/et_pb_button][\/et_pb_column][\/et_pb_row][\/et_pb_section][et_pb_section fb_built=\u00bb1&#8243; inner_shadow=\u00bbon\u00bb prev_background_color=\u00bb#ffffff\u00bb admin_label=\u00bbCall to Action\u00bb _builder_version=\u00bb4.27.4&#8243; _module_preset=\u00bbdefault\u00bb background_color=\u00bbRGBA(255,255,255,0)\u00bb use_background_color_gradient=\u00bbon\u00bb background_color_gradient_stops=\u00bbrgba(0,0,0,0.1) 0%|rgba(0,0,0,0.1) 98%\u00bb background_color_gradient_overlays_image=\u00bbon\u00bb background_image=\u00bbhttps:\/\/fepale.org\/adsslalc\/wp-content\/uploads\/2025\/11\/3222332012787.jpg\u00bb parallax=\u00bbon\u00bb custom_padding=\u00bb10vw||10vw||true|false\u00bb top_divider_style=\u00bbwaves2&#8243; da_disable_devices=\u00bboff|off|off\u00bb collapsed=\u00bbon\u00bb global_colors_info=\u00bb{}\u00bb da_is_popup=\u00bboff\u00bb da_exit_intent=\u00bboff\u00bb da_has_close=\u00bbon\u00bb da_alt_close=\u00bboff\u00bb da_dark_close=\u00bboff\u00bb da_not_modal=\u00bbon\u00bb da_is_singular=\u00bboff\u00bb da_with_loader=\u00bboff\u00bb da_has_shadow=\u00bbon\u00bb][et_pb_row custom_padding_last_edited=\u00bbon|phone\u00bb _builder_version=\u00bb4.27.4&#8243; _module_preset=\u00bbdefault\u00bb background_color=\u00bbrgba(0,0,0,0.69)\u00bb width=\u00bb95%\u00bb max_width=\u00bb240px\u00bb custom_padding=\u00bb70px|30px|70px|30px|true|true\u00bb custom_padding_tablet=\u00bb50px||50px||true|true\u00bb custom_padding_phone=\u00bb40px|20px|40px|20px|true|true\u00bb border_radii=\u00bbon|10vw|10vw|10vw|10vw\u00bb border_width_all=\u00bb2px\u00bb border_color_all=\u00bb#FFFFFF\u00bb global_colors_info=\u00bb{}\u00bb][et_pb_column type=\u00bb4_4&#8243; _builder_version=\u00bb4.24.3&#8243; _module_preset=\u00bbdefault\u00bb global_colors_info=\u00bb{}\u00bb][et_pb_image src=\u00bbhttps:\/\/fepale.org\/adsslalc\/wp-content\/uploads\/2025\/11\/iso_fepale-verde_2.png\u00bb title_text=\u00bbiso_fepale-verde_2&#8243; align=\u00bbcenter\u00bb _builder_version=\u00bb4.27.4&#8243; _module_preset=\u00bbdefault\u00bb max_width=\u00bb80px\u00bb custom_margin=\u00bb||20px||false|false\u00bb global_colors_info=\u00bb{}\u00bb][\/et_pb_image][et_pb_heading title=\u00bbInstituciones\u00bb _builder_version=\u00bb4.27.4&#8243; _module_preset=\u00bbc399c1c0-2bb6-4af5-9179-d5da3634b3e4&#8243; title_text_align=\u00bbcenter\u00bb title_text_color=\u00bb#FFFFFF\u00bb title_font_size_tablet=\u00bb\u00bb title_font_size_phone=\u00bb33px\u00bb title_font_size_last_edited=\u00bbon|phone\u00bb locked=\u00bboff\u00bb global_colors_info=\u00bb{}\u00bb][\/et_pb_heading][\/et_pb_column][\/et_pb_row][et_pb_row column_structure=\u00bb1_6,1_6,1_6,1_6,1_6,1_6&#8243; _builder_version=\u00bb4.27.4&#8243; _module_preset=\u00bbdefault\u00bb global_colors_info=\u00bb{}\u00bb][et_pb_column type=\u00bb1_6&#8243; _builder_version=\u00bb4.27.4&#8243; _module_preset=\u00bbdefault\u00bb global_colors_info=\u00bb{}\u00bb][et_pb_image src=\u00bbhttps:\/\/fepale.org\/adsslalc\/wp-content\/uploads\/2025\/11\/lgo_Banco.jpg\u00bb title_text=\u00bblgo_Banco\u00bb url=\u00bbhttps:\/\/www.caf.com\/\u00bb url_new_window=\u00bbon\u00bb _builder_version=\u00bb4.27.4&#8243; _module_preset=\u00bbdefault\u00bb border_radii=\u00bbon|15px|15px|15px|15px\u00bb global_colors_info=\u00bb{}\u00bb][\/et_pb_image][\/et_pb_column][et_pb_column type=\u00bb1_6&#8243; _builder_version=\u00bb4.27.4&#8243; _module_preset=\u00bbdefault\u00bb global_colors_info=\u00bb{}\u00bb][et_pb_image src=\u00bbhttps:\/\/fepale.org\/adsslalc\/wp-content\/uploads\/2025\/11\/lgo_IICA.jpg\u00bb title_text=\u00bblgo_IICA\u00bb url=\u00bbhttps:\/\/iica.int\/es\/\u00bb url_new_window=\u00bbon\u00bb _builder_version=\u00bb4.27.4&#8243; _module_preset=\u00bbdefault\u00bb border_radii=\u00bbon|15px|15px|15px|15px\u00bb global_colors_info=\u00bb{}\u00bb][\/et_pb_image][\/et_pb_column][et_pb_column type=\u00bb1_6&#8243; _builder_version=\u00bb4.27.4&#8243; _module_preset=\u00bbdefault\u00bb global_colors_info=\u00bb{}\u00bb][et_pb_image src=\u00bbhttps:\/\/fepale.org\/adsslalc\/wp-content\/uploads\/2025\/11\/lgo_FEPALE.jpg\u00bb title_text=\u00bblgo_FEPALE\u00bb url=\u00bbhttps:\/\/fepale.org\u00bb url_new_window=\u00bbon\u00bb _builder_version=\u00bb4.27.4&#8243; _module_preset=\u00bbdefault\u00bb border_radii=\u00bbon|15px|15px|15px|15px\u00bb global_colors_info=\u00bb{}\u00bb][\/et_pb_image][\/et_pb_column][et_pb_column type=\u00bb1_6&#8243; _builder_version=\u00bb4.27.4&#8243; _module_preset=\u00bbdefault\u00bb global_colors_info=\u00bb{}\u00bb][et_pb_image src=\u00bbhttps:\/\/fepale.org\/adsslalc\/wp-content\/uploads\/2025\/11\/lgo_GDP.jpg\u00bb title_text=\u00bblgo_GDP\u00bb url=\u00bbhttps:\/\/globaldairyplatform.com\/\u00bb url_new_window=\u00bbon\u00bb _builder_version=\u00bb4.27.4&#8243; _module_preset=\u00bbdefault\u00bb border_radii=\u00bbon|15px|15px|15px|15px\u00bb global_colors_info=\u00bb{}\u00bb][\/et_pb_image][\/et_pb_column][et_pb_column type=\u00bb1_6&#8243; _builder_version=\u00bb4.27.4&#8243; _module_preset=\u00bbdefault\u00bb global_colors_info=\u00bb{}\u00bb][et_pb_image src=\u00bbhttps:\/\/fepale.org\/adsslalc\/wp-content\/uploads\/2025\/11\/lgo_DSF-1.jpg\u00bb title_text=\u00bblgo_DSF\u00bb url=\u00bbhttps:\/\/www.dairysustainabilityframework.org\u00bb url_new_window=\u00bbon\u00bb _builder_version=\u00bb4.27.4&#8243; _module_preset=\u00bbdefault\u00bb border_radii=\u00bbon|15px|15px|15px|15px\u00bb global_colors_info=\u00bb{}\u00bb][\/et_pb_image][\/et_pb_column][et_pb_column type=\u00bb1_6&#8243; _builder_version=\u00bb4.27.4&#8243; _module_preset=\u00bbdefault\u00bb global_colors_info=\u00bb{}\u00bb][et_pb_image src=\u00bbhttps:\/\/fepale.org\/adsslalc\/wp-content\/uploads\/2025\/11\/lgo_Consorcio-1.jpg\u00bb title_text=\u00bblgo_Consorcio\u00bb url=\u00bbhttps:\/\/consorciolechero.cl\/\u00bb url_new_window=\u00bbon\u00bb _builder_version=\u00bb4.27.4&#8243; _module_preset=\u00bbdefault\u00bb border_radii=\u00bbon|15px|15px|15px|15px\u00bb global_colors_info=\u00bb{}\u00bb][\/et_pb_image][\/et_pb_column][\/et_pb_row][\/et_pb_section][et_pb_section fb_built=\u00bb1&#8243; admin_label=\u00bbBlog\u00bb _builder_version=\u00bb4.16&#8243; _module_preset=\u00bbdefault\u00bb da_disable_devices=\u00bboff|off|off\u00bb locked=\u00bboff\u00bb collapsed=\u00bbon\u00bb global_colors_info=\u00bb{}\u00bb da_is_popup=\u00bboff\u00bb da_exit_intent=\u00bboff\u00bb da_has_close=\u00bbon\u00bb da_alt_close=\u00bboff\u00bb da_dark_close=\u00bboff\u00bb da_not_modal=\u00bbon\u00bb da_is_singular=\u00bboff\u00bb da_with_loader=\u00bboff\u00bb da_has_shadow=\u00bbon\u00bb][et_pb_row _builder_version=\u00bb4.18.0&#8243; _module_preset=\u00bb5138c454-be54-4233-bd3b-f8e6a8747976&#8243; custom_padding=\u00bb||0px|||\u00bb global_colors_info=\u00bb{}\u00bb][et_pb_column type=\u00bb4_4&#8243; _builder_version=\u00bb4.16&#8243; _module_preset=\u00bb73121f80-a3ef-4484-8763-c3f18e3c56d2&#8243; global_colors_info=\u00bb{}\u00bb][et_pb_heading title=\u00bbLea las principales Novedades aqu\u00ed\u00bb _builder_version=\u00bb4.27.4&#8243; _module_preset=\u00bbc33f07d9-41e0-421a-8799-5799df695cce\u00bb title_level=\u00bbh2&#8243; title_font=\u00bbPlayfair Display|IBM Plex Sans Condensed_weight|||||||\u00bb title_text_align=\u00bbcenter\u00bb title_text_color=\u00bb#000000&#8243; title_font_size=\u00bb50px\u00bb title_line_height=\u00bb1.2em\u00bb custom_margin=\u00bb||10px||false|false\u00bb custom_padding=\u00bb10px||0px||false|false\u00bb title_font_size_tablet=\u00bb28px\u00bb title_font_size_phone=\u00bb35px\u00bb title_font_size_last_edited=\u00bbon|phone\u00bb border_radii=\u00bbon|15px|15px|15px|15px\u00bb border_width_all=\u00bb1px\u00bb border_color_all=\u00bbrgba(0,0,0,0.18)\u00bb locked=\u00bboff\u00bb global_colors_info=\u00bb{}\u00bb][\/et_pb_heading][\/et_pb_column][\/et_pb_row][et_pb_row _builder_version=\u00bb4.27.4&#8243; _module_preset=\u00bb5138c454-be54-4233-bd3b-f8e6a8747976&#8243; border_radii=\u00bbon|20px|20px|20px|20px\u00bb global_colors_info=\u00bb{}\u00bb][et_pb_column type=\u00bb4_4&#8243; _builder_version=\u00bb4.27.4&#8243; _module_preset=\u00bb73121f80-a3ef-4484-8763-c3f18e3c56d2&#8243; border_radii=\u00bbon|20px|20px|20px|20px\u00bb global_colors_info=\u00bb{}\u00bb][et_pb_post_slider posts_number=\u00bb1000&#8243; include_categories=\u00bb7&#8243; more_text=\u00bbSeguir leyendo\u00bb excerpt_length=\u00bb550&#8243; show_meta=\u00bboff\u00bb bg_overlay_color=\u00bbrgba(0,0,0,0.75)\u00bb use_text_overlay=\u00bbon\u00bb text_overlay_color=\u00bb#FFFFFF\u00bb text_border_radius=\u00bb6px\u00bb _builder_version=\u00bb4.27.4&#8243; _module_preset=\u00bbdb607bdb-8c6b-4122-8b8c-17167341f0e1&#8243; header_font=\u00bbIBM Plex Sans Condensed|700|||||||\u00bb header_text_color=\u00bb#0e0c19&#8243; header_font_size=\u00bb32px\u00bb header_line_height=\u00bb1.3em\u00bb body_font=\u00bb&#8211;et_global_body_font|500|||||||\u00bb body_text_color=\u00bb#3c3a47&#8243; body_font_size=\u00bb16px\u00bb body_line_height=\u00bb1.75em\u00bb meta_font=\u00bbIBM Plex Sans|500|||||||\u00bb meta_text_color=\u00bb#22577a\u00bb meta_font_size=\u00bb14px\u00bb meta_line_height=\u00bb1.75em\u00bb body_link_text_color=\u00bb#0077FF\u00bb background_color=\u00bb#559618&#8243; custom_button=\u00bbon\u00bb button_text_size=\u00bb25px\u00bb button_text_color=\u00bb#FFFFFF\u00bb button_bg_color=\u00bb#57cc99&#8243; button_border_width=\u00bb0px\u00bb button_border_radius=\u00bb100px\u00bb button_font=\u00bb&#8211;et_global_body_font|700|||||||\u00bb button_icon=\u00bb&#x49;||divi||400&#8243; button_icon_placement=\u00bbleft\u00bb button_custom_margin=\u00bb||||false|false\u00bb button_custom_padding=\u00bb12px|24px|12px|24px|true|true\u00bb header_font_size_tablet=\u00bb22px\u00bb header_font_size_phone=\u00bb17px\u00bb header_font_size_last_edited=\u00bbon|phone\u00bb body_font_size_tablet=\u00bb15px\u00bb body_font_size_phone=\u00bb14px\u00bb body_font_size_last_edited=\u00bbon|desktop\u00bb custom_css_slide_meta=\u00bbmargin-bottom: .8em;\u00bb border_radii=\u00bbon|10px|10px|10px|10px\u00bb border_width_all=\u00bb1px\u00bb text_shadow_style=\u00bbpreset3&#8243; text_shadow_color=\u00bbRGBA(255,255,255,0)\u00bb global_colors_info=\u00bb{}\u00bb][\/et_pb_post_slider][et_pb_button button_url=\u00bbhttps:\/\/fepale.org\/adsslalc\/noticias\u00bb button_text=\u00bbTodas las Noticias aqu\u00ed\u00bb button_alignment=\u00bbcenter\u00bb _builder_version=\u00bb4.27.4&#8243; _module_preset=\u00bbdefault\u00bb custom_button=\u00bbon\u00bb button_text_size=\u00bb23px\u00bb button_text_color=\u00bb#0C71C3&#8243; button_bg_color=\u00bbrgba(124,218,36,0.08)\u00bb button_border_width=\u00bb1px\u00bb button_border_color=\u00bb#0C71C3&#8243; button_border_radius=\u00bb30px\u00bb button_font=\u00bbEncode Sans Condensed|300|||||||\u00bb button_icon=\u00bb&#x41;||divi||400&#8243; button_icon_color=\u00bb#0C71C3&#8243; button_icon_placement=\u00bbleft\u00bb custom_css_main_element=\u00bbwidth: 100%;\u00bb global_colors_info=\u00bb{}\u00bb][\/et_pb_button][\/et_pb_column][\/et_pb_row][\/et_pb_section]<\/p>\n","protected":false},"excerpt":{"rendered":"<p>La producci\u00f3n lechera es una actividad estrat\u00e9gica para la seguridad alimentaria, el desarrollo rural y la generaci\u00f3n de empleo en Am\u00e9rica Latina y el Caribe. La regi\u00f3n cuenta con grandes ventajas naturales y sanitarias, pero enfrenta el desaf\u00edo de avanzar hacia una mayor sostenibilidad econ\u00f3mica, social y ambiental. Con este prop\u00f3sito, se impulsa la Iniciativa [&hellip;]<\/p>\n","protected":false},"author":1,"featured_media":0,"parent":0,"menu_order":0,"comment_status":"closed","ping_status":"closed","template":"","meta":{"_et_pb_use_builder":"on","_et_pb_old_content":"","_et_gb_content_width":"","footnotes":""},"class_list":["post-87","page","type-page","status-publish","hentry"],"_links":{"self":[{"href":"https:\/\/fepale.org\/adsslalc\/wp-json\/wp\/v2\/pages\/87","targetHints":{"allow":["GET"]}}],"collection":[{"href":"https:\/\/fepale.org\/adsslalc\/wp-json\/wp\/v2\/pages"}],"about":[{"href":"https:\/\/fepale.org\/adsslalc\/wp-json\/wp\/v2\/types\/page"}],"author":[{"embeddable":true,"href":"https:\/\/fepale.org\/adsslalc\/wp-json\/wp\/v2\/users\/1"}],"replies":[{"embeddable":true,"href":"https:\/\/fepale.org\/adsslalc\/wp-json\/wp\/v2\/comments?post=87"}],"version-history":[{"count":141,"href":"https:\/\/fepale.org\/adsslalc\/wp-json\/wp\/v2\/pages\/87\/revisions"}],"predecessor-version":[{"id":753,"href":"https:\/\/fepale.org\/adsslalc\/wp-json\/wp\/v2\/pages\/87\/revisions\/753"}],"wp:attachment":[{"href":"https:\/\/fepale.org\/adsslalc\/wp-json\/wp\/v2\/media?parent=87"}],"curies":[{"name":"wp","href":"https:\/\/api.w.org\/{rel}","templated":true}]}}